{"id":2462,"date":"2016-06-21T09:56:28","date_gmt":"2016-06-21T07:56:28","guid":{"rendered":"http:\/\/pagine.dm.unipi.it\/csblog1\/?page_id=2462"},"modified":"2019-02-08T16:40:27","modified_gmt":"2019-02-08T15:40:27","slug":"corso-di-analisi-2","status":"publish","type":"page","link":"https:\/\/pagine.dm.unipi.it\/csblog1\/corso-di-analisi-2\/","title":{"rendered":"Corso di Analisi 2"},"content":{"rendered":"<p><strong>Modalit\u00e0 di svolgimento dell&#8217;esame.<\/strong><\/p>\n<p>\u00a0<\/p>\n<p>La prova d&#8217;esame consiste in una prova scritta e una prova orale facoltativa.<\/p>\n<p>Dunque chi riporti nella prova scritta una votazione maggiore o eguale a 18 pu\u00f2 verbalizzare il voto (dopo un breve colloquio sullo svolgimento dello scritto).<\/p>\n<p>Potr\u00e0 accedere al&#8217;orale chi allo scritto abbia riportato un volto superiore a 15.<\/p>\n<p>La prova scritta dura tre ore ed \u00e8 divisa in due parti: la prima parte va svolta senza nessun ausilio, durante la seconda \u00e8 consentito consultare appunti e usare calcolatrici. Il tempo a disposizione per la prima parte \u00e8 di 40 minuti con la possibilit\u00e0 di consegnare prima potendo in tal modo di avere pi\u00f9 tempo per la seconda parte.<\/p>\n<p>Durante l&#8217;anno si tengono alcune\u00a0 prove intermedie (compitini &#8211; da qualche anno sono quattro). Chi le sostiene tutte pu\u00f2 utilizzare la loro media come compito. Rimane inteso che un compitino non svolto vale zero e che si possono comunque sostenere gli altri.<\/p>\n<p>Chi abbia svolto un compito e voglia migliorare il suo risultato pu\u00f2 sostenere un altra prova scritta in un appello successivo; ogni compito consegnato E CORRETTO per\u00f2 annulla quello precedente. Dopo ogni prova scritta verr\u00e0 pubblicata su questo sito la correzione e ognuno potr\u00e0 ritirarsi inviando una email al docente: cos\u00ec facendo\u00a0 non si perde il voto dello scritto precedente.<br \/>Questo meccanismo si esaurisce a fine settembre: i voti conseguiti tra giugno e settembre vanno verbalizzati entro la fine di settembre (e i voti della sessione di gennaio febbraio vanno verbalizzati entro la fine di febbraio).<\/p>\n<p>I compitini hanno uno status a parte e non vengono annullati consegnando un compito (\u00e8 possibile dunque in questo caso scegliere il voto migliore tra la media dei compitini e un compito &#8220;regolare&#8221;).\u00a0 Anche i compitini comunque vanno usati entro la fine di settembre.<\/p>\n<p>Dall&#8217;anno 2016-17 \u00e8 stata introdotto il limite di consegna massima di quattro prove scritte per anno (anno=sette appelli a partire da quelli estivi). Si intende che i compitini non rientrano tra le prove da considerare e ovviamente nemmeno gli scritti consegnati e successivamente ritirati secondo le modalit\u00e0 descritte sopra.<\/p>\n\n\n<p><\/p>\n","protected":false},"excerpt":{"rendered":"<p>Modalit\u00e0 di svolgimento dell&#8217;esame.<\/p>\n<\/p>\n<p>La prova d&#8217;esame consiste in una prova scritta e una prova orale facoltativa.<\/p>\n<p>Dunque chi riporti nella prova scritta una votazione maggiore o eguale a 18 pu\u00f2 verbalizzare il voto (dopo un breve colloquio sullo svolgimento dello scritto).<\/p>\n<p>Potr\u00e0 accedere al&#8217;orale chi allo scritto abbia riportato un volto superiore [&#8230;]<\/p>\n","protected":false},"author":23,"featured_media":0,"parent":0,"menu_order":0,"comment_status":"closed","ping_status":"closed","template":"","meta":{"footnotes":""},"class_list":["post-2462","page","type-page","status-publish","hentry","odd"],"_links":{"self":[{"href":"https:\/\/pagine.dm.unipi.it\/csblog1\/wp-json\/wp\/v2\/pages\/2462"}],"collection":[{"href":"https:\/\/pagine.dm.unipi.it\/csblog1\/wp-json\/wp\/v2\/pages"}],"about":[{"href":"https:\/\/pagine.dm.unipi.it\/csblog1\/wp-json\/wp\/v2\/types\/page"}],"author":[{"embeddable":true,"href":"https:\/\/pagine.dm.unipi.it\/csblog1\/wp-json\/wp\/v2\/users\/23"}],"replies":[{"embeddable":true,"href":"https:\/\/pagine.dm.unipi.it\/csblog1\/wp-json\/wp\/v2\/comments?post=2462"}],"version-history":[{"count":8,"href":"https:\/\/pagine.dm.unipi.it\/csblog1\/wp-json\/wp\/v2\/pages\/2462\/revisions"}],"predecessor-version":[{"id":2955,"href":"https:\/\/pagine.dm.unipi.it\/csblog1\/wp-json\/wp\/v2\/pages\/2462\/revisions\/2955"}],"wp:attachment":[{"href":"https:\/\/pagine.dm.unipi.it\/csblog1\/wp-json\/wp\/v2\/media?parent=2462"}],"curies":[{"name":"wp","href":"https:\/\/api.w.org\/{rel}","templated":true}]}}