--
-- Host: localhost    Database: forum
-- ------------------------------------------------------


--
-- Table structure for table `Studenti_acl_groups`
--

CREATE TABLE `Studenti_acl_groups` (
  `group_id` mediumint(8) unsigned NOT NULL DEFAULT 0,
  `forum_id` mediumint(8) unsigned NOT NULL DEFAULT 0,
  `auth_option_id` mediumint(8) unsigned NOT NULL DEFAULT 0,
  `auth_role_id` mediumint(8) unsigned NOT NULL DEFAULT 0,
  `auth_setting` tinyint(2) NOT NULL DEFAULT 0,
  KEY `group_id` (`group_id`),
  KEY `auth_opt_id` (`auth_option_id`),
  KEY `auth_role_id` (`auth_role_id`)
) ENGINE=MyISAM DEFAULT CHARSET=utf8 COLLATE=utf8_bin;

--
-- Dumping data for table `Studenti_acl_groups`
--

INSERT INTO `Studenti_acl_groups` VALUES (9,2,0,14,0),(5,2,0,17,0),(10,2,0,19,0),(6,2,0,21,0),(9,1,0,14,0),(5,1,0,17,0),(10,1,0,19,0),(6,1,0,21,0),(9,3,0,14,0),(5,3,0,17,0),(10,3,0,19,0),(6,3,0,21,0),(9,4,0,14,0),(5,4,0,17,0),(10,4,0,19,0),(6,4,0,21,0),(9,5,0,14,0),(5,5,0,17,0),(10,5,0,19,0),(6,5,0,21,0),(9,6,0,14,0),(5,6,0,17,0),(10,6,0,19,0),(6,6,0,21,0),(9,7,0,14,0),(5,7,0,17,0),(10,7,0,19,0),(6,7,0,21,0),(9,8,0,14,0),(5,8,0,17,0),(10,8,0,19,0),(6,8,0,21,0),(9,9,0,14,0),(5,9,0,17,0),(10,9,0,19,0),(6,9,0,21,0),(9,10,0,14,0),(5,10,0,17,0),(10,10,0,19,0),(6,10,0,21,0),(9,11,0,14,0),(5,11,0,17,0),(10,11,0,19,0),(6,11,0,21,0),(9,12,0,14,0),(5,12,0,17,0),(10,12,0,19,0),(6,12,0,21,0),(9,16,0,14,0),(5,16,0,17,0),(10,16,0,19,0),(6,16,0,21,0),(9,14,0,14,0),(5,14,0,17,0),(10,14,0,19,0),(6,14,0,21,0),(9,15,0,14,0),(5,15,0,17,0),(10,15,0,19,0),(6,15,0,21,0),(9,17,0,14,0),(5,17,0,17,0),(10,17,0,19,0),(6,17,0,21,0),(10,37,1,0,1),(10,37,14,0,1),(6,39,0,21,0),(5,37,0,17,0),(9,19,0,14,0),(5,19,0,17,0),(10,19,0,19,0),(6,19,0,21,0),(9,20,0,14,0),(5,20,0,17,0),(10,20,0,19,0),(6,20,0,21,0),(9,21,0,14,0),(5,21,0,17,0),(10,21,0,19,0),(6,21,0,21,0),(9,22,0,14,0),(5,22,15,0,1),(5,22,1,0,1),(6,22,15,0,1),(6,22,1,0,1),(5,22,20,0,1),(5,22,23,0,1),(10,22,20,0,1),(10,22,23,0,1),(10,22,1,0,1),(6,22,20,0,1),(6,22,23,0,1),(5,22,17,0,1),(5,22,4,0,1),(5,22,25,0,1),(5,22,13,0,1),(5,22,24,0,1),(5,22,18,0,1),(5,22,22,0,1),(5,22,27,0,1),(5,22,19,0,1),(5,22,9,0,1),(10,22,17,0,1),(10,22,4,0,1),(10,22,25,0,1),(10,22,13,0,1),(10,22,24,0,1),(10,22,18,0,1),(10,22,22,0,1),(10,22,27,0,1),(10,22,19,0,1),(10,22,9,0,1),(6,22,17,0,1),(6,22,4,0,1),(6,22,25,0,1),(6,22,13,0,1),(6,22,24,0,1),(6,22,18,0,1),(6,22,22,0,1),(6,22,27,0,1),(6,22,19,0,1),(6,22,9,0,1),(5,22,21,0,1),(10,22,21,0,1),(6,22,21,0,1),(6,22,8,0,1),(6,22,6,0,1),(6,22,16,0,1),(6,22,29,0,1),(5,22,3,0,1),(5,22,7,0,1),(10,22,3,0,1),(10,22,7,0,1),(6,22,3,0,1),(6,22,7,0,1),(9,23,0,14,0),(5,23,0,18,0),(6,23,0,22,0),(10,23,0,19,0),(9,24,0,14,0),(5,24,0,18,0),(6,24,0,22,0),(10,24,0,19,0),(9,25,0,14,0),(5,25,0,17,0),(10,25,0,19,0),(6,25,0,21,0),(5,0,85,0,1),(5,0,93,0,1),(5,0,111,0,1),(9,0,0,5,0),(8,0,0,5,0),(9,0,0,4,0),(6,0,0,6,0),(7,0,0,6,0),(8,0,0,10,0),(9,26,0,14,0),(8,26,0,14,0),(9,27,0,14,0),(8,27,0,14,0),(9,28,0,14,0),(8,28,0,14,0),(9,29,0,14,0),(8,29,0,14,0),(9,30,0,14,0),(8,30,0,14,0),(9,26,14,0,1),(9,26,1,0,1),(5,26,14,0,1),(5,26,1,0,1),(10,26,14,0,1),(10,26,1,0,1),(6,26,14,0,1),(6,26,1,0,1),(6,27,14,0,1),(6,27,1,0,1),(9,27,14,0,1),(9,27,1,0,1),(5,27,14,0,1),(5,27,1,0,1),(10,27,14,0,1),(10,27,1,0,1),(5,28,1,0,1),(5,28,14,0,1),(6,28,14,0,1),(6,28,1,0,1),(9,28,14,0,1),(9,28,1,0,1),(10,28,14,0,1),(10,28,1,0,1),(9,29,14,0,1),(9,29,1,0,1),(5,29,14,0,1),(5,29,1,0,1),(10,29,14,0,1),(10,29,1,0,1),(6,29,14,0,1),(6,29,1,0,1),(9,30,14,0,1),(9,30,1,0,1),(5,30,14,0,1),(5,30,1,0,1),(10,30,14,0,1),(10,30,1,0,1),(6,30,14,0,1),(6,30,1,0,1),(10,31,14,0,1),(9,31,1,0,1),(10,31,1,0,1),(9,31,14,0,1),(8,37,0,14,0),(6,31,0,21,0),(9,37,0,14,0),(5,31,0,17,0),(8,31,0,14,0),(9,31,0,14,0),(6,36,0,21,0),(10,36,0,19,0),(5,36,0,17,0),(9,36,0,14,0),(6,32,0,21,0),(10,32,0,19,0),(5,32,0,17,0),(9,32,0,14,0),(9,37,1,0,1),(9,37,14,0,1),(6,33,0,21,0),(10,33,0,19,0),(5,33,0,17,0),(9,33,0,14,0),(6,38,7,0,1),(6,38,3,0,1),(10,38,7,0,1),(10,38,3,0,1),(10,39,0,19,0),(6,37,0,21,0),(6,34,0,21,0),(10,34,0,19,0),(5,34,0,17,0),(9,34,0,14,0),(9,35,0,14,0),(5,35,15,0,1),(5,35,1,0,1),(6,35,15,0,1),(6,35,1,0,1),(5,35,20,0,1),(5,35,23,0,1),(10,35,20,0,1),(10,35,23,0,1),(10,35,1,0,1),(6,35,20,0,1),(6,35,23,0,1),(5,35,17,0,1),(5,35,4,0,1),(5,35,25,0,1),(5,35,13,0,1),(5,35,24,0,1),(5,35,18,0,1),(5,35,22,0,1),(5,35,27,0,1),(5,35,19,0,1),(5,35,9,0,1),(10,35,17,0,1),(10,35,4,0,1),(10,35,25,0,1),(10,35,13,0,1),(10,35,24,0,1),(10,35,18,0,1),(10,35,22,0,1),(10,35,27,0,1),(10,35,19,0,1),(10,35,9,0,1),(6,35,17,0,1),(6,35,4,0,1),(6,35,25,0,1),(6,35,13,0,1),(6,35,24,0,1),(6,35,18,0,1),(6,35,22,0,1),(6,35,27,0,1),(6,35,19,0,1),(6,35,9,0,1),(5,35,21,0,1),(10,35,21,0,1),(6,35,21,0,1),(6,35,8,0,1),(6,35,6,0,1),(6,35,16,0,1),(6,35,29,0,1),(5,35,3,0,1),(5,35,7,0,1),(10,35,3,0,1),(10,35,7,0,1),(6,35,3,0,1),(6,35,7,0,1),(5,38,7,0,1),(5,38,3,0,1),(6,38,29,0,1),(6,38,16,0,1),(6,38,6,0,1),(6,38,8,0,1),(6,38,21,0,1),(10,38,21,0,1),(5,38,21,0,1),(6,38,9,0,1),(6,38,19,0,1),(6,38,27,0,1),(6,38,22,0,1),(6,38,18,0,1),(6,38,24,0,1),(6,38,13,0,1),(6,38,25,0,1),(6,38,4,0,1),(6,38,17,0,1),(10,38,9,0,1),(10,38,19,0,1),(10,38,27,0,1),(10,38,22,0,1),(10,38,18,0,1),(10,38,24,0,1),(10,38,13,0,1),(10,38,25,0,1),(10,38,4,0,1),(10,38,17,0,1),(5,38,9,0,1),(5,38,19,0,1),(5,38,27,0,1),(5,38,22,0,1),(5,38,18,0,1),(5,38,24,0,1),(5,38,13,0,1),(5,38,25,0,1),(5,38,4,0,1),(5,38,17,0,1),(6,38,23,0,1),(6,38,20,0,1),(10,38,1,0,1),(10,38,23,0,1),(10,38,20,0,1),(5,38,23,0,1),(5,38,20,0,1),(6,38,1,0,1),(6,38,15,0,1),(5,38,1,0,1),(5,38,15,0,1),(9,38,0,14,0),(5,39,0,17,0),(9,39,0,14,0),(9,40,0,14,0),(5,40,0,17,0),(10,40,0,19,0),(6,40,0,21,0),(9,42,0,14,0),(5,42,0,17,0),(10,42,0,19,0),(6,42,0,21,0),(9,41,0,14,0),(5,41,0,17,0),(10,41,0,19,0),(6,41,0,21,0),(6,43,0,21,0),(10,43,0,19,0),(5,43,0,17,0),(9,43,0,14,0);

--
-- Table structure for table `Studenti_acl_options`
--

CREATE TABLE `Studenti_acl_options` (
  `auth_option_id` mediumint(8) unsigned NOT NULL AUTO_INCREMENT,
  `auth_option` varchar(50) NOT NULL DEFAULT '',
  `is_global` tinyint(1) unsigned NOT NULL DEFAULT 0,
  `is_local` tinyint(1) unsigned NOT NULL DEFAULT 0,
  `founder_only` tinyint(1) unsigned NOT NULL DEFAULT 0,
  PRIMARY KEY (`auth_option_id`),
  UNIQUE KEY `auth_option` (`auth_option`)
) ENGINE=MyISAM AUTO_INCREMENT=123 DEFAULT CHARSET=utf8 COLLATE=utf8_bin;

--
-- Dumping data for table `Studenti_acl_options`
--

INSERT INTO `Studenti_acl_options` VALUES (1,'f_',0,1,0),(2,'f_announce',0,1,0),(3,'f_attach',0,1,0),(4,'f_bbcode',0,1,0),(5,'f_bump',0,1,0),(6,'f_delete',0,1,0),(7,'f_download',0,1,0),(8,'f_edit',0,1,0),(9,'f_email',0,1,0),(10,'f_flash',0,1,0),(11,'f_icons',0,1,0),(12,'f_ignoreflood',0,1,0),(13,'f_img',0,1,0),(14,'f_list',0,1,0),(15,'f_noapprove',0,1,0),(16,'f_poll',0,1,0),(17,'f_post',0,1,0),(18,'f_postcount',0,1,0),(19,'f_print',0,1,0),(20,'f_read',0,1,0),(21,'f_reply',0,1,0),(22,'f_report',0,1,0),(23,'f_search',0,1,0),(24,'f_sigs',0,1,0),(25,'f_smilies',0,1,0),(26,'f_sticky',0,1,0),(27,'f_subscribe',0,1,0),(28,'f_user_lock',0,1,0),(29,'f_vote',0,1,0),(30,'f_votechg',0,1,0),(31,'m_',1,1,0),(32,'m_approve',1,1,0),(33,'m_chgposter',1,1,0),(34,'m_delete',1,1,0),(35,'m_edit',1,1,0),(36,'m_info',1,1,0),(37,'m_lock',1,1,0),(38,'m_merge',1,1,0),(39,'m_move',1,1,0),(40,'m_report',1,1,0),(41,'m_split',1,1,0),(42,'m_ban',1,0,0),(43,'m_warn',1,0,0),(44,'a_',1,0,0),(45,'a_aauth',1,0,0),(46,'a_attach',1,0,0),(47,'a_authgroups',1,0,0),(48,'a_authusers',1,0,0),(49,'a_backup',1,0,0),(50,'a_ban',1,0,0),(51,'a_bbcode',1,0,0),(52,'a_board',1,0,0),(53,'a_bots',1,0,0),(54,'a_clearlogs',1,0,0),(55,'a_email',1,0,0),(56,'a_fauth',1,0,0),(57,'a_forum',1,0,0),(58,'a_forumadd',1,0,0),(59,'a_forumdel',1,0,0),(60,'a_group',1,0,0),(61,'a_groupadd',1,0,0),(62,'a_groupdel',1,0,0),(63,'a_icons',1,0,0),(64,'a_jabber',1,0,0),(65,'a_language',1,0,0),(66,'a_mauth',1,0,0),(67,'a_modules',1,0,0),(68,'a_names',1,0,0),(69,'a_phpinfo',1,0,0),(70,'a_profile',1,0,0),(71,'a_prune',1,0,0),(72,'a_ranks',1,0,0),(73,'a_reasons',1,0,0),(74,'a_roles',1,0,0),(75,'a_search',1,0,0),(76,'a_server',1,0,0),(77,'a_styles',1,0,0),(78,'a_switchperm',1,0,0),(79,'a_uauth',1,0,0),(80,'a_user',1,0,0),(81,'a_userdel',1,0,0),(82,'a_viewauth',1,0,0),(83,'a_viewlogs',1,0,0),(84,'a_words',1,0,0),(85,'u_',1,0,0),(86,'u_attach',1,0,0),(87,'u_chgavatar',1,0,0),(88,'u_chgcensors',1,0,0),(89,'u_chgemail',1,0,0),(90,'u_chggrp',1,0,0),(91,'u_chgname',1,0,0),(92,'u_chgpasswd',1,0,0),(93,'u_download',1,0,0),(94,'u_hideonline',1,0,0),(95,'u_ignoreflood',1,0,0),(96,'u_masspm',1,0,0),(97,'u_masspm_group',1,0,0),(98,'u_pm_attach',1,0,0),(99,'u_pm_bbcode',1,0,0),(100,'u_pm_delete',1,0,0),(101,'u_pm_download',1,0,0),(102,'u_pm_edit',1,0,0),(103,'u_pm_emailpm',1,0,0),(104,'u_pm_flash',1,0,0),(105,'u_pm_forward',1,0,0),(106,'u_pm_img',1,0,0),(107,'u_pm_printpm',1,0,0),(108,'u_pm_smilies',1,0,0),(109,'u_readpm',1,0,0),(110,'u_savedrafts',1,0,0),(111,'u_search',1,0,0),(112,'u_sendemail',1,0,0),(113,'u_sendim',1,0,0),(114,'u_sendpm',1,0,0),(115,'u_sig',1,0,0),(116,'u_viewonline',1,0,0),(117,'u_viewprofile',1,0,0),(118,'a_extensions',1,0,0),(119,'u_chgprofileinfo',1,0,0),(120,'f_softdelete',0,1,0),(121,'m_softdelete',1,1,0),(122,'m_pm_report',1,0,0);

--
-- Table structure for table `Studenti_acl_roles`
--

CREATE TABLE `Studenti_acl_roles` (
  `role_id` mediumint(8) unsigned NOT NULL AUTO_INCREMENT,
  `role_name` varchar(255) NOT NULL DEFAULT '',
  `role_description` text NOT NULL,
  `role_type` varchar(10) NOT NULL DEFAULT '',
  `role_order` smallint(4) unsigned NOT NULL DEFAULT 0,
  PRIMARY KEY (`role_id`),
  KEY `role_type` (`role_type`),
  KEY `role_order` (`role_order`)
) ENGINE=MyISAM AUTO_INCREMENT=25 DEFAULT CHARSET=utf8 COLLATE=utf8_bin;

--
-- Dumping data for table `Studenti_acl_roles`
--

INSERT INTO `Studenti_acl_roles` VALUES (1,'ROLE_ADMIN_STANDARD','ROLE_DESCRIPTION_ADMIN_STANDARD','a_',1),(2,'ROLE_ADMIN_FORUM','ROLE_DESCRIPTION_ADMIN_FORUM','a_',3),(3,'ROLE_ADMIN_USERGROUP','ROLE_DESCRIPTION_ADMIN_USERGROUP','a_',4),(4,'ROLE_ADMIN_FULL','ROLE_DESCRIPTION_ADMIN_FULL','a_',2),(5,'ROLE_USER_FULL','ROLE_DESCRIPTION_USER_FULL','u_',3),(6,'ROLE_USER_STANDARD','ROLE_DESCRIPTION_USER_STANDARD','u_',1),(7,'ROLE_USER_LIMITED','ROLE_DESCRIPTION_USER_LIMITED','u_',2),(8,'ROLE_USER_NOPM','ROLE_DESCRIPTION_USER_NOPM','u_',4),(9,'ROLE_USER_NOAVATAR','ROLE_DESCRIPTION_USER_NOAVATAR','u_',5),(10,'ROLE_MOD_FULL','ROLE_DESCRIPTION_MOD_FULL','m_',3),(11,'ROLE_MOD_STANDARD','ROLE_DESCRIPTION_MOD_STANDARD','m_',1),(12,'ROLE_MOD_SIMPLE','ROLE_DESCRIPTION_MOD_SIMPLE','m_',2),(13,'ROLE_MOD_QUEUE','ROLE_DESCRIPTION_MOD_QUEUE','m_',4),(14,'ROLE_FORUM_FULL','ROLE_DESCRIPTION_FORUM_FULL','f_',7),(15,'ROLE_FORUM_STANDARD','ROLE_DESCRIPTION_FORUM_STANDARD','f_',5),(16,'ROLE_FORUM_NOACCESS','ROLE_DESCRIPTION_FORUM_NOACCESS','f_',1),(17,'ROLE_FORUM_READONLY','ROLE_DESCRIPTION_FORUM_READONLY','f_',2),(18,'ROLE_FORUM_LIMITED','ROLE_DESCRIPTION_FORUM_LIMITED','f_',3),(19,'ROLE_FORUM_BOT','ROLE_DESCRIPTION_FORUM_BOT','f_',9),(20,'ROLE_FORUM_ONQUEUE','ROLE_DESCRIPTION_FORUM_ONQUEUE','f_',8),(21,'ROLE_FORUM_POLLS','ROLE_DESCRIPTION_FORUM_POLLS','f_',6),(22,'ROLE_FORUM_LIMITED_POLLS','ROLE_DESCRIPTION_FORUM_LIMITED_POLLS','f_',4),(23,'ROLE_USER_NEW_MEMBER','ROLE_DESCRIPTION_USER_NEW_MEMBER','u_',6),(24,'ROLE_FORUM_NEW_MEMBER','ROLE_DESCRIPTION_FORUM_NEW_MEMBER','f_',10);

--
-- Table structure for table `Studenti_acl_roles_data`
--

CREATE TABLE `Studenti_acl_roles_data` (
  `role_id` mediumint(8) unsigned NOT NULL DEFAULT 0,
  `auth_option_id` mediumint(8) unsigned NOT NULL DEFAULT 0,
  `auth_setting` tinyint(2) NOT NULL DEFAULT 0,
  PRIMARY KEY (`role_id`,`auth_option_id`),
  KEY `ath_op_id` (`auth_option_id`)
) ENGINE=MyISAM DEFAULT CHARSET=utf8 COLLATE=utf8_bin;

--
-- Dumping data for table `Studenti_acl_roles_data`
--

INSERT INTO `Studenti_acl_roles_data` VALUES (1,44,1),(1,46,1),(1,47,1),(1,48,1),(1,50,1),(1,51,1),(1,52,1),(1,56,1),(1,57,1),(1,58,1),(1,59,1),(1,60,1),(1,61,1),(1,62,1),(1,63,1),(1,66,1),(1,68,1),(1,70,1),(1,71,1),(1,72,1),(1,73,1),(1,79,1),(1,80,1),(1,81,1),(1,82,1),(1,83,1),(1,84,1),(2,44,1),(2,47,1),(2,48,1),(2,56,1),(2,57,1),(2,58,1),(2,59,1),(2,66,1),(2,71,1),(2,79,1),(2,82,1),(2,83,1),(3,44,1),(3,47,1),(3,48,1),(3,50,1),(3,60,1),(3,61,1),(3,62,1),(3,72,1),(3,79,1),(3,80,1),(3,82,1),(3,83,1),(4,44,1),(4,45,1),(4,46,1),(4,47,1),(4,48,1),(4,49,1),(4,50,1),(4,51,1),(4,52,1),(4,53,1),(4,54,1),(4,55,1),(4,56,1),(4,57,1),(4,58,1),(4,59,1),(4,60,1),(4,61,1),(4,62,1),(4,63,1),(4,64,1),(4,65,1),(4,66,1),(4,67,1),(4,68,1),(4,69,1),(4,70,1),(4,71,1),(4,72,1),(4,73,1),(4,74,1),(4,75,1),(4,76,1),(4,77,1),(4,78,1),(4,79,1),(4,80,1),(4,81,1),(4,82,1),(4,83,1),(4,84,1),(5,85,1),(5,86,1),(5,87,1),(5,88,1),(5,89,1),(5,90,1),(5,91,1),(5,92,1),(5,93,1),(5,94,1),(5,95,1),(5,96,1),(5,97,1),(5,98,1),(5,99,1),(5,100,1),(5,101,1),(5,102,1),(5,103,1),(5,104,1),(5,105,1),(5,106,1),(5,107,1),(5,108,1),(5,109,1),(5,110,1),(5,111,1),(5,112,1),(5,113,1),(5,114,1),(5,115,1),(5,116,1),(5,117,1),(6,85,1),(6,86,1),(6,87,1),(6,88,1),(6,89,1),(6,92,1),(6,93,1),(6,94,1),(6,96,1),(6,97,1),(6,98,1),(6,99,1),(6,100,1),(6,101,1),(6,102,1),(6,103,1),(6,106,1),(6,107,1),(6,108,1),(6,109,1),(6,110,1),(6,111,1),(6,112,1),(6,113,1),(6,114,1),(6,115,1),(6,117,1),(7,85,1),(7,87,1),(7,88,1),(7,89,1),(7,92,1),(7,93,1),(7,94,1),(7,99,1),(7,100,1),(7,101,1),(7,102,1),(7,105,1),(7,106,1),(7,107,1),(7,108,1),(7,109,1),(7,114,1),(7,115,1),(7,117,1),(8,85,1),(8,87,1),(8,88,1),(8,89,1),(8,92,1),(8,93,1),(8,94,1),(8,115,1),(8,117,1),(8,96,0),(8,97,0),(8,109,0),(8,114,0),(9,85,1),(9,88,1),(9,89,1),(9,92,1),(9,93,1),(9,94,1),(9,99,1),(9,100,1),(9,101,1),(9,102,1),(9,105,1),(9,106,1),(9,107,1),(9,108,1),(9,109,1),(9,114,1),(9,115,1),(9,117,1),(9,87,0),(10,31,1),(10,32,1),(10,42,1),(10,33,1),(10,34,1),(10,35,1),(10,36,1),(10,37,1),(10,38,1),(10,39,1),(10,40,1),(10,41,1),(10,43,1),(11,31,1),(11,32,1),(11,34,1),(11,35,1),(11,36,1),(11,37,1),(11,38,1),(11,39,1),(11,40,1),(11,41,1),(11,43,1),(12,31,1),(12,34,1),(12,35,1),(12,36,1),(12,40,1),(13,31,1),(13,32,1),(13,35,1),(14,1,1),(14,2,1),(14,3,1),(14,4,1),(14,5,1),(14,6,1),(14,7,1),(14,8,1),(14,9,1),(14,10,1),(14,11,1),(14,12,1),(14,13,1),(14,14,1),(14,15,1),(14,16,1),(14,17,1),(14,18,1),(14,19,1),(14,20,1),(14,21,1),(14,22,1),(14,23,1),(14,24,1),(14,25,1),(14,26,1),(14,27,1),(14,28,1),(14,29,1),(14,30,1),(15,1,1),(15,3,1),(15,4,1),(15,5,1),(15,6,1),(15,7,1),(15,8,1),(15,9,1),(15,11,1),(15,13,1),(15,14,1),(15,15,1),(15,17,1),(15,18,1),(15,19,1),(15,20,1),(15,21,1),(15,22,1),(15,23,1),(15,24,1),(15,25,1),(15,27,1),(15,29,1),(15,30,1),(16,1,0),(17,1,1),(17,7,1),(17,14,1),(17,19,1),(17,20,1),(17,23,1),(17,27,1),(18,1,1),(18,4,1),(18,7,1),(18,8,1),(18,9,1),(18,13,1),(18,14,1),(18,15,1),(18,17,1),(18,18,1),(18,19,1),(18,20,1),(18,21,1),(18,22,1),(18,23,1),(18,24,1),(18,25,1),(18,27,1),(18,29,1),(19,1,1),(19,7,1),(19,14,1),(19,19,1),(19,20,1),(20,1,1),(20,3,1),(20,4,1),(20,7,1),(20,8,1),(20,9,1),(20,13,1),(20,14,1),(20,17,1),(20,18,1),(20,19,1),(20,20,1),(20,21,1),(20,22,1),(20,23,1),(20,24,1),(20,25,1),(20,27,1),(20,29,1),(20,15,0),(21,1,1),(21,3,1),(21,4,1),(21,5,1),(21,6,1),(21,7,1),(21,8,1),(21,9,1),(21,11,1),(21,13,1),(21,14,1),(21,15,1),(21,16,1),(21,17,1),(21,18,1),(21,19,1),(21,20,1),(21,21,1),(21,22,1),(21,23,1),(21,24,1),(21,25,1),(21,27,1),(21,29,1),(21,30,1),(22,1,1),(22,4,1),(22,7,1),(22,8,1),(22,9,1),(22,13,1),(22,14,1),(22,15,1),(22,16,1),(22,17,1),(22,18,1),(22,19,1),(22,20,1),(22,21,1),(22,22,1),(22,23,1),(22,24,1),(22,25,1),(22,27,1),(22,29,1),(23,96,0),(23,97,0),(23,114,0),(24,15,0),(4,118,1),(5,119,1),(6,119,1),(7,119,1),(8,119,1),(9,119,1),(10,122,1),(11,122,1),(12,122,1);

--
-- Table structure for table `Studenti_acl_users`
--

CREATE TABLE `Studenti_acl_users` (
  `user_id` mediumint(8) unsigned NOT NULL DEFAULT 0,
  `forum_id` mediumint(8) unsigned NOT NULL DEFAULT 0,
  `auth_option_id` mediumint(8) unsigned NOT NULL DEFAULT 0,
  `auth_role_id` mediumint(8) unsigned NOT NULL DEFAULT 0,
  `auth_setting` tinyint(2) NOT NULL DEFAULT 0,
  KEY `user_id` (`user_id`),
  KEY `auth_option_id` (`auth_option_id`),
  KEY `auth_role_id` (`auth_role_id`)
) ENGINE=MyISAM DEFAULT CHARSET=utf8 COLLATE=utf8_bin;

--
-- Dumping data for table `Studenti_acl_users`
--

INSERT INTO `Studenti_acl_users` VALUES (93,34,0,10,0),(93,35,0,14,0),(93,35,0,10,0),(1668,38,0,11,0),(1668,37,0,11,0),(1668,38,0,14,0),(1668,37,2,0,1),(1668,37,11,0,1),(1668,37,14,0,1),(1668,37,17,0,1),(1668,37,20,0,1),(1668,37,21,0,1),(1668,37,26,0,1),(1668,37,3,0,1),(1668,37,4,0,1),(1668,37,7,0,1),(1668,37,10,0,1),(1668,37,13,0,1),(1668,37,24,0,1),(1668,37,25,0,1),(1668,37,5,0,1),(1668,37,6,0,1),(1668,37,8,0,1),(1668,37,9,0,1),(1668,37,19,0,1),(1668,37,22,0,1),(1668,37,27,0,1),(1668,37,28,0,1),(1668,37,12,0,1),(1668,37,15,0,1),(1668,37,18,0,1),(1668,37,23,0,1),(1668,37,16,0,1),(1668,37,29,0,1),(1668,37,30,0,1),(1668,37,1,0,1),(93,41,0,10,0);

--
-- Table structure for table `Studenti_attachments`
--

CREATE TABLE `Studenti_attachments` (
  `attach_id` mediumint(8) unsigned NOT NULL AUTO_INCREMENT,
  `post_msg_id` mediumint(8) unsigned NOT NULL DEFAULT 0,
  `topic_id` mediumint(8) unsigned NOT NULL DEFAULT 0,
  `in_message` tinyint(1) unsigned NOT NULL DEFAULT 0,
  `poster_id` mediumint(8) unsigned NOT NULL DEFAULT 0,
  `is_orphan` tinyint(1) unsigned NOT NULL DEFAULT 1,
  `physical_filename` varchar(255) NOT NULL DEFAULT '',
  `real_filename` varchar(255) NOT NULL DEFAULT '',
  `download_count` mediumint(8) unsigned NOT NULL DEFAULT 0,
  `attach_comment` text NOT NULL,
  `extension` varchar(100) NOT NULL DEFAULT '',
  `mimetype` varchar(100) NOT NULL DEFAULT '',
  `filesize` int(20) unsigned NOT NULL DEFAULT 0,
  `filetime` int(11) unsigned NOT NULL DEFAULT 0,
  `thumbnail` tinyint(1) unsigned NOT NULL DEFAULT 0,
  PRIMARY KEY (`attach_id`),
  KEY `filetime` (`filetime`),
  KEY `post_msg_id` (`post_msg_id`),
  KEY `topic_id` (`topic_id`),
  KEY `poster_id` (`poster_id`),
  KEY `is_orphan` (`is_orphan`)
) ENGINE=MyISAM AUTO_INCREMENT=1121 DEFAULT CHARSET=utf8 COLLATE=utf8_bin;

--
-- Dumping data for table `Studenti_attachments`
--

INSERT INTO `Studenti_attachments` VALUES (1,3069,831,0,1179,0,'1179_f40513ad04d730e4b7c9f3afd8f7c118','Metodo dell\'orologio di Tagliabue Martinez - ready.rar',249,'','rar','application/octet-stream',94436,1343224771,0),(2,3069,831,0,1179,0,'1179_014b7c203b3a825d53a112ba745df8fa','Metodo dell\'orologio di Tagliabue Martinez - ready.zip',310,'','zip','application/x-zip-compressed',94425,1343225186,0),(3,3136,841,0,1107,0,'1107_f876a63f2768c69d1836e8724a18db69','20120412-1-1.JPG',705,'','jpg','image/jpeg',41896,1346162518,0),(4,3136,841,0,1107,0,'1107_4a3b9c60b3f694bde463dc0cda0604d4','20120628-1-1.JPG',705,'','jpg','image/jpeg',33974,1346162532,0),(6,3144,841,0,1107,0,'1107_cfbea8f3b505b2d9a9d0e7ede1205182','20120903091051250-1 (Copia).jpg',689,'','jpg','image/jpeg',129064,1346665249,0),(9,3144,841,0,1107,0,'1107_0b91cd5c6d03ff043aa677b389fca6a4','20120903091051250-2 (Copia).jpg',689,'','jpg','image/jpeg',143260,1346665475,0),(10,3144,841,0,1107,0,'1107_306b54b54ab19494b98d1c71f71aa013','20120903091051250-3 (Copia).jpg',689,'','jpg','image/jpeg',105555,1346665509,0),(12,3377,881,0,2,0,'2_ec0f5845ba924e3d76a4bfa28e70a995','Appello1.pdf',385,'Confronto primo appello 2012-2013','pdf','text/html',20855,1358163683,0),(291,5616,1370,0,93,0,'93_ecf19362bb194fe8086b8f64b71967a3','Mecc15_Esame.pdf',364,'','pdf','application/pdf',61099,1411656569,0),(292,5616,1370,0,93,0,'93_fb4bd96a8bd57dde7df6d6a6ffc328c2','Mecc15_Compitini.pdf',361,'','pdf','application/pdf',50568,1411656595,0),(757,8144,1972,0,93,0,'93_83c8158e120225e0c04641c2adef0a63','BuroMecc.pdf',326,'informazioni burocratiche','pdf','application/pdf',77543,1506234626,0),(756,8144,1972,0,93,0,'93_08cdd0dd4e03537dbffae8e8b6ce97fb','Mecc17_18_Compitini .pdf',404,'modalità compitini','pdf','application/pdf',85402,1506234416,0),(19,3548,942,0,2,0,'2_b53a8799a46ea5107602ac727c7903ec','ALAM2_14_CS.pdf',962,'Simulazione scritto 1','pdf','application/x-download',32550,1384114215,0),(20,3554,943,0,2,0,'2_1c8ddfee31ac435b537be452a6b70a7e','Simulazione2.pdf',601,'Simulazione scritto d\'esame 2','pdf','application/x-msdownload',38049,1384708383,0),(21,3784,1169,0,2,0,'2_e1bc7e6d01cee95027a7cc060b211726','Simulazione3.pdf',528,'Simulazione scritto numero 3','pdf','application/x-msdownload',36181,1385316741,0),(22,3797,1176,0,93,0,'93_c75758c3d3b5be80791844a6928315c6','testprova1.pdf',701,'','pdf','application/pdf',154295,1386152554,0),(23,3797,1176,0,93,0,'93_9a1581f769ae93d067e5c84858e22568','testprova2.pdf',681,'','pdf','application/pdf',154269,1386152576,0),(25,3799,1174,0,1355,0,'1355_7accd8f0a46dc76eb5f01ae51607af03','Teorema Spettrale.docx',282,'','docx','application/octet-stream',18893,1386275164,0),(26,3803,1174,0,1355,0,'1355_ecc89ea30de18498dbf04df6743c1493','Teorema Spettrale.pdf',311,'','pdf','application/pdf',410126,1386332073,0),(27,3897,1184,0,2,0,'2_ae43dcfc373cf19ac0790a646c582d51','Simulazione4.pdf',502,'Simulazione scritto d\'esame 4','pdf','application/x-msdownload',36884,1387184649,0),(66,3935,1191,0,983,0,'983_cf40a10e82cee3e0dbbd2728f7de08ba','AL_Esercizi - Test 34 - CAMBI DI BASE 02_rev03.pdf',384,'','pdf','application/pdf',191147,1388179956,0),(34,3950,1179,0,983,0,'983_0316f71163e7fc5e9148f9f60b3fce41','Generatori e Span 1_soluzioni.pdf',228,'','pdf','application/pdf',216016,1387803949,0),(46,3940,1192,0,983,0,'983_8df969f9ab113e3943bbfc73a5f079ef','AL_Esercizi - Test 11 - RETTE E PIANI NELLO SPAZIO 02_rev01.pdf',336,'','pdf','application/pdf',208004,1387903362,0),(36,3944,1186,0,983,0,'983_3b75d75dbb86268591ab58c5da0fcffc','AL_Esercizi - Test 14 - GEOMETRIA NELLO SPAZIO 01_es06.pdf',249,'','pdf','application/pdf',127051,1387804169,0),(35,3936,1179,0,983,0,'983_a35a81b07e9683afb73d52fd56b4f05d','Generatori e Span 1_soluzioni.pdf',279,'','pdf','application/pdf',216016,1387804017,0),(53,3939,937,0,983,0,'983_ec9ea07dce359d2e8c4f78e6d8a1a23c','AL_Esercizi - Test 10 - RETTE E PIANI NELLO SPAZIO 01.pdf',314,'','pdf','application/pdf',266821,1387987914,0),(40,3938,934,0,983,0,'983_4899efcfbde663a7e106a39c65b4aea0','AL_Esercizi - Test 01-04.pdf',405,'','pdf','application/pdf',1357104,1387804577,0),(42,3952,1194,0,983,0,'983_e78c2134f27249aa48448fbe440f9fd3','AL_Esercizi - Test 19 - SOTTOSPAZI VETTORIALI 01.pdf',346,'','pdf','application/pdf',200469,1387837497,0),(44,3954,1195,0,983,0,'983_cbf500fdec5240fd3127b1891c84becf','AL_Esercizi - Test 21 - BASI E COMPONENTI_rev01.pdf',352,'','pdf','application/pdf',186231,1387878004,0),(49,3980,1198,0,983,0,'983_9dfb21289c2fd0fe99d9e87e8823203c','AL_Esercizi - Test 24 - CAMBI DI BASE 01.pdf',448,'','pdf','application/pdf',224578,1387925800,0),(50,3982,1199,0,983,0,'983_393618aaba8513364f3878e216f4af5e','AL_Esercizi - Test 05 - GEOMETRIA NEL PIANO 01.pdf',341,'','pdf','application/pdf',449282,1387960116,0),(51,3984,1200,0,983,0,'983_0bd044041ae7fa2e4ba9e60ff4f9d294','AL_Esercizi - Test 08 - SPAZI EUCLIDEI 01.pdf',184,'','pdf','application/pdf',480317,1387987643,0),(52,3984,1200,0,983,0,'983_3b4bd5b052580cf2b575f2159d52cd5b','AL_Esercizi - Test 09 - SPAZI EUCLIDEI 02.pdf',190,'','pdf','application/pdf',564534,1387987678,0),(57,3997,1204,0,983,0,'983_a381e9b92dad66603e06eff0470ebb84','AL_Esercizi - Test 13 - RETTE E PIANI NELLO SPAZIO 04_rev01.pdf',347,'','pdf','application/pdf',243355,1388057466,0),(59,4007,1201,0,983,0,'983_65257a6afd740dfef857435af71325cd','AL_Esercizi - Test 12 - RETTE E PIANI NELLO SPAZIO 03_es05.pdf',211,'','pdf','application/pdf',34963,1388070996,0),(64,4006,1186,0,983,0,'983_f2302f06c1bad1c46fdbb327ef993023','AL_Esercizi - Test 14 - GEOMETRIA NELLO SPAZIO 01_rev01.pdf',280,'','pdf','application/pdf',630037,1388171724,0),(61,4011,1205,0,983,0,'983_6faff4b200a2280c8de7b6a657382c5f','AL_Esercizi - Test 20 - SOTTOSPAZI VETTORIALI 02.pdf',285,'','pdf','application/pdf',184597,1388083625,0),(62,4012,1206,0,983,0,'983_e99d6bb867bda79b7a8b2fb731bbdf43','AL_Esercizi - Test 23 - GENERATORI E SPAN 02.pdf',234,'','pdf','application/pdf',351578,1388087212,0),(143,4077,1216,0,983,0,'983_f6276a2ac0ebdca3eeb0b54f562d8aca','AL_Esercizi - Test 32 - APPLICAZIONI LINEARI 05_rev01.pdf',310,'','pdf','application/pdf',653442,1391327320,0),(65,4013,941,0,983,0,'983_43e9f1da3ce901c6327cf0fabda1c35f','AL_Esercizi - Test 25 - SOTTOSPAZI VETTORIALI 03_rev01.pdf',349,'','pdf','application/pdf',188604,1388179053,0),(68,4030,1210,0,93,0,'93_cea7b80d4b66798cde5e4e7ebc36d27f','M13_CS.pdf',526,'compiti 2013','pdf','application/pdf',70591,1388221516,0),(69,4030,1210,0,93,0,'93_bcaf844a3a264ceef5156ce5ad4d6a5b','M12_CS.pdf',610,'compiti 2012','pdf','application/pdf',66443,1388221583,0),(71,4028,1208,0,983,0,'983_516e95700bfa5d64756f863f8115a151','AL_Esercizi - Test 28 - APPLICAZIONI LINEARI 01_rev02.pdf',398,'','pdf','application/pdf',233936,1388244307,0),(74,3979,1197,0,2,0,'2_7c9f018730c2dca6218ff3e8b3666730','Simulazione5.pdf',671,'Simulazione scritto d\'esame 5 (Versione 28-12-2013)','pdf','application/x-msdownload',40065,1388249994,0),(76,4051,1213,0,983,0,'983_af28b455a982e007e8b86495fa119ddb','AL_Esercizi - Test 31 - APPLICAZIONI LINEARI 04.pdf',444,'','pdf','application/pdf',212762,1388265840,0),(77,4054,1188,0,983,0,'983_c0722eac0f3d75b57d90d7a4250998d7','AL_Esercizi - Test 29 - APPLICAZIONI LINEARI 02.pdf',488,'','pdf','application/pdf',215347,1388267690,0),(78,4054,1188,0,983,0,'983_06513b9338281a4e5e3c06f6fe6d76ff','AL_Esercizi - Test 30 - APPLICAZIONI LINEARI 03.pdf',498,'','pdf','application/pdf',236377,1388267710,0),(81,4078,1181,0,983,0,'983_fb649a0e090a324fe12b604f9144ee11','AL_Esercizi - Test 27 - SOTTOSPAZI VETTORIALI 05.pdf',342,'','pdf','application/pdf',249703,1388356284,0),(103,3986,1201,0,983,0,'983_ee1f74ca37abf40070ab320796819dea','AL_Esercizi - Test 12 - RETTE E PIANI NELLO SPAZIO 03_rev02.pdf',288,'','pdf','application/pdf',240938,1388908661,0),(83,4083,942,0,983,0,'983_f9822565baac7d8928060b6b0dce79ab','Simulazione1_sol.pdf',650,'','pdf','application/pdf',533208,1388403080,0),(84,4084,943,0,983,0,'983_ccd68a621daaf439aa630dcef8b794dc','Simulazione2_sol.pdf',520,'','pdf','application/pdf',567361,1388403130,0),(85,4085,1169,0,983,0,'983_8910d94ac0c16a63fb72f7680c335e0d','Simulazione3_sol.pdf',493,'','pdf','application/pdf',592204,1388403182,0),(87,4063,1214,0,983,0,'983_1d7d2594e8e617c21433d3ef1e652011','AL_Esercizi - Test 26 - SOTTOSPAZI VETTORIALI 04_rev02.pdf',407,'','pdf','application/pdf',1017109,1388476903,0),(120,4301,1240,0,983,0,'983_536011738786013073273f870129020f','AL_Esercizi - Test 42 - FORME QUADRATICHE 01.pdf',547,'','pdf','application/pdf',1943380,1389561413,0),(119,4300,1239,0,983,0,'983_927043ec26a6fb15013d0276b98e8823','AL_Esercizi - Test 48 - AFFINITA\'.pdf',307,'','pdf','application/pdf',707960,1389561325,0),(118,4293,1238,0,2,0,'2_4254fdb7672dba08ed6916eda666b7c9','ALAM2_14_CS-Sol1.pdf',1465,'Scritto 2014_1 - Soluzioni','pdf','application/x-msdownload',810154,1389465873,0),(117,4293,1238,0,2,0,'2_df2a9c2baf649f44dde81f6e344d0614','ALAM2_14_CS1.pdf',621,'Scritto 2014_1 - Testi','pdf','application/x-msdownload',38158,1389465748,0),(93,4151,1220,0,983,0,'983_abda722e924244bed9cefdc9a9fdb385','AL_Esercizi - Test 35 - CAMBI DI BASE 03.pdf',320,'','pdf','application/pdf',198565,1388569688,0),(95,4157,942,0,983,0,'983_3eec8b50599dbe6c7ced13e820ec2f45','Simulazione1_es01bis.pdf',347,'','pdf','application/pdf',84438,1388591271,0),(96,4165,1192,0,983,0,'983_e8f631a15fd89db97c00136d7b225747','AL_Esercizi - Test 11 - RETTE E PIANI NELLO SPAZIO 02_es08-09.pdf',247,'','pdf','application/pdf',76706,1388662595,0),(100,4082,1217,0,2,0,'2_17168b32730b65a2b3fd7d5a01e1f038','Simulazione6.pdf',471,'Simulazione scritto d\'esame 6 - Versione 3','pdf','application/x-msdownload',41282,1388759915,0),(98,4172,1192,0,1430,0,'1430_63883c9f23270b1ba8d34b8229c14d2e','Al_esercizi_RETTE E PIANI NELLO SPAZIO 2_es 8.docx',203,'','docx','application/vnd.openxmlformats-officedocument.wordprocessingml.document',17320,1388675905,0),(99,4177,1222,0,983,0,'983_684ad27886554322ff5f5e16d334c337','AL_Esercizi - Test 37 - BASI ORTOGONALI E ORTONORMALI 02.pdf',387,'','pdf','application/pdf',1562458,1388697352,0),(111,4225,1207,0,983,0,'983_f62459fb061b5210ebc8b27b04ca6693','AL_Esercizi - Test 38 - FORME CANONICHE 01_rev01.pdf',417,'','pdf','application/pdf',1496741,1389134505,0),(105,4232,1195,0,983,0,'983_3bf2c7875151f94090dc6d33a6e9f48a','AL_Esercizi - Test 21 - BASI E COMPONENTI_es07.pdf',239,'','pdf','application/pdf',52918,1388946455,0),(107,4235,1207,0,983,0,'983_7ee45d0634f411845c00567c08dad0f5','AL_Esercizi - Test 38 - FORME CANONICHE 01_es2g.pdf',258,'','pdf','application/pdf',73709,1388955500,0),(108,4237,1199,0,983,0,'983_a41399743104be21629557cf72d3c688','AL_Esercizi - Test 05 - GEOMETRIA NEL PIANO 01_es04.pdf',236,'','pdf','application/pdf',82490,1388959597,0),(121,4210,1227,0,983,0,'983_3d52fa5092d997d3b898a1966613d417','AL_Esercizi - Test 15 - GEOMETRIA NELLO SPAZIO 02_rev02.pdf',215,'','pdf','application/pdf',826795,1389646623,0),(115,4251,1228,0,983,0,'983_53347e186143ceb3922caf545e05ab48','AL_Esercizi - Test 39 - FORME CANONICHE 02_rev02.pdf',384,'','pdf','application/pdf',1054043,1389216108,0),(116,4289,1229,0,983,0,'983_6cf27728ff93d7adbade01624452db58','AL_Esercizi - Test 40 - FORME CANONICHE 03.pdf',379,'','pdf','application/pdf',1041160,1389433795,0),(114,4266,1219,0,983,0,'983_e45ee51878372bafbb551baa88ea44e4','AL_Esercizi - Test 33 - APPLICAZIONI LINEARI 06_rev02.pdf',174,'','pdf','application/pdf',924178,1389136907,0),(123,4156,1221,0,983,0,'983_a3c949cf0bf150e74098f2fc38106742','AL_Esercizi - Test 36 - BASI ORTOGONALI E ORTONORMALI 01_rev01.pdf',311,'','pdf','application/pdf',890631,1389740471,0),(124,4377,1181,0,983,0,'983_f9c866995c119d4b2fbd4195b1d06b12','AL_Esercizi - Test 27 - SOTTOSPAZI VETTORIALI 05_es01-02.pdf',297,'','pdf','application/pdf',72423,1390052776,0),(125,4380,1208,0,983,0,'983_c65a4c3a3f7da49df79bb31b7ad33c6f','AL_Esercizi - Test 28 - APPLICAZIONI LINEARI 01_es15.pdf',200,'','pdf','application/pdf',76731,1390056782,0),(126,4387,1247,0,983,0,'983_84b368d6b645c0d8d61b1289f74446f1','AL_Esercizi - Test 43 - FORME QUADRATICHE 02.pdf',305,'','pdf','application/pdf',906110,1390071805,0),(127,4389,1246,0,983,0,'983_8e12e8654d314a98b89eaa814cee1e5e','AL_Esercizi - Test 41 - FORME CANONICHE 04.pdf',213,'','pdf','application/pdf',1247999,1390122180,0),(128,4395,1184,0,983,0,'983_85e3dabf800dea9a976bc419d5da1829','Simulazione4_sol.pdf',523,'','pdf','application/pdf',716183,1390154562,0),(131,4501,941,0,983,0,'983_2bda0114537321b36c7a708f274d7145','AL_Esercizi - Test 25 - SOTTOSPAZI VETTORIALI 03_es06.pdf',233,'','pdf','application/pdf',59891,1390517371,0),(130,4500,1197,0,983,0,'983_e101ce15e299355eaacce2a8c14d024c','Simulazione5_sol_rev01.pdf',445,'','pdf','application/pdf',1047294,1390516132,0),(132,4537,1230,0,983,0,'983_6a2bbaf08d8cf6892af55a05c669381e','AL_Esercizi - Test 44 - PRODOTTI SCALARI 01.pdf',380,'','pdf','application/pdf',1501633,1390672209,0),(133,4541,1253,0,983,0,'983_1a7468c44f3295d04eb034e60f7fd420','AL_Esercizi - Test 49 - ISOMETRIE NEL PIANO 01.pdf',269,'','pdf','application/pdf',790796,1390724150,0),(135,4395,1184,0,983,0,'983_1a02b1031f58e353b4eb2f5f6e70ab69','Simulazione4_es4b-c_rev01.pdf',316,'','pdf','application/pdf',114755,1390764328,0),(158,4562,1257,0,2,0,'2_07f319b6edcdacfe733a342640c1d07d','ALAM2_14_CS2.pdf',517,'Algebra Lineare 2014 - Scritto 2 - Testi','pdf','application/x-msdownload',36042,1392543450,0),(159,4562,1257,0,2,0,'2_e3d02560f0928672ff3316f726a7e301','ALAM2_14_CS-Sol2.pdf',873,'Algebra Lineare 2014 - Scritto 2 - Soluzioni','pdf','application/x-msdownload',903871,1392543491,0),(140,4580,1239,0,983,0,'983_e811661e9e5b4242e28e3ad5014a3e6b','AL_Esercizi - Test 48 - AFFINITA\'_es3b-bis.pdf',198,'','pdf','application/pdf',30984,1391209114,0),(141,4581,1260,0,983,0,'983_e58259004c7814565ce96c73ea343691','AL_Esercizi - Test 50 - ISOMETRIE NEL PIANO 02.pdf',259,'','pdf','application/pdf',1696542,1391209199,0),(142,4587,1239,0,983,0,'983_df42473550e332724048a379e01d9c34','AL_Esercizi - Test 48 - AFFINITA\'_es3c-bis.pdf',173,'','pdf','application/pdf',32419,1391274754,0),(144,4594,1261,0,983,0,'983_3034d2a84b5decfd789942aae421a0a1','AL_Esercizi - Test 45 - PRODOTTI SCALARI 02_parte01.pdf',250,'','pdf','application/pdf',1336000,1391333503,0),(145,4594,1261,0,983,0,'983_ce2fcdd5f3d5c6b17843a45911546e75','AL_Esercizi - Test 45 - PRODOTTI SCALARI 02_parte02.pdf',213,'','pdf','application/pdf',1170384,1391333532,0),(146,4598,1217,0,983,0,'983_a8e1cced22113e6fa5bed53762623df7','Simulazione6_sol.pdf',382,'','pdf','application/pdf',759870,1391366768,0),(147,4599,1191,0,983,0,'983_bf969a54997c31564ac72dfb38d4d49d','AL_Esercizi - Test 34 - CAMBI DI BASE 02_es05a.pdf',243,'','pdf','application/pdf',54049,1391367727,0),(148,4602,1191,0,983,0,'983_b2b0896c54cac5644b1791ac04b2ebb4','AL_Esercizi - Test 34 - CAMBI DI BASE 02_es07.pdf',183,'','pdf','application/pdf',44660,1391384502,0),(151,4615,1264,0,983,0,'983_bc69accf194c30ec49c995650dc70dc3','AL_Esercizi - Test 51 - ISOMETRIE DEL PIANO 03.pdf',226,'','pdf','application/pdf',1033024,1391722025,0),(150,4609,1262,0,1355,0,'1355_0d92d21dc01403335633bdf069ec332f','Succ di Cauchy è limitata.pdf',219,'','pdf','application/pdf',284404,1391705143,0),(152,4629,1265,0,983,0,'983_b638c274bc6b83c9016720908b502e9a','AL_Esercizi - Test 46 - PRODOTTI SCALARI ESERCIZI TEORICI 01.pdf',181,'','pdf','application/pdf',813173,1391888456,0),(153,4675,1268,0,983,0,'983_5a6397dd5788c242db8ea82ab9cf9886','AL_Esercizi - Test 52 - ISOMETRIE DELLO SPAZIO 01.pdf',243,'','pdf','application/pdf',1705009,1392158396,0),(154,4731,1257,0,1551,0,'1551_c9c47c5e8b0896c6ae2fec90175239d4','Cattura123.JPG',34,'','jpg','image/jpeg',105435,1392308222,0),(155,4777,1278,0,2,0,'2_99586aa7046934b57e55ed9b3f182471','ALAM2_14_CS3.pdf',655,'Testo Scritto 3','pdf','application/x-msdownload',38763,1392542576,0),(156,4777,1278,0,2,0,'2_ef2ceb1c9684fe3c85718bde71875b65','ALAM2_14_CS_Sol3.pdf',741,'Soluzioni Scritto 3','pdf','application/x-msdownload',726622,1392542776,0),(160,4782,1280,0,983,0,'983_d5232a4c210fb99d8e757e36b391f1b0','AL_Esercizi - Test 53 - ISOMETRIE DELLO SPAZIO 02.pdf',281,'','pdf','application/pdf',2072709,1392558793,0),(161,4784,1278,0,983,0,'983_55cd639fdda2bf918333078db2749e75','ALAM2_14_CS3_sol.pdf',299,'','pdf','application/pdf',521667,1392580063,0),(162,4795,1281,0,983,0,'983_428678e483100c72bae31210651d6a0a','AL_Esercizi - Test 47 - PRODOTTI SCALARI ESERCIZI TEORICI 02.pdf',175,'','pdf','application/pdf',768501,1392757836,0),(164,4864,1294,0,983,0,'983_6db73abcbd739e7afea58cc3e08c83c3','140405 - disequazione valori assoluti_rev01.pdf',379,'','pdf','application/pdf',45171,1396717168,0),(165,4877,1199,0,983,0,'983_379b53ddb4119a0d8f7e930aa2edad25','AL_Esercizi - Test 05 - GEOMETRIA NEL PIANO 01_es06_rev01.pdf',220,'','pdf','application/pdf',56556,1396905136,0),(168,4888,1280,0,983,0,'983_2b2f5e3d5a92b1e9b1e22f7d77d3a868','AL_Esercizi - Test 53 - ISOMETRIE DELLO SPAZIO 02_es06_rev01.pdf',206,'','pdf','application/pdf',330839,1397333877,0),(167,3982,1199,0,983,0,'983_eb7da3967a72ddbf51c9f252e5a4d762','AL_Esercizi - Test 05 - GEOMETRIA NEL PIANO 01_es07_rev01.pdf',269,'','pdf','application/pdf',121591,1396987685,0),(169,4907,1300,0,983,0,'983_d47e6974fde99db6e5bced188f2bc09b','140415 - limite di successione.pdf',128,'','pdf','application/pdf',44218,1397594224,0),(170,4908,1201,0,983,0,'983_930c90f57e267354b101403adb7c2145','AL_Esercizi - Test 12 - RETTE E PIANI NELLO SPAZIO 03_es08.pdf',188,'','pdf','application/pdf',64352,1397594385,0),(171,4910,1299,0,983,0,'983_31d19df702a08b33be4ccff371b529d0','140416 - massimi minimi vincolati 01.pdf',246,'','pdf','application/pdf',152746,1397630355,0),(172,4910,1299,0,983,0,'983_30b32a81d2aed7565afea7667162b184','140416 - massimi minimi vincolati 02.pdf',230,'','pdf','application/pdf',144670,1397630370,0),(173,4912,1201,0,983,0,'983_ba79376e827caf93f440c8e2f9816ee3','AL_Esercizi - Test 12 - RETTE E PIANI NELLO SPAZIO 03_es12.pdf',199,'','pdf','application/pdf',26698,1397639798,0),(174,4917,1299,0,983,0,'983_1f7b2f51f5800609e756450e012eefc3','140417 - massimi minimi vincolati 03.pdf',213,'','pdf','application/pdf',134663,1397717245,0),(175,4938,1301,0,983,0,'983_cdd7f584e4fc676db48373063f7c8f6a','140421 - limite di funzione.pdf',158,'','pdf','application/pdf',29150,1398082841,0),(176,4940,1301,0,983,0,'983_54ea024fc8bcae18676e917ae7618d51','140421 - limite di funzione_bis.pdf',164,'','pdf','application/pdf',45854,1398086873,0),(177,4949,690,0,983,0,'983_1ce5f661d70c9d88ad797a307cde81f6','140423 - numeri complessi 01.pdf',351,'','pdf','application/pdf',53695,1398284038,0),(178,4956,1299,0,983,0,'983_b27a32ce29b1faba56664abbe836a924','140427 - massimi minimi vincolati 04.pdf',204,'','pdf','application/pdf',85840,1398626311,0),(181,4976,1304,0,983,0,'983_826206cf6f7aa42d067957d486141669','140509 - integrali multipli.pdf',246,'','pdf','application/pdf',137621,1399674167,0),(180,4970,1299,0,983,0,'983_3e03743f68c1dbb3c8860c48663f8ed9','140508 - massimi minimi vincolati 05_rev01.pdf',236,'','pdf','application/pdf',101160,1399674012,0),(182,4977,1299,0,983,0,'983_9048625bf7c2a497bf0e7d41f2b21db4','140510 - massimi minimi vincolati 06.pdf',187,'','pdf','application/pdf',88178,1399675475,0),(183,4983,1305,0,983,0,'983_db50401acc43c7250138c0b48f1722fe','140510 - limite di funzione 02.pdf',163,'','pdf','application/pdf',39003,1399743064,0),(186,5011,1299,0,983,0,'983_32c01285093173020fab925ae80f351f','140512 - massimi minimi vincolati 06.pdf',209,'','pdf','application/pdf',113859,1399925739,0),(185,5003,1306,0,983,0,'983_1996c3a87f0d2ee4502920508726c16a','140511 - integrali multipli 02_rev01.pdf',224,'','pdf','application/pdf',44340,1399839385,0),(187,5012,1299,0,983,0,'983_2d290ccf276d59114b4fa942a4852a3d','140512 - massimi minimi vincolati 07.pdf',204,'','pdf','application/pdf',87511,1399929135,0),(188,5016,1299,0,983,0,'983_eab287395ab2c9b4603c07f327eaadba','140515 - massimi minimi vincolati 08.pdf',207,'','pdf','application/pdf',144263,1400185872,0),(189,5019,848,0,983,0,'983_f2e1d49e687630af41e9aeeb77e23ead','140517 - polinomi 01.pdf',293,'','pdf','application/pdf',69835,1400332520,0),(191,5024,1293,0,983,0,'983_cd841d54a949f0c2c3b0e96278ed8726','140517 - integrali multipli 03.pdf',195,'','pdf','application/pdf',59300,1400349277,0),(192,5043,1315,0,983,0,'983_e9c10c0def666b348544a0e17655b762','140525 - estremi sup_inf.pdf',294,'','pdf','application/pdf',64153,1401031993,0),(193,5052,1317,0,983,0,'983_df1d5d3bafb141af4693ebed106a69cc','140527 - integrali superficiali.pdf',309,'','pdf','application/pdf',126435,1401225098,0),(194,5054,1188,0,983,0,'983_1df2c588f57ed7818ce54f8a3aef4933','140527 - applicazioni lineari 3.pdf',181,'','pdf','application/pdf',192918,1401230224,0),(195,5060,1176,0,93,0,'93_750470c76963510fb7296b8cc61dd1a3','testprova3.pdf',418,'','pdf','application/pdf',133151,1401352694,0),(196,5063,1317,0,983,0,'983_22b397e1e78fc0475b22ee60ec1ed801','140529 - integrali superficiali 02.pdf',250,'','pdf','application/pdf',224110,1401394829,0),(197,5064,1319,0,983,0,'983_8083ba4ad8189b1d0c0d054d2f049140','140529 - integrali multipli 04.pdf',228,'','pdf','application/pdf',28502,1401396175,0),(198,5065,1320,0,983,0,'983_e8674c88d8d7f10bd5f2eda85c329e40','140529 - punti stazionari.pdf',304,'','pdf','application/pdf',135957,1401400095,0),(199,5070,1176,0,983,0,'983_9560474b0692dc1c4faff3bfd997d799','testprova1_sol.pdf',514,'','pdf','application/pdf',661786,1401487167,0),(204,5077,1176,0,983,0,'983_6e1842fd1a25b28baf6d9b5df490b4d0','testprova2_sol.pdf',447,'','pdf','application/pdf',659227,1401557083,0),(201,5075,1318,0,983,0,'983_9054d227aed1482e3fd64e0833237794','140531 - solidi di rotazione.pdf',280,'','pdf','application/pdf',55788,1401542279,0),(202,5075,1318,0,983,0,'983_1b6567a92a1b1ecbd6479bd55d8ce904','140531 - solidi di rotazione 02.pdf',293,'','pdf','application/pdf',71504,1401542291,0),(205,5078,1176,0,983,0,'983_cd53309f11acf375aa6c6e92a1ac889d','testprova3_sol.pdf',399,'','pdf','application/pdf',608383,1401628993,0),(208,5081,1210,0,983,0,'983_5a616ec5acfd06a74b17f583d399958b','M12_CS01_sol_rev01.pdf',374,'','pdf','application/pdf',612111,1401744111,0),(221,5091,1210,0,983,0,'983_8c69fc19732a1dedead0dd721d0aeecc','M12_CS02_sol_rev01.pdf',365,'','pdf','application/pdf',489370,1402007044,0),(210,5094,1322,0,983,0,'983_e52865ec2d667d73cd235a0ae5b61c71','140603 - integrali indefiniti.pdf',299,'','pdf','application/pdf',83485,1401777979,0),(211,5097,1317,0,983,0,'983_afe73e589c7d29998a53006976a3823a','140603 - integrali superficiali 03 .pdf',221,'','pdf','application/pdf',48213,1401787406,0),(212,5104,1324,0,983,0,'983_87ba0032685f219d410cc6d79eee50fc','140603- integrali multipli 05.pdf',201,'','pdf','application/pdf',132500,1401833060,0),(213,5105,1303,0,983,0,'983_97b480639fc6d8f9b339fd46e6245dca','140604 - integrali superficiali 04.pdf',247,'','pdf','application/pdf',61699,1401834590,0),(214,5113,1189,0,983,0,'983_d932ee9756239fc52469280933b58dba','140604 - solidi di rotazione 03.pdf',246,'','pdf','application/pdf',41565,1401915195,0),(215,5114,1189,0,983,0,'983_4c7a61aa8c8e8c657219c6bceb5e5828','140604 - solidi di rotazione 04.pdf',257,'','pdf','application/pdf',56066,1401915388,0),(216,5116,1324,0,983,0,'983_b28153763069a8aac699ad503fe44c70','140604- integrali multipli 05_bis.pdf',201,'','pdf','application/pdf',130383,1401919954,0),(217,5124,1304,0,1430,0,'1430_4fbc92067a987bac54769754b7e1560e','integrali doppi 6_es12.pdf',214,'','pdf','application/pdf',339900,1401961422,0),(218,5129,1189,0,1401,0,'1401_a5e4ab836da4faa58e58196275bdbe97','Es 3.pdf',273,'','pdf','application/pdf',88964,1401980073,0),(219,5141,1189,0,983,0,'983_5f0a29cde21d3831e5f4ab7c262c1cdf','140605 - solidi di rotazione 05.pdf',253,'','pdf','application/pdf',72720,1401998929,0),(220,5142,1210,0,983,0,'983_fa83e01635bcd9efede83455710cf4c6','M12_CS01_sol_es3_rev02.pdf',237,'','pdf','application/pdf',135377,1402004692,0),(222,5170,1304,0,983,0,'983_2f3fd6842e8595528b0effc43cb494e0','140606- integrali multipli 06.pdf',220,'','pdf','application/pdf',191945,1402087590,0),(223,5172,1320,0,983,0,'983_c8f3222e8c736ed31efa10f19b12ae7c','140606 - punti stazionari 02.pdf',225,'','pdf','application/pdf',173061,1402130082,0),(224,5173,1189,0,983,0,'983_2faff696768dc9cc88b8d4442c184b18','140607 - solidi di rotazione 05_bis.pdf',241,'','pdf','application/pdf',164867,1402132573,0),(228,5182,1210,0,983,0,'983_2fd06aa4f57619af15a37666f264e27c','M12_CS03_sol_rev01.pdf',289,'','pdf','application/pdf',564621,1402253469,0),(226,5185,1270,0,983,0,'983_8c7b11c084d3675cb04501aecb005f7c','140607 - integrali superficiali 05.pdf',218,'','pdf','application/pdf',45295,1402172582,0),(233,5215,1328,0,983,0,'983_39558a540b2258d2a1caedc5a4f7df49','140609 - integrali superficiali 07_rev01.pdf',420,'[EDIT] la rev01 recepisce l\'errore segnalato da Angelica sul calcolo del rotore','pdf','application/pdf',84805,1402430049,0),(230,5201,1326,0,983,0,'983_15d4c2ef210085606a9c217a4edb8169','140609 - integrali superficiali 06_rev01.pdf',284,'','pdf','application/pdf',57286,1402341628,0),(232,5215,1328,0,983,0,'983_035c4b009129142e54343b34eb13fedf','140609 - integrali superficiali 08.pdf',355,'','pdf','application/pdf',92866,1402346751,0),(234,5228,1329,0,983,0,'983_2e08553872f8e81684fd7e488411e5fb','140610 - integrali multipli 07.pdf',187,'','pdf','application/pdf',62761,1402434187,0),(235,5228,1329,0,983,0,'983_77c97beee4f81c35ac5503f9a73b657f','140610 - integrali multipli 08.pdf',167,'','pdf','application/pdf',36557,1402434203,0),(236,5230,1210,0,983,0,'983_7c5c56186f239096419c1cf744e4c172','M13_CS01_sol.pdf',226,'','pdf','application/pdf',464099,1402469409,0),(237,5233,1322,0,983,0,'983_61a0f215e809fb948343e5521d2e40a1','140611 - integrali impropri 02.pdf',235,'','pdf','application/pdf',44415,1402514946,0),(241,5243,1210,0,983,0,'983_3e7def9612ff821fde84faa64af149b0','M13_CS02_sol_rev01.pdf',206,'','pdf','application/pdf',562937,1402686402,0),(240,5245,1317,0,983,0,'983_ce8631ef97534a2d217c2aae377cd391','140612 - integrali superficiali 10.pdf',210,'','pdf','application/pdf',29164,1402641986,0),(255,5245,1317,0,983,0,'983_26646883b6f47983506db30e3b3016a1','140627 - integrali superficiali 09_rev01.pdf',246,'','pdf','application/pdf',52717,1403908052,0),(242,5259,1270,0,983,0,'983_91c896ee614f9d4791228541b549fd9d','140614 - formula di GG 01.pdf',218,'','pdf','application/pdf',61906,1402736583,0),(243,5259,1270,0,983,0,'983_711fd944de9c55d74c62e4d32784021a','140614 - formula di GG 02.pdf',2691,'','pdf','application/pdf',112117,1402736597,0),(244,5270,1184,0,983,0,'983_2a52be50237e100521ccc1db245547d3','140614 - sylvesterizzazione.pdf',228,'','pdf','application/pdf',138034,1402770242,0),(245,5271,1204,0,983,0,'983_aeabd3a4b34a216e31324666dddbc5b9','140614 - rette e piani nello spazio 4 - es01.pdf',276,'','pdf','application/pdf',78206,1402776036,0),(246,5282,1338,0,983,0,'983_6ae9567d40e5bcf3e9b2e4bdb8abd97a','140618 - disequazione valori assoluti 02.pdf',284,'','pdf','application/pdf',36649,1403043802,0),(249,5311,1188,0,983,0,'983_a27ebf28d640b8b07a2cf9d6f1c8ae2f','140623 - applicazioni lineari 2_es10.pdf',175,'','pdf','application/pdf',44728,1403551221,0),(248,5292,1326,0,983,0,'983_302f475ae6309da6824b66c9a478730c','140619 - formula di GG 03_rev01.pdf',240,'','pdf','application/pdf',50606,1403212439,0),(250,5312,1318,0,983,0,'983_caf040368d4e8d3d1c084ff8a0ecd798','140623 - solidi di rotazione 06.pdf',213,'','pdf','application/pdf',93635,1403554151,0),(251,5340,1341,0,983,0,'983_7345240a60daa5a10e22eb076574aa16','140626 - integrali multipli 09.pdf',267,'','pdf','application/pdf',33818,1403819270,0),(252,5341,1317,0,983,0,'983_05554fa3413dde55c2fecfe3a57455c2','140626 - integrali superficiali_bis.pdf',281,'','pdf','application/pdf',85391,1403820902,0),(253,5346,1342,0,2,0,'2_3451d3b8e9facda58c03b12e6e9d021c','M14_CS4.pdf',713,'Scritto di Analisi Matematica 2 (Meccanica, Elettronica, Telecomunicazioni) - Quarto appello 2014','pdf','unknown/octet-stream',109657,1403854618,0),(254,5358,1342,0,983,0,'983_dff4bb1a5d20a2239c12b3293825ccd7','M14_CS4_sol.pdf',623,'','pdf','application/pdf',425960,1403907122,0),(256,5360,1326,0,983,0,'983_e1300c0c4495d7695d7c1fbfab500c0d','140628 - formula di GG 04.pdf',246,'','pdf','application/pdf',45253,1403952294,0),(257,5360,1326,0,983,0,'983_745b7aea1fd9d1435274100d49e4d5ea','140628 - formula di GG 05.pdf',227,'','pdf','application/pdf',115888,1403952309,0),(258,5362,1320,0,983,0,'983_c1d175c0c8dbe222d2c65b2cd2d56c2c','140628 - punti stazionari 03.pdf',214,'','pdf','application/pdf',67740,1403976048,0),(259,5372,1254,0,983,0,'983_7b815c20522d3205c1c1576649cd0164','140629 - max_min_inf_sup su insiemi non limitati.pdf',401,'','pdf','application/pdf',81294,1404057646,0),(260,5374,1318,0,983,0,'983_b81746843168ba052eaa1add1c295d98','140629 - solidi di rotazione 07.pdf',217,'','pdf','application/pdf',127111,1404061791,0),(261,5379,1254,0,983,0,'983_e73fa1c3f74714bfd7fea777e4596cbc','140629 - max_min_inf_sup su insiemi non limitati 03.pdf',285,'','pdf','application/pdf',78423,1404068076,0),(263,5379,1254,0,983,0,'983_c150c3b0dcaa7e799d699dafcc20ef38','140629 - max_min_inf_sup su insiemi non limitati 02.pdf',282,'','pdf','application/pdf',57673,1404068177,0),(264,5385,1254,0,983,0,'983_547d02ca70bd9dc22e0d0127bef3add4','140629 - max_min_inf_sup su insiemi non limitati 04.pdf',256,'','pdf','application/pdf',40148,1404075478,0),(265,5388,1328,0,983,0,'983_ddd47dfacd3901678efb3b31f9f07410','140629 - formula di stokes.pdf',290,'','pdf','application/pdf',47640,1404078365,0),(266,5395,1342,0,1401,0,'1401_db9daae3b5db86abde14e95dcf462076','Calcolo Superficie descritta da arco di circ..pdf',299,'Procedimento di Calcolo','pdf','application/pdf',590291,1404129713,0),(267,5420,1343,0,1401,0,'1401_acb7e66beb0ff1e7341641662ea2dc65','3 Luglio 2010.pdf',244,'Svolgimento punto (a) terzo esercizio','pdf','application/pdf',320386,1404215763,0),(268,5423,513,0,1401,0,'1401_3acb3c86905901c1e9ba63a5981e00ce','Integrale Improprio.pdf',279,'Primo esercizio','pdf','application/pdf',126551,1404222194,0),(269,5436,1320,0,983,0,'983_71e6b480e30adb793134c75a5cb1a4b4','140701 - punti stazionari 04.pdf',180,'','pdf','application/pdf',61484,1404248600,0),(270,5456,1254,0,983,0,'983_6eed24049fd01a1eedc00de11ed05eb4','140703 - massimi minimi vincolati 09.pdf',270,'','pdf','application/pdf',158505,1404416996,0),(271,5460,1341,0,983,0,'983_35eb38a6abcb1523dfd05c34a6f41ede','140703 - GG 06.pdf',261,'','pdf','application/pdf',72909,1404419173,0),(272,5478,1316,0,983,0,'983_d5ef6d1261871b64661cc2a2b7f77994','140706 - integrali multipli 10.pdf',263,'','pdf','application/pdf',90130,1404670164,0),(273,5484,1349,0,93,0,'93_d6ebf1c13d3569bd923355a8188047f7','Scritto5-2014.pdf',753,'','pdf','application/pdf',91317,1404728252,0),(274,5487,1347,0,1401,0,'1401_1e4184e2abb0022ea2ebf988c9b3bfff','Nuovo documento 3_1.jpg',16,'Quinto appello An2','jpg','image/jpeg',828058,1404742874,0),(275,5491,1349,0,983,0,'983_aef2ffd782d905d13dfa594d970cbaf4','Scritto5-2014_sol.pdf',388,'','pdf','application/pdf',492757,1404800250,0),(276,5491,1349,0,983,0,'983_75fc616c71afa9c442047970c9db159c','Scritto5-2014_sol_rev01.pdf',627,'','pdf','application/pdf',588801,1404850825,0),(277,5499,1316,0,983,0,'983_70bfa4d48b48695eeba0c0b0eda656ca','140708 - integrali multipli 11.pdf',221,'','pdf','application/pdf',76091,1404856240,0),(278,5514,1210,0,983,0,'983_b0d9f6058431c795f2fe1b99b8546e1f','M13_CS03_sol.pdf',198,'','pdf','application/pdf',594438,1405025156,0),(279,5517,1322,0,983,0,'983_e497fd221bff022d71bef17c97bcb6e4','140711 - integrali impropri 03.pdf',245,'','pdf','application/pdf',109097,1405112690,0),(280,5533,1328,0,983,0,'983_7abc198e3ff5149b9d877da9b82871cb','140714 - formula di stokes 02.pdf',272,'','pdf','application/pdf',118001,1405372408,0),(281,5539,1322,0,983,0,'983_bd79cd9b225078f95c1b3bd6204796fe','140716 - integrali impropri 04.pdf',226,'','pdf','application/pdf',45909,1405491789,0),(282,5556,1355,0,1401,0,'1401_f2fdcc2b8432feac6ad7f4ee9450454c','IMG-20140719-WA0000.jpg',0,'','jpg','image/jpeg',233807,1405774012,0),(290,5578,1214,0,1593,0,'1593_0003f2381c27bf0ad7a84edbf4bccd56','CCF24082014_00001.jpg',0,'','jpg','image/jpeg',78386,1408896921,0),(288,5564,1355,0,983,0,'983_0ca3f0fa1bec775add30f593f8596c78','Scritto6-2014_sol.pdf',385,'','pdf','application/pdf',1534915,1406645588,0),(289,5578,1214,0,1593,0,'1593_5a95d99aad5291e84ed02503e753d106','CCF24082014_00000.jpg',0,'','jpg','image/jpeg',176134,1408896911,0),(293,5616,1370,0,93,0,'93_a5de6b80048d98bc44bc342c830f6002','BuroMecc.pdf',323,'','pdf','application/pdf',55590,1411656609,0),(758,8144,1972,0,93,0,'93_afe4a414da98c33361b8a3914196114b','Mecc17_18_Esame.pdf',458,'modalità d\'esame','pdf','application/pdf',95221,1506234737,0),(295,5628,1376,0,983,0,'983_811ab4a878794d0e79a2c769345ae170','Test 01-07 - Logica e Quantificatori.pdf',752,'','pdf','application/pdf',1641866,1412412948,0),(759,8145,1929,0,2,0,'2_acb6f6645a3091b7592b93c5268acf0e','AM1_17_S4_Ris.pdf',416,'Risultati scritto 4 (23 settembre 2017)','pdf','application/pdf',18586,1506259993,0),(298,5637,1379,0,1624,0,'1624_5d17574458168c704a06fa893779173c','Untitled 1.pdf',135,'','pdf','application/pdf',35905,1413308003,0),(300,5672,1382,0,1608,0,'1608_c28c8e2e348808051b0fa2bfeff8efbd','Soluzioni_Esercizi_Limiti_1.pdf',443,'','pdf','application/pdf',9984,1413654685,0),(314,5673,1382,0,983,0,'983_3a60c6be0fe0c28e1a8dcc86297c524c','Test 23 - Limiti 1_rev01.pdf',471,'','pdf','application/pdf',228817,1414700330,0),(302,5677,1382,0,1604,0,'1604_27a5ef64d8d3ad40f5262ae4e4778370','lim1.pdf',323,'','pdf','application/pdf',507438,1413723698,0),(303,5678,1393,0,1608,0,'1608_abd42814ef0b3ec459811ee75bf8b467','limiti2.pdf',316,'','pdf','application/pdf',17681,1413741052,0),(304,5687,1382,0,1656,0,'1656_759385cbf10a6b7f3c9a6efcbb07e7c5','WP_20141020_23_14_02_Pro.jpg',0,'','jpg','image/jpeg',1593642,1413840616,0),(305,5687,1382,0,1656,0,'1656_f98f0c40af13e2a966e63d6432503e4f','WP_20141020_23_14_09_Pro.jpg',0,'','jpg','image/jpeg',1585932,1413840655,0),(306,5687,1382,0,1656,0,'1656_1226d6a4de27407b61dda57a0897528d','WP_20141020_23_14_21_Pro.jpg',0,'','jpg','image/jpeg',1525829,1413840686,0),(307,5700,1395,0,1608,0,'1608_8ccf8acea4227a944eba7fc4603781c4','limiti 6.pdf',338,'','pdf','application/pdf',18337,1414001491,0),(308,5707,1378,0,93,0,'93_b573cece3489923430d6d148bf78f528','aulaF6.pdf',239,'','pdf','application/pdf',18751,1414078524,0),(309,5707,1378,0,93,0,'93_c675ad86669ea61dfea2368b3ad675f8','aulaF9.pdf',266,'','pdf','application/pdf',21306,1414078540,0),(313,5744,1194,0,1641,0,'1641_57bdd685da188e0d985dd36da1e0e7d1','SOLUZIONI SCHEDA 19- SOTTOSPAZI VETTORIALI 1 _SECONDA PARTE_.pdf',193,'','pdf','application/pdf',28464,1414667427,0),(312,5727,1194,0,1641,0,'1641_66b934dc993c8a72bd25676cf02fdd53','Soluzioni scheda 19 -Sottospazi vettoriali 1.pdf',178,'','pdf','application/pdf',21980,1414342970,0),(320,5780,1411,0,983,0,'983_83bb1c86808bde3de3c2e72263890633','Test 08-12 - Insiemi 1 Funzioni 1-4.pdf',457,'','pdf','application/pdf',1214742,1415526647,0),(316,5747,1398,0,983,0,'983_d70b49df464bb40e8fa24416675f7364','AL_Esercizi - Test 17 - SPAZI VETTORIALI 02.pdf',175,'','pdf','application/pdf',587821,1414701029,0),(317,5756,1194,0,983,0,'983_ec0bcab7966ce12c89453a14cb2b7774','141030 - sottospazi vettoriali 1_es4f.pdf',169,'','pdf','application/pdf',58257,1414706113,0),(319,5746,1393,0,983,0,'983_2deaa7281d24c2bc3e98dcfc8288a333','Test 24 - Limiti 2_rev02.pdf',364,'','pdf','application/pdf',802899,1415526529,0),(321,5819,889,0,1636,0,'1636_0a3920ccda7e08c471730939135b6bf2','IMAG0768.jpg',0,'','jpg','image/jpeg',978627,1416435867,0),(322,5820,888,0,1636,0,'1636_b8de2ec7989bb8a1f98f78f7894c87d7','IMAG0770.jpg',0,'','jpg','image/jpeg',962006,1416435935,0),(323,5821,1417,0,1636,0,'1636_896026c57233f7a70c9fe760c4c0412e','IMAG0771.jpg',0,'','jpg','image/jpeg',1008947,1416436014,0),(324,5822,1415,0,1636,0,'1636_e4d3e21f01bf22932f3e309efa4c16ec','IMAG0773.jpg',0,'','jpg','image/jpeg',1088913,1416436186,0),(325,5823,1418,0,1636,0,'1636_f417e38182649c742ec9d9b7c8c0ae3c','Taylor.jpg',0,'','jpg','image/jpeg',110077,1416436599,0),(326,5824,1403,0,93,0,'93_c02d9696e2d18e440198f3be0f0651cb','F6-2compitino.pdf',188,'aula f6','pdf','application/pdf',22814,1416496714,0),(327,5824,1403,0,93,0,'93_716a00e58568c3b2a94f94d9be08f85a','F9-2compitino.pdf',232,'aula F9','pdf','application/pdf',23291,1416496746,0),(329,5831,1415,0,1628,0,'1628_5a481d3283a161cec8fc91799499b666','20141121_165037.jpg',0,'Sviluppi di taylor 1 (parte)','jpg','image/jpeg',732752,1416585115,0),(331,5846,1406,0,2,0,'2_5260f2e8b826c877d73fd7af4f5f84b6','AM1_15_PI1_Ris.pdf',449,'Risultati prova in itinere del 28 novembre 2014','pdf','application/x-msdownload',35617,1417530503,0),(332,5856,1429,0,2,0,'2_e378ca871fb6c71c223d45edd908ca3b','Borsa.di Studio Ambrosetti 2014-15.pdf',363,'Bando borsa di studio','pdf','application/x-msdownload',52201,1417937828,0),(334,5877,1417,0,1702,0,'1702_7603f658ccd2c933a1387ea30c9c0dcc','20141215_120635.jpg',0,'','jpg','image/jpeg',135286,1418641813,0),(335,5878,1436,0,1702,0,'1702_10d24a6bce40cc1f8c1c09d57a01f7ee','20141215_122015.jpg',0,'','jpg','image/jpeg',135742,1418642542,0),(336,5892,1424,0,93,0,'93_36ab3d8df1c02797df041edec2c33dab','mediecompinini.pdf',332,'','pdf','application/pdf',35606,1419175958,0),(337,5905,1394,0,983,0,'983_f1dd9c450b11398d42efc128f3cd9365','Test 25 - Limiti 3.pdf',551,'','pdf','application/pdf',1056426,1419589834,0),(338,5906,1199,0,983,0,'983_452dc6bc6c5a593e6c77c5f9bdafc719','AL_Esercizi - Test 05 - GEOMETRIA NEL PIANO 01_es03.pdf',173,'','pdf','application/pdf',84769,1419601654,0),(340,5908,1257,0,1746,0,'1746_2aa4dbcf015a2293829088664d7ca6a2','Senza-titolo.pdf',269,'Esercizio 3','pdf','application/pdf',71193,1419638731,0),(341,5911,1438,0,1734,0,'1734_5ac9db3e6c1b070f41ebbe57d0a61130','limite.JPG',0,'Limiti 6 numero 8 colonna 1','jpg','image/jpeg',4863,1419774242,0),(342,5912,1439,0,1734,0,'1734_6aa18f12edb15b3f0509da097c7f1d80','arcocos.JPG',0,'','jpg','image/jpeg',2413,1419775245,0),(343,5913,1440,0,1734,0,'1734_4681c9a22224f1e3d7a1aab1deb2e799','esercizio 7a Limiti 4.JPG',0,'','jpg','image/jpeg',3363,1419775927,0),(344,5938,1439,0,983,0,'983_c3db675cfae0da6d12f7d15c2f8a55ed','150101 - Parametriche 1 es. 7_arccos.pdf',229,'','pdf','application/pdf',29497,1420111421,0),(345,5942,1442,0,983,0,'983_6cef90188301ef5873d8472b4259e50a','Test 27 - Limiti 4.pdf',496,'','pdf','application/pdf',199543,1420138714,0),(346,5943,1443,0,983,0,'983_87e1e3126ae81299d188d3a6f0348bbb','Test 16 - Induzione 1.pdf',317,'','pdf','application/pdf',855393,1420138873,0),(347,5944,1444,0,983,0,'983_00f3a1024605a8f9cb4eaa201c0a48a7','Test 18 - Funzioni trigonometriche inverse 1.pdf',264,'','pdf','application/pdf',606927,1420138972,0),(622,7565,1828,0,983,0,'983_5a418551ef8d2c6f3aa7f3cd590ec058','Test 17 - Induzione 2.pdf',254,'','pdf','application/pdf',722392,1478212502,0),(349,5959,1447,0,983,0,'983_d60dcbe89f829c004bfdb61968c44462','Test 28 - Limiti 5.pdf',3791,'','pdf','application/pdf',589829,1420673052,0),(351,5961,1417,0,983,0,'983_f84b7cdbcd439140bec86bc96af54b9c','Test 44 - Serie 1.pdf',545,'','pdf','application/pdf',463839,1420673635,0),(352,5962,1415,0,983,0,'983_9fd8e787900d8cbb72aa30d3f90d4941','Test 39 - Sviluppi di Taylor 1.pdf',313,'','pdf','application/pdf',779469,1420673944,0),(353,5963,1402,0,983,0,'983_cf0974400f97ea3e6bb32b5cb6de2829','Test 36 - Linguaggio degli infinitesimi 1 - o piccolo_rev01.pdf',365,'','pdf','application/pdf',714031,1420674281,0),(354,5964,1448,0,983,0,'983_160d9277579cdd113769d28db7f9b868','Test 38 - Funzioni iperboliche.pdf',231,'','pdf','application/pdf',1126863,1420674551,0),(355,5978,888,0,983,0,'983_bd16484538a022fdb0a013a5842c8309','Test 45 - Serie 2.pdf',444,'','pdf','application/pdf',587245,1420886893,0),(356,5982,1453,0,2,0,'2_ccc30225f1de43c8c9d1b20e68af5fe1','AL_15_CS1.pdf',491,'Testo Scritto 1','pdf','application/x-msdownload',32414,1420905131,0),(357,5982,1453,0,2,0,'2_27cafe624832f00cf61ebff752f664fb','AL_13_CS1-Sol.pdf',771,'Traccia soluzioni scritto 1','pdf','application/x-msdownload',854987,1420905202,0),(358,5983,1454,0,2,0,'2_ba1ee817f4db37bf54ef539a3adbfe4a','AM1_15_CS1.pdf',663,'Analisi Matematica 1 2015 - Primo compitino','pdf','application/x-msdownload',30165,1420905505,0),(366,6024,1454,0,983,0,'983_ecee4d5a684216ed973776867adfa373','AM1_15_CS1_sol_rev02.pdf',632,'','pdf','application/pdf',554150,1421497094,0),(360,5989,1455,0,983,0,'983_3cf0dafe9a37bebcb0970e4f90ec2e3d','Test 30 - Limiti 7.pdf',505,'','pdf','application/pdf',391868,1420925999,0),(361,5999,788,0,1734,0,'1734_13884798d9307bde48071917753051d7','AM13_L039.pdf',220,'','pdf','application/pdf',1027920,1421144587,0),(362,6004,788,0,983,0,'983_f2a9783e5af2e210f4ecfae12c695b0b','150113 - Serie 3, 8° prima colonna, 7° ed 8° seconda colonna.pdf',233,'','pdf','application/pdf',32132,1421179695,0),(365,6019,1456,0,983,0,'983_c5b70aed6e6d37c1506c3a48171e27ab','Test 31 - Limiti 8.pdf',295,'','pdf','application/pdf',501461,1421358716,0),(367,6037,1458,0,1734,0,'1734_4da4812592a086a8bb64bc64bfe9321b','domande teoria 16 Gennaio 2015.jpg',0,'','jpg','image/jpeg',408706,1421764630,0),(368,6046,1459,0,983,0,'983_fcac91b5960efd46b3eab78fe11e4b61','Test 37 - Derivate 1.pdf',326,'','pdf','application/pdf',843760,1421881552,0),(369,6050,1460,0,983,0,'983_cc237bde39dd3dd5c3c6184b88106032','Test 32 - Limiti 9.pdf',333,'','pdf','application/pdf',624544,1421966339,0),(370,6059,1461,0,983,0,'983_889e852d92ab36dde23b876359c6008c','150125 - Calcolo limite con Taylor.pdf',403,'','pdf','application/pdf',83795,1422177702,0),(371,6069,1463,0,983,0,'983_6ed760816413f50b4c1b79f3059b373d','Test 20 - Numeri reali 1.pdf',318,'','pdf','application/pdf',549041,1422394200,0),(372,6073,1458,0,983,0,'983_f55e9d141171c6c486076635697acc03','150128 - Funzione non monotona.pdf',220,'','pdf','application/pdf',23157,1422479450,0),(373,6074,1464,0,983,0,'983_68a79e3e1e322c88db688da4a2fbd2c2','Test 13 - Funzioni - Esercizi teorici 1.pdf',432,'','pdf','application/pdf',885114,1422485435,0),(374,6083,1469,0,1767,0,'1767_18883ee2d7829040a1ff2de5c1d33c2d','image.jpg',0,'Svolgimento limite','jpg','image/jpeg',806282,1422525887,0),(375,6092,1470,0,2,0,'2_323305d8dd7716be1b8352b41684b1b5','AL_15_CS2.pdf',378,'Testo Scritto 2','pdf','application/x-msdownload',36364,1422546796,0),(376,6092,1470,0,2,0,'2_5a4f3441a456c020e1ccb14562a9ed34','AL_15_CS2-Sol.pdf',596,'Scritto 2 -- Cenni di soluzione','pdf','application/x-msdownload',795119,1422546879,0),(377,6095,1465,0,983,0,'983_d40346c6dbef98b12b67adb0f7d3cd44','150129 - Limite successioni lista n_6 es_18.pdf',185,'','pdf','application/pdf',49357,1422565998,0),(378,6096,1469,0,983,0,'983_d4fcf29dbe16500486912b164f9e6aeb','150129 - Limite successione.pdf',146,'','pdf','application/pdf',137225,1422566142,0),(379,6100,1472,0,1707,0,'1707_509eb3678b698cd35b55cef604a77209','Es4.png',0,'','png','image/png',20465,1422608129,0),(380,6110,1472,0,983,0,'983_f4bd1864852d67c8d25710c5a3932a84','150130 - calcolo serie.pdf',349,'','pdf','application/pdf',114996,1422660426,0),(381,6113,1475,0,983,0,'983_ef4566bf8e2a2af74e85dbe74cd3ede2','Test 40 - Sviluppi di Taylor 2.pdf',299,'','pdf','application/pdf',943446,1422707424,0),(382,6114,1476,0,983,0,'983_487b7132b10d6eb4f737c67cefd9c357','Test 33 - Limiti 10.pdf',416,'','pdf','application/pdf',665310,1422806142,0),(383,6115,1477,0,983,0,'983_e27badf61d2f35556fc6cdff2da5bc7d','Test 41 - Linguaggio degli infinitesimi 1 - Parte principale.pdf',304,'','pdf','application/pdf',685420,1422806489,0),(384,6116,1478,0,983,0,'983_54390b16e409c04d43a3a8d1e9e9ce9a','Test 46 - Serie 3.pdf',629,'','pdf','application/pdf',603054,1422806723,0),(385,6117,1479,0,1677,0,'1677_2299d4d9c14c91c873c199e821d63f23','Catturaese.PNG',0,'','png','image/png',45544,1422819664,0),(386,6119,1479,0,983,0,'983_42ff792cbf9aac0301c9122fe54ef239','150201 - Esercizio sullo studio di funzione.pdf',405,'','pdf','application/pdf',91158,1422828929,0),(387,6126,1472,0,983,0,'983_389af018b9f64df06af13c939a1393cb','150202 - calcolo serie_bis.pdf',292,'','pdf','application/pdf',85934,1422912392,0),(388,6142,1481,0,1734,0,'1734_ac14cdf4258efbedc8865b71ebe7f531','eserc limiti taylor.pdf',151,'','pdf','application/pdf',63944,1423060258,0),(389,6142,1481,0,1734,0,'1734_8f4b3c0ff2f6235b4dfc814703c1c55e','esercizio limiti taylor by Overtrq.jpg',0,'','jpg','image/jpeg',1880955,1423060355,0),(390,6149,1472,0,983,0,'983_24c1cbb8d92a0315328f05886c919572','150203 - calcolo serie_ter.pdf',295,'','pdf','application/pdf',61505,1423084188,0),(391,6151,1454,0,983,0,'983_e5026616225e5472b4dbe86a35537ebf','AM1_15_CS1_sol_es7c_bis.pdf',264,'','pdf','application/pdf',121626,1423087801,0),(392,6173,1453,0,983,0,'983_27bf53950ea850ff0c2ecd7db4dbbc97','AL_15_CS1_es01_pianoACD.pdf',247,'','pdf','application/pdf',60026,1423599733,0),(393,6183,1487,0,1677,0,'1677_e37f26e6e2eee5ef06346be89c1ab309','analisi.PNG',0,'','png','image/png',18283,1423753490,0),(394,6184,1486,0,983,0,'983_bfd52b4bf24785a4a0857c5c998b782d','150212 - studio di funzione.pdf',223,'','pdf','application/pdf',93669,1423810055,0),(395,6185,1487,0,983,0,'983_47b2c5538507f1798df9d08b864d3763','150212 - Esercizio.pdf',226,'','pdf','application/pdf',34712,1423810240,0),(396,6187,942,0,1752,0,'1752_bd2f2268d441f978709ed41e0e968a1b','2015-02-13 12.53.35.jpg',0,'Calcolo della dimensione di (V+W)','jpg','image/jpeg',545048,1423829466,0),(397,6192,942,0,983,0,'983_c9d869393e110e48859e1c921660305b','150213 - Simulazione1_due domande.pdf',218,'','pdf','application/pdf',62964,1423864786,0),(398,6194,1489,0,1608,0,'1608_e03548e6717d5176403799f8324c9381','11004910_344306485770977_952484631_n.jpg',0,'','jpg','image/jpeg',95362,1424012723,0),(399,6194,1489,0,1608,0,'1608_ca0afca0da630f93dfea09b69a691c5d','11007638_344306505770975_7430706_n.jpg',0,'','jpg','image/jpeg',84825,1424012745,0),(401,6195,1490,0,1608,0,'1608_1b5aaf1c8a3e24c4acbc7f164e64d99e','11003966_344306422437650_68449793_n.jpg',0,'','jpg','image/jpeg',79363,1424012911,0),(402,6197,1492,0,1782,0,'1782_b2e26e3274c1ff6f9906d44b30a7dccb','image.jpg',0,'','jpg','image/jpeg',17431,1424020450,0),(403,6202,1494,0,983,0,'983_0869db5042674b9a08da934d52012af3','150216 - Esercizio polinomio di Taylor di ordine 11.pdf',215,'','pdf','application/pdf',71729,1424125008,0),(405,6208,1489,0,1783,0,'1783_1f6a86f8c614157f236efeb7c12147d7','14241828504481306178863.jpg',0,'','jpg','image/jpeg',1207845,1424183023,0),(406,6210,1495,0,983,0,'983_ee33e5da98558550e19953da843f163c','150217 - Soluzioni dell\' equazione.pdf',242,'','pdf','application/pdf',79836,1424213232,0),(407,6212,1496,0,2,0,'2_884ecd25682c5cddc8d95a2b55107984','AL_15_CS3.pdf',401,'Scritto 3 - Testo','pdf','application/x-msdownload',33401,1424243891,0),(408,6212,1496,0,2,0,'2_08f6e09774f489445bac20a315fd8909','AL_15_CS3-Sol.pdf',508,'Scritto 3 - Traccia di soluzione','pdf','application/x-msdownload',868056,1424243949,0),(409,6228,1502,0,1638,0,'1638_1c48021fec3fc0269693e5d8ea20e29b','IMG_20150318_233347075.jpg',0,'','jpg','image/jpeg',1745470,1426718268,0),(410,6229,1503,0,2,0,'2_5af78e2a7f6ccd2686c985bd45d999a2','AM1_15_TI2.pdf',520,'Testo secondo compitino','pdf','application/x-msdownload',39434,1426874129,0),(411,6238,1500,0,2,0,'2_096f818d20349416c04549d1101a7b6f','AM1_15_PI2_Ris.pdf',328,'Risultati secondo compitino','pdf','application/x-msdownload',33117,1427732321,0),(412,6245,1503,0,983,0,'983_a9e72faa37e9afb22a3abe89b181d42c','AM1_15_TI2_sol.pdf',484,'','pdf','application/pdf',1006361,1428228054,0),(413,6269,1516,0,983,0,'983_ae0744f2b4eb0be9b2bfb3d7053bac00','Test 59 - Funzioni 13_es03.pdf',297,'','pdf','application/pdf',118586,1429303564,0),(414,6271,1516,0,1653,0,'1653_ba715423c881fd18a7e95337b27aeabe','1429539100305-1834547163.jpg',0,'','jpg','image/jpeg',2024846,1429539004,0),(415,6276,1516,0,983,0,'983_87279628c2f73a17a96694364c4f0ba0','Test 59 - Funzioni 13_es03_rev01.pdf',242,'','pdf','application/pdf',224392,1429563594,0),(420,6305,1515,0,2,0,'2_1825edcd39c00801fe66e5a5413a0c69','AM1_15_PI-Test.pdf',281,'Risultati terzo compitino - Test','pdf','application/x-msdownload',26230,1431365397,0),(419,6282,1520,0,983,0,'983_c5e9312abe2732479f28e53fd37ec4fe','150423 - calcolo limite.pdf',151,'','pdf','application/pdf',62523,1429823937,0),(421,6305,1515,0,2,0,'2_6f2af9b8c2a2fe1f43cbda919db050a5','AM1_15_PI3_Ris.pdf',306,'Risultati terzo compitino - Globale','pdf','application/x-msdownload',33254,1431365428,0),(424,6308,1529,0,2,0,'2_20a59bfbcb5f6ef7e34952eec058195f','AM1_15_TI3.pdf',502,'Testo terzo compitino','pdf','application/x-msdownload',37758,1431527882,0),(423,6306,1515,0,2,0,'2_7fbe53df94d514240bcabde639567cf6','AM1_15_PI-Tot.pdf',197,'Situazione finale compitini','pdf','application/x-msdownload',34519,1431527470,0),(425,6309,1530,0,2,0,'2_6ceede88468ccc873ad168170da553cd','AM_Esami_GS.pdf',6331,'Scritti di Analisi 1 Ghisi-Spagnolo','pdf','application/x-msdownload',459798,1431529289,0),(426,6310,1531,0,1783,0,'1783_6c1939ccf2b4e39f89fe9ad01f091207','20150513_175039.jpg',0,'','jpg','image/jpeg',1211720,1431532743,0),(427,6333,1540,0,1653,0,'1653_b76d2fdabe51975edd2aa5cefbcbd3d2','14324592160601999021516.jpg',0,'','jpg','image/jpeg',968042,1432459155,0),(428,6338,1542,0,1829,0,'1829_330d8e38745acd1e7725b1206d31ac25','image.jpg',0,'','jpg','image/jpeg',1571675,1432554609,0),(429,6339,1543,0,1662,0,'1662_562acc2caf4450201b4cd923f7f8ec60','ES4-4708.tiff',0,'','tiff','image/tiff',67490,1432582313,0),(430,6340,1544,0,1662,0,'1662_b7ed51ec1a46a1202205194f8a11c872','ES3-6902.tiff',0,'','tiff','image/tiff',32624,1432583049,0),(431,6350,1546,0,1662,0,'1662_4c1c70b7db60e7c1c95ee99c067093a0','limiti14.PDF',406,'','pdf','application/pdf',708081,1432834719,0),(434,6381,1533,0,2,0,'2_b541e83395c40797ee15cd35026c958c','Scritto_1.pdf',451,'Risultati scritto 1 (4 giugno 2015)','pdf','application/x-msdownload',27683,1433584783,0),(433,6361,1550,0,1657,0,'1657_aed491733759a8845195022b786b62d6','Immagine.png',0,'','png','image/png',143770,1432982998,0),(435,6385,1560,0,2,0,'2_bde297b881d1079106679eed46bea9a9','AM1_15_CS1.pdf',972,'Testo scritto 1','pdf','application/x-msdownload',38594,1433587232,0),(436,6409,1561,0,1829,0,'1829_2a52e4e7548372ebb3c8aa156a1c0d15','1433938853443.jpg',0,'','jpg','image/jpeg',1577632,1433938931,0),(437,6412,1563,0,798,0,'798_373e5b7e601174af58bf35b152df1821','Cattura.PNG',0,'','png','image/png',2892,1434112993,0),(438,6468,1566,0,2,0,'2_057f9fc08ddb1180aef14096febd8d27','Scritto_2.pdf',371,'Risultati secondo scritto 2015','pdf','application/pdf',26894,1435607185,0),(439,6493,1195,0,1723,0,'1723_bae71081677c559669fc7e7943cd761b','gobbino.gif',0,'disegno relativo a domanda precedente','gif','image/gif',4584,1436371802,0),(443,6494,1195,0,1737,0,'1737_3d1ca8a5b93a2d315e89253f68bd336c','IMG_4592.jpg',0,'','jpg','image/jpeg',1673474,1436372146,0),(444,6517,1576,0,2,0,'2_06a82950f87784d261dfda026c286ddc','Scritto_3.pdf',338,'Risultati scritto terzo appello','pdf','application/pdf',26362,1437734534,0),(445,6519,1560,0,2,0,'2_6f682017d2b2e31d575146265bc3f2bb','AM1_15_CS2.pdf',466,'Scritto 2','pdf','application/pdf',41275,1437818472,0),(446,6519,1560,0,2,0,'2_dd06f128fd4a122dad6319d4273e6002','AM1_15_CS3.pdf',507,'Scritto 3','pdf','application/pdf',39412,1437818493,0),(448,6548,1593,0,2,0,'2_c7f4796f9aa1b7daeaaa8ddc1b731cae','Scritto_4.pdf',288,'Risultati quarto scritto','pdf','application/pdf',20899,1441284541,0),(449,6549,1560,0,2,0,'2_6d54c9c1d0dc26d970fb30426a21f076','AM1_15_CS4.pdf',472,'Scritto 4','pdf','application/pdf',40314,1441285004,0),(450,6566,1604,0,93,0,'93_ef9865276e06f5631d7cab3a21875b5d','BuroMecc.pdf',303,'Burocrazia','pdf','application/pdf',55583,1442999265,0),(452,6566,1604,0,93,0,'93_14b2161b90922698b347c357b129841b','Mecc15-16_Esame.pdf',338,'Regole d\'esame','pdf','application/pdf',61174,1442999417,0),(453,6566,1604,0,93,0,'93_5ea183b2e0ede42911385a846ea7ebf2','Mecc15-16_Compitini.pdf',336,'Regole compitini','pdf','application/pdf',50913,1442999463,0),(454,6570,1591,0,983,0,'983_a94889e86b8d5af83b0cafd78736f7ee','150924 - disequazioni 9 esercizio n 10.pdf',215,'','pdf','application/pdf',44006,1443126203,0),(455,6571,1589,0,983,0,'983_94befb0c468928ee00d54280f1b750e3','150924 - disequazioni 8 esercizio n 10.pdf',230,'','pdf','application/pdf',52977,1443127270,0),(456,6572,1587,0,983,0,'983_52fc65b9ec5a4446d0aeb3fb6e989d41','150924 - equazioni 6 esercizio n 15 e 16.pdf',242,'','pdf','application/pdf',42474,1443131200,0),(457,6604,1611,0,93,0,'93_a78ef2ea415cdc3ddbfcf27a4451422f','M15_CSPI.pdf',1494,'testi compitini','pdf','application/pdf',66953,1444303396,0),(458,6608,1614,0,983,0,'983_79454bdb240340edfd7bd11d13757e7a','151017 - Limite all\'infinito Analisi 2.pdf',580,'','pdf','application/pdf',78766,1445107112,0),(459,6609,1571,0,983,0,'983_de10bbca5f18232f153b91301516d4ab','151018 - limite con parametro.pdf',173,'','pdf','application/pdf',93235,1445160309,0),(460,6613,1614,0,983,0,'983_0936f9e0664fe3ff83f80fa2227ffc2e','151018 - Limite all\'infinito Analisi 2_rev01.pdf',436,'','pdf','application/pdf',69550,1445188062,0),(461,6617,1611,0,983,0,'983_2d17e948f4e7d7b1c0c5d41e14ef3adc','M15_CSPI_01.pdf',825,'','pdf','application/pdf',364395,1445375543,0),(462,6621,1616,0,983,0,'983_7ea04445d88851039370b6557b473737','Test 34 - Limiti 11.pdf',554,'','pdf','application/pdf',563620,1445814495,0),(465,6624,1617,0,983,0,'983_eb94a6a67fb9294f3809ce99eb2c90fc','Test 47 - Serie 4.pdf',540,'','pdf','application/pdf',739896,1446322686,0),(464,6623,1436,0,983,0,'983_18a8676056cc37db465a028a514fc159','Test 42 - Limiti 12.pdf',457,'','pdf','application/pdf',520223,1446280254,0),(466,6625,1546,0,983,0,'983_3dd7429d0eb66981d6c4697f387764ac','Test 43 - Limiti 14.pdf',459,'','pdf','application/pdf',949096,1446405922,0),(467,6631,1621,0,983,0,'983_bd60315f52d89382dd7688af743aceaf','Test 48 - Serie 5.pdf',491,'','pdf','application/pdf',658835,1446587896,0),(468,6661,1611,0,983,0,'983_6d3d6351d7864aa96ce10185000d1db9','M15_CSPI_02.pdf',717,'','pdf','application/pdf',421824,1447964774,0),(469,6680,1634,0,983,0,'983_f79d6851d399b59994c161ee459dc1fc','151129 - limite.pdf',198,'','pdf','application/pdf',66131,1448822472,0),(470,6693,1611,0,983,0,'983_87ff5de6d254ccd9c1c4ac7be213a4e3','M15_CSPI_03.pdf',657,'','pdf','application/pdf',451553,1449323561,0),(471,6694,1636,0,2,0,'2_2280c6f8ca60ddd483b0d0900c1a6b18','AM2_16_PI1.pdf',640,'Testo primo compitino','pdf','application/x-download',42923,1449477517,0),(474,6699,1636,0,983,0,'983_a305bfd9c5abd8f5867bd3bee0fc3fba','AM2_16_PI1_sol.pdf',560,'','pdf','application/pdf',688728,1449559838,0),(473,6695,1618,0,2,0,'2_73e60316e3b2160c968c4a5b0eae5017','AM2_16_PI_1.pdf',480,'Risultati primo compitino','pdf','application/x-download',32959,1449483562,0),(760,8030,1944,0,2,0,'2_d5d88a31ae8aedeaa1f0b033eeb6548f','AM1_17_CS4.pdf',498,'Scritto 4 (23 Settembre 2017)','pdf','application/pdf',132265,1506324598,0),(481,6716,1640,0,983,0,'983_0db224a0edeb6043f3043e460d7f216f','151208 - limiti dove compare la parte intera_rev01.pdf',240,'','pdf','application/pdf',38472,1449696244,0),(480,6709,1640,0,983,0,'983_0c4971cb452f1d8c08aa8eba7fc0e06b','151208 - limiti dove compare la parte intera 02_rev02.pdf',298,'','pdf','application/pdf',45178,1449695864,0),(482,6719,1640,0,983,0,'983_dd90ae0a92a3d4f13c99c135a3bd2120','151210 -  limiti dove compare la parte intera 03.pdf',216,'','pdf','application/pdf',41100,1449729742,0),(485,6726,1635,0,93,0,'93_7170d1f7f42fff1e0d7ec5799c59d6cd','aulaF6.pdf',171,'','pdf','application/pdf',30709,1450340713,0),(486,6726,1635,0,93,0,'93_48fe822d882bce95d2da56fe9dea0bc3','aulaF9.pdf',215,'','pdf','application/pdf',31750,1450340739,0),(487,6730,1635,0,93,0,'93_3431765ef8963dc0899b0ae9d96643f2','compitini2016.pdf',282,'','pdf','application/pdf',25075,1450687408,0),(488,6730,1635,0,93,0,'93_18bcdccd1707fee9d96115e4accfc071','3compitino.pdf',220,'','pdf','application/pdf',81749,1450687493,0),(489,6737,1646,0,2,0,'2_3acfb0c3c5d10549babadeca9df5b45f','CdV_16_CS0.pdf',391,'Simulazione scritto','pdf','text/html',35925,1450978359,0),(492,6743,1647,0,983,0,'983_0fefc1b8649401c8b9f033eaf54ce4b9','160101 - determinare l\'ordine di infinitesimo.pdf',318,'','pdf','application/pdf',61297,1451644727,0),(491,6738,1635,0,983,0,'983_f3df9052dad6a2892391078e1f5c8edc','3compitino_sol_rev01.pdf',188,'','pdf','application/pdf',398651,1451339789,0),(493,6750,1649,0,983,0,'983_d14cdb57721d27efec57bb95f528f86f','160102 - limite.pdf',233,'','pdf','application/pdf',34071,1451727921,0),(494,6751,1644,0,983,0,'983_d151256a33438b0418796aafc3297b17','160102 - calcolo limiti 01.pdf',227,'','pdf','application/pdf',118615,1451731285,0),(495,6753,1644,0,983,0,'983_b950d276653be328704f09426ade862f','160103 - calcolo limiti 02.pdf',215,'','pdf','application/pdf',101553,1451830630,0),(496,6754,1649,0,983,0,'983_c2d91556e8d40d8477c34f51b20d78f1','160103 - limite_bis.pdf',219,'','pdf','application/pdf',76249,1451833813,0),(498,6757,1650,0,983,0,'983_ceed0c06f5f9db9efe72d9591e73b449','160103 - asintoti.pdf',211,'','pdf','application/pdf',35867,1451855949,0),(499,6799,1637,0,2,0,'2_1bbb60123ccc163cdcc0b49cf18dee9f','Scritto_5.pdf',271,'Risultati scritto numero 5','pdf','application/x-download',20735,1452629287,0),(500,6800,1638,0,2,0,'2_fed7651a0ee6c89d2a71cf796d0492a1','Scritto_1.pdf',325,'Risultati primo scritto 2016','pdf','application/x-download',19358,1452629377,0),(501,6803,1662,0,2,0,'2_7534da37fc0da603431fd36d4ba6a8f7','CdV_16_CS1.pdf',397,'Primo appello 2016 - Testo','pdf','application/x-download',32113,1452676373,0),(502,6804,1560,0,2,0,'2_8d6f4f11f0b0a09d581b285c60c84e30','AM1_15_CS5.pdf',433,'Scritto 5','pdf','application/x-download',32893,1452676636,0),(515,6831,1662,0,1909,0,'1909_6443f86379ca50441ddb8e0910a96334','CdV_16_CS1_Sol.pdf',371,'Soluzione completa','pdf','application/pdf',184210,1453935029,0),(504,6809,1662,0,1909,0,'1909_bcfbca386965cacc7fe1d60d79c243c6','Ex 1.pdf',302,'','pdf','application/pdf',107288,1452888514,0),(516,6838,1646,0,1909,0,'1909_0bbad7dd1a6db8c1c561798436689c46','CdV_16_CS0_Sol.pdf',306,'Soluzione completa','pdf','application/pdf',184836,1453997184,0),(517,6909,1632,0,1909,0,'1909_333441e8112bad3b8ceaf74cf29bed8a','20160129_190517.jpg',0,'Pagina 1','jpg','image/jpeg',1305890,1454091062,0),(518,6909,1632,0,1909,0,'1909_191d32a86b4b71b6f267f1293a21899b','20160129_190524.jpg',0,'Pagina 2','jpg','image/jpeg',778435,1454091091,0),(519,6932,1687,0,1940,0,'1940_616cdf8de4d3be4805a535f63ea40970','limit.jpg',0,'','jpg','image/jpeg',30923,1454415437,0),(520,6938,1663,0,2,0,'2_c5c8e82f951243fed30e3b33d27a0b3b','Scritto_6.pdf',303,'Risultati scritto numero 6 (e ultimo)','pdf','application/x-download',20399,1454433391,0),(521,6939,1664,0,2,0,'2_e58c676f25f2c47eebb4713382866b14','Scritto_2.pdf',303,'Risultati secondo appello 2016 ECV','pdf','application/x-download',20197,1454434112,0),(522,6954,1662,0,1909,0,'1909_97569874d63484a2dd16a3cf7dfb26e2','CdV_16_CS2_Sol.pdf',388,'Soluzione completa','pdf','application/pdf',177175,1454774729,0),(523,6803,1662,0,2,0,'2_96efea7b916b29a33ded914f5b85f7e8','CdV_16_CS2.pdf',274,'Secondo appello 2016 - Testo','pdf','application/x-download',37081,1455015063,0),(524,6975,1694,0,1940,0,'1940_42a91f2b012dd4feb403a6a492583631','Immagine.png',0,'','png','image/png',7354,1455278393,0),(525,6979,1695,0,1940,0,'1940_b1ebb1d5968f614308f60b0f83a3461c','Immagine.png',0,'','png','image/png',4142,1455287936,0),(526,6984,1696,0,1940,0,'1940_0cb5d23ceff6960809155fd71ac5d6c2','Immagine.png',0,'','png','image/png',4691,1455356876,0),(527,6990,1700,0,1940,0,'1940_e484662e0abfd08454ab2f08a6f0dd5c','Immagine.png',0,'','png','image/png',4097,1455531476,0),(528,7016,1705,0,1940,0,'1940_fa6192e6a2fa26647caa27f4e6bd9059','albrtoe.jpg',0,'','jpg','image/jpeg',263511,1455994140,0),(529,7017,1705,0,983,0,'983_6eee23ea545d6f51260bc51c12df46df','160220 - Risoluzione limite usando Taylor.pdf',346,'','pdf','application/pdf',55699,1456002463,0),(530,7039,1706,0,1943,0,'1943_db69c8804cb72c52ee3273bf082a4b3b','esercizio3.JPG',0,'','jpg','image/jpeg',79913,1456140171,0),(531,7045,1677,0,2,0,'2_c549ce69a115a1471431ab392edc69b9','Scritto_3.pdf',297,'Risultati terzo scritto 2016','pdf','application/x-download',19977,1456241459,0),(532,6803,1662,0,2,0,'2_0dcb6bb124ea68beb83b96aeb821e9c3','CdV_16_CS3.pdf',268,'Terzo appello 2016 - Testo','pdf','application/x-download',37516,1456241585,0),(533,7058,1707,0,1606,0,'1606_710715db47b89bb0069c546227d2b14c','WP_20160224_001.jpg',0,'','jpg','image/jpeg',1591873,1456350433,0),(534,7058,1707,0,1606,0,'1606_3c9c0652b358cbf2ef5ec4c17fafeaf9','WP_20160224_003.jpg',0,'','jpg','image/jpeg',1781178,1456350462,0),(535,7067,1662,0,1909,0,'1909_b4bd44bc86559c9fc5d0e21970ad9518','CdV_16_CS3_Sol.pdf',301,'Soluzione completa','pdf','application/pdf',207329,1456516775,0),(536,7076,1712,0,983,0,'983_4226e706207bbd3cc31f70571d39bf67','160228 - Limite non chiaro.pdf',286,'','pdf','application/pdf',62380,1456695126,0),(537,7080,1713,0,1940,0,'1940_94b1f53455cf65f26937027c795cc30b','Immagine.png',0,'','png','image/png',14010,1457033693,0),(538,7107,1652,0,2,0,'2_0e1992f6d837b53db0c1a2273728c3f5','AM2_16_PI_2.pdf',307,'Risultati secondo compitino','pdf','application/pdf',22098,1458666586,0),(541,7116,1720,0,983,0,'983_319d20def6192571713f0970d26872e5','160409 - serie con logaritmi.pdf',369,'','pdf','application/pdf',42137,1460233916,0),(540,6694,1636,0,2,0,'2_cb1e45da38af95338388b74db88efbdd','AM2_16_PI2.pdf',654,'Testo secondo compitino','pdf','application/pdf',27671,1458681268,0),(542,7128,1722,0,983,0,'983_e24f509b7d73a45b603c19df6a4de52a','160419 - Serie 4, 2° colonna, esercizio n° 7.pdf',247,'','pdf','application/pdf',73515,1461098753,0),(543,7140,1725,0,1811,0,'1811_b7dd323fb802f28f7acc90d77d4ddc4f','IMG_20160421_172646.jpg',0,'','jpg','image/jpeg',2258193,1461253257,0),(545,7148,1722,0,1811,0,'1811_024fe575c791a73d540750b4cfa613c8','IMG_20160422_181739.jpg',0,'','jpg','image/jpeg',2696849,1461342264,0),(547,7163,1726,0,1662,0,'1662_d4edcd84c05e69814b8b10a886cda89e','FA.pdf',219,'','pdf','application/pdf',174600,1462387765,0),(548,7185,1726,0,1662,0,'1662_04233b6ec8425f7301e1a25f83815f50','Funzioni analitiche.pdf',188,'','pdf','application/pdf',178526,1464298912,0),(549,7196,1740,0,2,0,'2_b303e2d44f611a2fd7fec0f6d22d9da5','AM2_16_CS1.pdf',767,'Testo scritto numero 1','pdf','application/pdf',42287,1465306652,0),(550,7198,1729,0,2,0,'2_4b3ac365033b4ab8adcd2a21670a263c','Scritto1.pdf',3452,'','pdf','application/pdf',38108,1465395134,0),(551,7200,1741,0,1811,0,'1811_5ace38d761542baab47627ea470216b2','Screenshot_2016-06-08-20-04-48.png',0,'','png','image/png',184845,1465409214,0),(552,7202,1740,0,1977,0,'1977_344505c137bf76e6965ece1a12e3206b','Es  1 analisi 2 primo compito.pdf',465,'','pdf','application/pdf',1513472,1465452573,0),(553,7210,1742,0,983,0,'983_c056070037036bd1f1ec065905ccb595','160609 - eq_differenziale.pdf',230,'','pdf','application/pdf',60400,1465501146,0),(554,7213,1743,0,1971,0,'1971_6355877496ece588ac866241ecd14649','Equazione differenziale.pdf',214,'','pdf','application/pdf',488135,1465567150,0),(555,7215,1742,0,1971,0,'1971_e5f5198530dcfa16aeb9e964012e952d','Equazione differenziale 2.pdf',218,'','pdf','application/pdf',192194,1465577302,0),(556,7220,1743,0,983,0,'983_7bb2df22fd6208365a17ec605c9f5bf6','160611 - Esercizio con dimostrazione.pdf',204,'','pdf','application/pdf',74652,1465663987,0),(557,7221,1743,0,1971,0,'1971_a5ef339f2c8fbe4e091a1fbb7b02ab9a','Quesito b).pdf',187,'','pdf','application/pdf',101397,1465705228,0),(558,7240,1747,0,983,0,'983_64616f2ff5a91f0cb5c6b93b1e45caed','160615 - Equazione differenziale strana tipologia.pdf',212,'','pdf','application/pdf',24727,1466022517,0),(559,7241,1747,0,1971,0,'1971_f9b532de86b40b0d0b4d262cbe5a87dd','Equazione in forma strana.pdf',167,'','pdf','application/pdf',73823,1466029681,0),(560,7252,1748,0,1971,0,'1971_b579bcb9005675d00367e9af10352726','Equazione differenziale 8.pdf',228,'','pdf','application/pdf',198451,1466274758,0),(563,7255,1740,0,2,0,'2_692d0c301a5f8014ef80ff4bea7f8635','AM2_16_CS1_Sol.pdf',757,'Soluzioni/commenti primo scritto','pdf','application/pdf',3674653,1466349484,0),(564,7263,1749,0,983,0,'983_36dd7663cffc8437a4952cb1c3dfbac0','160618 - Equazione della retta.pdf',178,'','pdf','application/pdf',69089,1466456890,0),(565,7266,1754,0,1937,0,'1937_9c032efd6ad6cf98169e59c4a6296b2e','cubetto_interno.pdf',218,'','pdf','application/pdf',55551,1466635833,0),(567,7270,1748,0,983,0,'983_645e0f1bc6898c187eb3ee4ed418b631','160623 - Equazione differenziale 8.pdf',208,'','pdf','application/pdf',66141,1466715862,0),(568,7285,1760,0,983,0,'983_be0a260dd935d92e89d30282ed696a80','160624 - Serie con parametro a (reale).pdf',237,'','pdf','application/pdf',51970,1466797639,0),(569,7288,1761,0,1971,0,'1971_fab5b10bab652711976cb35b3746dbdd','Esercizio 3.pdf',187,'','pdf','application/pdf',191913,1466897543,0),(570,7196,1740,0,2,0,'2_e6dbe9df7ecf50a022fe15269735c396','AM2_16_CS2.pdf',578,'Testo scritto numero 2','pdf','application/pdf',41044,1467141329,0),(572,7291,1729,0,2,0,'2_0b43c3407cada1d3d1c94b8f9723852c','Scritto2.pdf',1376,'Risultati scritto 28 giugno 2016','pdf','application/pdf',38015,1467212673,0),(573,7292,1730,0,2,0,'2_bb7922065b35ca1392dcdf1e5e39a031','Scritto_4.pdf',195,'Risultati scritto 28 giugno','pdf','application/pdf',22985,1467213372,0),(574,6803,1662,0,2,0,'2_12593dad6c30f753c574bdf597872858','CdV_16_CS4.pdf',299,'Quarto appello 2016 - Testo','pdf','application/pdf',33482,1467218885,0),(575,7324,1767,0,1971,0,'1971_a48c20b62816ca7ffad702e6a4eb3b75','Esercizio con serie_0001.pdf',227,'','pdf','application/pdf',125123,1468522819,0),(576,7325,1767,0,983,0,'983_6ebde7ef930989e7a840b47738645e24','160714 - Serie parametrica.pdf',245,'','pdf','application/pdf',52487,1468524635,0),(577,7328,1768,0,1971,0,'1971_d71d15ae89325c6ac3bfa93db0ef47c2','Successione per ricorrenza.pdf',247,'','pdf','application/pdf',265475,1468595403,0),(578,7329,1768,0,983,0,'983_ed132dd507749f04f0bbffb2d22a273d','160715 - confronto risultato (test 92 - n6).pdf',253,'','pdf','application/pdf',73749,1468614169,0),(579,7335,1768,0,1971,0,'1971_2bb5edb79c536f75c442801be96d4ae1','relazione.pdf',219,'','pdf','application/pdf',25230,1468747800,0),(580,7342,1729,0,2,0,'2_06c97255282047519d4081a9c1283be6','Scritto3.pdf',302,'Risultati scritto 22 luglio 2016','pdf','application/pdf',36532,1469267150,0),(581,7343,1762,0,2,0,'2_b5facf72ea3780dc7f471a5c277c6adf','Scritto_5.pdf',177,'Risultati scritto 22 Luglio 2016','pdf','application/pdf',23068,1469267518,0),(582,7196,1740,0,2,0,'2_90c7e37912ad7c552e8ac88940104599','AM2_16_CS3.pdf',498,'Testo scritto numero 3','pdf','application/pdf',34052,1469270154,0),(583,6803,1662,0,2,0,'2_9f404ce098c07827f92fe402c411865e','CdV_16_CS5.pdf',246,'Quinto appello 2016 - Testo','pdf','application/pdf',31992,1469349603,0),(584,7359,1774,0,1971,0,'1971_719e921fa6665bb9b5477b73ff74a1cd','Considerazioni preliminari.pdf',252,'','pdf','application/pdf',43492,1469688071,0),(588,0,0,0,1971,1,'1971_64edb99dda17feb2f3cac2c4ba1060a0','Successione con valore assoluto.pdf',0,'','pdf','application/pdf',571421,1469859585,0),(586,7366,1777,0,1971,0,'1971_97a9e44afbbd26e4f6604439f54832ce','sostituzione.pdf',235,'','pdf','application/pdf',33763,1469737894,0),(587,7367,1777,0,983,0,'983_88acc46d567ca63029a17f98e1bc7f73','160728 - Integrale proprio.pdf',227,'','pdf','application/pdf',43582,1469738559,0),(589,7375,1774,0,1971,0,'1971_20ac32b46bb5b038b1be08212223baa0','Successione con valore assoluto.pdf',255,'','pdf','application/pdf',571421,1469859657,0),(590,7376,1773,0,983,0,'983_45e9aa7a35de10537bc80863d18cb59c','160728 - Equazione parametrica con radice e valore assoluto_rev01.pdf',254,'','pdf','application/pdf',158908,1469918028,0),(592,7412,1775,0,2,0,'2_629c4c8896ca86e2b24989a838973752','Scritto4.pdf',318,'Risultati scritto 6 settembre 2016','pdf','application/pdf',33464,1473250769,0),(593,7413,1776,0,2,0,'2_16f32e477e923cb828273963236f4121','Scritto6.pdf',189,'Risultati scritto 6 settembre 2016','pdf','application/pdf',20721,1473251008,0),(594,6803,1662,0,2,0,'2_6ac4f204974efe9df7c46be386682572','CdV_16_CS6.pdf',272,'Sesto appello 2016 - Testo','pdf','application/pdf',39795,1473251518,0),(595,7196,1740,0,2,0,'2_74d9f87ed35a5e486c958541f456920b','AM2_16_CS4.pdf',495,'Testo scritto numero 4','pdf','application/pdf',50832,1473251883,0),(596,7422,1788,0,983,0,'983_602c23a6f77632efb415bff7d45097ec','160910 - Equazione.pdf',262,'','pdf','application/pdf',62972,1473531812,0),(597,7425,1785,0,983,0,'983_8574cf3c0649660ab2d93a0c2445032e','160912 - esercizi da svolgere.pdf',505,'','pdf','application/pdf',173275,1473714619,0),(598,7434,1790,0,983,0,'983_6c3bd6fc93ae372d2d2f83e831399820','160915 - Integrale doppio - dominio.pdf',171,'','pdf','application/pdf',28780,1473969968,0),(599,7437,1791,0,93,0,'93_ecc016f3c346b6e7421fc48c903c0017','M16_CSPI.pdf',1369,'','pdf','application/pdf',58413,1474040864,0),(605,7450,1793,0,983,0,'983_88089c0b591acb8f1cd4064f7d963de3','160916 - Integrale doppio con ellisse.pdf',345,'','pdf','application/pdf',66380,1474059135,0),(602,7445,1792,0,93,0,'93_6568db5c2b5483d795ba17f85e6a7bbf','Mecc1617_Esame.pdf',353,'','pdf','application/pdf',95100,1474043022,0),(603,7445,1792,0,93,0,'93_769b1845b89770d88266767a86142c4c','Mecc1617_Compitini .pdf',339,'','pdf','application/pdf',85288,1474043039,0),(604,7445,1792,0,93,0,'93_6b6def88c2f3776acb571039e04a560a','BuroMecc.pdf',359,'','pdf','application/pdf',79684,1474043385,0),(606,7502,1186,0,1995,0,'1995_c21b58b4ff70572ae6b17cb17b1e944f','Gimusi_9.pdf',170,'','pdf','application/pdf',113357,1476689748,0),(614,7518,1818,0,983,0,'983_31395067f0729553af2d0a8058b98fef','Test 14 - Funzioni - Esercizi teorici 2_rev01.pdf',286,'','pdf','application/pdf',770039,1477948041,0),(608,7524,1823,0,983,0,'983_6e5586e8f309500aaec9d56683e6377a','Test 15 - Funzioni - Esercizi teorici 3.pdf',250,'','pdf','application/pdf',733398,1477523886,0),(617,7539,1791,0,983,0,'983_e4124ccd042cc8123389177fd858d467','M16_CSPI_03_sol_rev02.pdf',733,'','pdf','application/pdf',429797,1478127580,0),(619,7539,1791,0,983,0,'983_a407b98f5f7a0f9e1788a9ca859bc333','M16_CSPI_01_sol_rev02.pdf',727,'','pdf','application/pdf',547023,1478205929,0),(620,7539,1791,0,983,0,'983_fde44e62967fcf41454cc976b2808bda','M16_CSPI_02_sol_rev02.pdf',847,'','pdf','application/pdf',269833,1478205930,0),(618,7545,1798,0,983,0,'983_0bb513256551b4e8569c21b84289c90b','Precorso 2002 - Test finale_rev02.pdf',275,'','pdf','application/pdf',729476,1478128047,0),(623,7570,1829,0,983,0,'983_f7082d645f22bd7b8207c3bf5500b80d','Test 19 - Funzioni trigonometriche inverse 2.pdf',279,'','pdf','application/pdf',600612,1478377601,0),(624,7598,1837,0,983,0,'983_4549ed1d74ebd27d5a24babbbf99b20a','161123 - iniettività.pdf',204,'','pdf','application/pdf',103967,1479945567,0),(625,7608,1841,0,2,0,'2_cb0e9eff9933ecc9588b46f2dbb9f92a','AM1_17_PI1.pdf',694,'Primo compitino 2016/17','pdf','application/pdf',30130,1480013556,0),(626,7612,1841,0,983,0,'983_dd6b53415881222c5947b8f147cfefb4','AM1_17_PI1_sol.pdf',613,'','pdf','application/pdf',691368,1480152508,0),(627,7621,1842,0,983,0,'983_4586d9b3a7d11b1aec17e596e3264d21','161126 - equazione 2° grado in campo complesso.pdf',248,'','pdf','application/pdf',22437,1480195424,0),(628,7622,1841,0,983,0,'983_564b21973fe54d13422317d2bb20496a','AM1_17_PI1_7c con doppio parametro_sol.pdf',316,'','pdf','application/pdf',179070,1480195591,0),(629,7626,1826,0,2,0,'2_591a419f8a92eb27ea1e19748df37bf6','AM1_17_PI1_Ris.pdf',880,'Risultati primo compitino 2016/17','pdf','application/pdf',28953,1480354331,0),(630,7628,1843,0,983,0,'983_407cb1ebc67418263f75d94c20053972','161128 - carattere integrale improprio.pdf',207,'','pdf','application/pdf',52805,1480367882,0),(631,7632,1846,0,983,0,'983_afe4bb5ea4cd233ecd4e52178d774674','161130 - Esercizio Parte intera di x con radice.pdf',212,'','pdf','application/pdf',104411,1480550618,0),(632,7642,1847,0,983,0,'983_5b8c40e2dafaaa36c439436b7d790a2d','161201 - Limite.pdf',204,'','pdf','application/pdf',18779,1480635687,0),(633,7642,1847,0,983,0,'983_2fb4ddbf4ec5521fde995e6556f04f2b','161201 - Diseguaglianze.pdf',193,'','pdf','application/pdf',67449,1480635699,0),(634,7643,1849,0,983,0,'983_a56d989ed2720a14dc1804c4189d55a5','161201 - Limite senza usare Prodotti notevoli.pdf',195,'','pdf','application/pdf',46495,1480636287,0),(637,7644,1848,0,983,0,'983_b02b4bbf1e9f8f045d0d75dcbdbc1da5','161201 - Esercizio Serie Analisi 1_rev01.pdf',228,'','pdf','application/pdf',127174,1480660980,0),(636,7645,1850,0,983,0,'983_0efb93356c26d864109778604004d609','161201 - Funzione Continua e Derivabile.pdf',205,'','pdf','application/pdf',31713,1480637055,0),(638,7598,1837,0,983,0,'983_ed4fc0f815826d127a468f980f59a981','161123 - iniettività_rev01.pdf',260,'','pdf','application/pdf',110584,1480843056,0),(639,7660,1852,0,983,0,'983_e7e24c401d31386c23057672fdc03f67','161204 - sviluppo di taylor due volte.pdf',198,'','pdf','application/pdf',36890,1480874049,0),(640,7669,1854,0,983,0,'983_9af4942b3df297f4a36c6b712c50dd89','161209 - segnatura forma bilineare con parametro.pdf',276,'','pdf','application/pdf',120306,1481324121,0),(641,7676,1857,0,983,0,'983_7c900b8050d1cb44646a72434cc7c821','161210 - Limite senza Hopital e senza Taylor.pdf',273,'','pdf','application/pdf',49494,1481406632,0),(646,7692,1862,0,1811,0,'1811_09e972d4a9da06d8c4cb277a95af5404','1481732476269399575855.jpg',0,'','jpg','image/jpeg',3678608,1481732532,0),(643,7680,1857,0,983,0,'983_e21b438905033d926f2fc5a99595f584','161211 - Limite senza Hopital e senza Taylor 02.pdf',308,'','pdf','application/pdf',31394,1481449129,0),(645,7689,1861,0,983,0,'983_549d16b4f80f58f6fc1c47a91447b3ac','161212 - calcolo autovettori con autovalore generico.pdf',148,'','pdf','application/pdf',176292,1481599674,0),(647,7695,1862,0,1811,0,'1811_4332063688ce1ba87f11455b77771ce8','1481735808867-337948332.jpg',0,'','jpg','image/jpeg',5118243,1481735862,0),(648,7705,1844,0,93,0,'93_2749346310fde696afda3a14e089a687','compitini2017.pdf',212,'','pdf','application/pdf',17570,1482053524,0),(649,7740,1874,0,2082,0,'2082_0b26699354ba6f0cfd4f66306d90a238','Stefano 01 formula matematica.pdf',192,'','pdf','application/pdf',201208,1483718399,0),(650,7741,1874,0,1971,0,'1971_2edbda21823af21bba60c67a111fb937','Funzione integrale.pdf',196,'','pdf','application/pdf',44653,1483735705,0),(651,7744,1875,0,983,0,'983_1d5a3d89c6055378302e368d4fa5158b','170108 - esercizio algebra - proiezioni.pdf',176,'','pdf','application/pdf',44166,1483883829,0),(652,7745,1876,0,2082,0,'2082_daaca4b93bd6bb1134bd99cc1718b3ca','Integrale di funzioni trigonometriche.pdf',241,'','pdf','application/pdf',368162,1483909022,0),(653,7746,1876,0,1971,0,'1971_99d94ac3284d41f25f6706c2ec3ce174','Integrale funzione trigonometrica.pdf',234,'','pdf','application/pdf',44006,1483942306,0),(654,7751,1841,0,1971,0,'1971_aacd8216ee09c238683b2759b579b164','Esercizio 2.pdf',245,'','pdf','application/pdf',38894,1484085063,0),(655,7751,1841,0,1971,0,'1971_855dfc1c27dddf13b2f6a2f79fd0a330','Esercizio 5.pdf',236,'','pdf','application/pdf',42802,1484085077,0),(656,7751,1841,0,1971,0,'1971_33df4a724dcc5e691ca9eb18bb7944d3','Esercizio 6.pdf',262,'','pdf','application/pdf',95763,1484085093,0),(657,7752,1856,0,2,0,'2_0c70f91b10d9923b2906f2e9e857e3fd','CdV_17_Scritto1.pdf',195,'Results of first written exam','pdf','application/pdf',24727,1484149967,0),(658,7753,1855,0,2,0,'2_513f19e1de18dab9065f61d17323c2a8','Scritto5.pdf',299,'Risultati scritto 5','pdf','application/pdf',34002,1484154478,0),(661,7196,1740,0,2,0,'2_2a83e015d4cd0a0ffd674520afb7c742','AM2_16_CS5.pdf',462,'Testo scritto numero 5','pdf','application/pdf',35867,1484326138,0),(660,7756,1880,0,2,0,'2_f16c7460a786686a0105d9bbca5d7583','CdV_17_CS1.pdf',320,'Exam paper number 1 (10 Jan 2017)','pdf','application/pdf',32676,1484155986,0),(662,7765,1882,0,983,0,'983_7a4026aa16fec57ddf87ff8b2fca0aa3','170114 -limite con parametro.pdf',234,'','pdf','application/pdf',25954,1484412521,0),(663,7766,1882,0,1971,0,'1971_51dbd1a7dfde1debaf2915a5845a4ad3','limite.pdf',223,'','pdf','application/pdf',32199,1484413185,0),(664,7769,1884,0,1971,0,'1971_84f4b3d584d69d31d1428025108d6a6c','Esercizio 4 del 6 giugno 2008.pdf',254,'','pdf','application/pdf',63053,1484542615,0),(665,7771,1884,0,1971,0,'1971_64b22bae586d5ebb5c9b7d4957a2e3e5','Conclusione Esercizio 4 del 6 giugno 2008.pdf',232,'','pdf','application/pdf',69162,1484569231,0),(666,7774,1885,0,2095,0,'2095_5075d51b8d3692e9b4ff36f93dc09a73','limite parametrico.pdf',243,'','pdf','application/pdf',133821,1484590556,0),(667,7778,1885,0,983,0,'983_0eb9d51582528c5a49bdfb1e402d7be8','170116 - Limite con due parametri.pdf',246,'','pdf','application/pdf',93370,1484605364,0),(668,7781,1885,0,983,0,'983_b883dee411891e5dc9c50968b074f10b','170116 - Limite con due parametri_bis.pdf',242,'','pdf','application/pdf',65299,1484611899,0),(669,7784,1885,0,983,0,'983_fd0303571644ec07bb88cea79a1904cb','170116 - Limite con due parametri_ter.pdf',214,'','pdf','application/pdf',108304,1484686480,0),(670,7792,1886,0,983,0,'983_a65e117a319c877122053faeddcb5482','170124 - Limite.pdf',236,'','pdf','application/pdf',30048,1485292512,0),(671,7800,1891,0,1811,0,'1811_9ac034a8d439c7ac2d6ff150294ec24c','2017-02-03 11.55.42.jpg',0,'','jpg','image/jpeg',4793091,1486119411,0),(672,7801,1891,0,1971,0,'1971_034625daa85e5d0bad37823563c3d2c3','Integrale proprio.pdf',221,'','pdf','application/pdf',52713,1486156664,0),(673,7804,1893,0,1971,0,'1971_a4b528fc5111ef80e73718912840a95d','Esercizio 3 del 18 giugno 2010.pdf',219,'','pdf','application/pdf',66707,1486310875,0),(674,7816,1842,0,2100,0,'2100_e5b10cbf878a8902ecc54ee02ab062ac','Complessi.pdf',260,'','pdf','application/pdf',46636,1487039397,0),(675,7816,1842,0,2100,0,'2100_f081a303c515e04edd84dad1d27b1a7c','Soluzione.pdf',229,'','pdf','application/pdf',18127,1487040781,0),(676,7823,1895,0,2079,0,'2079_b635ea587622cb595a7695c606a0ce56','001.jpg',0,'','jpg','image/jpeg',902378,1487353297,0),(677,7824,1895,0,1811,0,'1811_e8fe000ddbf1fc5fdb9471eb5a09d513','2017-02-17 21.26.10.jpg',0,'','jpg','image/jpeg',5150452,1487363224,0),(679,7827,1894,0,983,0,'983_9776081247048965ac04d9901b4eab8b','170217 - Integrale.pdf',241,'','pdf','application/pdf',72402,1487376327,0),(680,7845,1878,0,2,0,'2_0121b7fed73721f62a9c6da9abce3b4e','Scritto6.pdf',261,'Risultati scritto 24 febbraio','pdf','application/pdf',35664,1487961694,0),(681,7846,1879,0,2,0,'2_11490c47160c72546b964479ed461a9a','CdV_17_Scritto2.pdf',182,'Results written examination 24 Feb 2017','pdf','application/pdf',28830,1487961903,0),(682,7196,1740,0,2,0,'2_8b3a40d27baaaa963aea7bc4e382e70c','AM2_16_CS6.pdf',579,'Testo scritto numero 6','pdf','application/pdf',34972,1488009858,0),(683,7756,1880,0,2,0,'2_620f797a4125434b5ae900ace8d33a9f','CdV_17_CS2.pdf',275,'Exam paper number 2 (24 Feb 2017)','pdf','application/pdf',32889,1488010011,0),(684,7895,1907,0,2018,0,'2018_36972b7cdab65202dd8781733645d185','Es.pdf',222,'','pdf','application/pdf',81430,1490827966,0),(685,7904,1909,0,2018,0,'2018_31e280c19d1b686a67a8e54532ee0cd4','very.pdf',230,'','pdf','application/pdf',105304,1491249411,0),(686,7905,1909,0,1971,0,'1971_f303cc252e6646571c19b79e93b60f2f','Verifica.pdf',205,'','pdf','application/pdf',42442,1491288640,0),(687,7908,1909,0,1971,0,'1971_db11c7a41e963a61e12a0eab8ad2cb98','Svolgimento 2.pdf',215,'','pdf','application/pdf',43821,1491298062,0),(688,7608,1841,0,2,0,'2_a910b8211b600b909e9c27af6f9e2153','AM1_17_PI-2.pdf',474,'Secondo compitino 2016/17','pdf','application/pdf',26793,1491507358,0),(689,7911,1911,0,1971,0,'1971_6362c03d5876658202b8a69185d475b4','Eq diff AM1_17_PI-2.pdf',234,'','pdf','application/pdf',44468,1491664111,0),(693,7914,1841,0,1971,0,'1971_6972707772a7e693070cc3ec1324cbc8','Prova in itinere del 6 aprile 2017.pdf',277,'','pdf','application/pdf',77089,1491737022,0),(692,7913,1841,0,983,0,'983_f9aa50f2367515d54e3aa3fcfcbe8fe2','AM1_17_PI-2_sol.pdf',375,'','pdf','application/pdf',658053,1491733718,0),(694,7915,1899,0,2,0,'2_a50d82e29e4f8e7c3475dd4722bbc2af','AM1_17_PI2_Ris.pdf',343,'Risultati secondo compitino','pdf','application/pdf',25248,1491755547,0),(695,7916,1841,0,983,0,'983_3537e315a799a58609239db830c24946','AM1_17_PI-2_ultra bonus in BM_sol.pdf',293,'','pdf','application/pdf',32605,1491761180,0),(696,7931,1841,0,1971,0,'1971_d0c5cce4381d9ae67a00cae201b487ce','De l\'Hopital.pdf',235,'','pdf','application/pdf',36937,1491859273,0),(698,0,0,0,2018,1,'2018_e8d7bcba657bb3ead5066afb36500ed4','liminf.pdf',0,'','pdf','application/pdf',113524,1493933937,0),(704,7959,1923,0,2018,0,'2018_557fbf647f310fe435b2454d713a3973','liminf_corretto.pdf',234,'','pdf','application/pdf',119930,1494006250,0),(703,7959,1923,0,2018,0,'2018_1e9d0d5b86dbe98302ce6ff4c4de3552','liminf.pdf',224,'','pdf','application/pdf',111634,1493962474,0),(707,7982,1912,0,2,0,'2_adaf40975627d13ec14ded92b43d2da3','AM1_17_PI_Ris.pdf',460,'Risultati finali complessivi delle prove in itinere 2016/17','pdf','application/pdf',25156,1495301555,0),(706,7963,1924,0,2018,0,'2018_9fb1648533c63d3a306d2efd604620ad','holder.pdf',231,'','pdf','application/pdf',89207,1494361537,0),(708,7608,1841,0,2,0,'2_a61cfdc9b210902e722edec481372e70','AM1_17_PI-3.pdf',586,'Terzo compitino 2016/17','pdf','application/pdf',98467,1495302702,0),(709,8000,1929,0,2,0,'2_c20478ba74f5f14589c25286900db7f7','AM1_17_S1_Ris.pdf',820,'Risultati scritto 1 (6 Giugno)','pdf','application/pdf',25289,1496839518,0),(710,8003,1930,0,2,0,'2_098cc4ca93227fa64f338b62ad64241a','CdV_17_Scritto3.pdf',262,'Results third written exam (06 June 2017)','pdf','application/pdf',20444,1496845704,0),(713,8007,1937,0,1811,0,'1811_45001fa34932f651c6d6275e2b276ebd','IMG_20170610_114059.jpg',0,'','jpg','image/jpeg',3811994,1497087929,0),(714,0,0,0,2017,1,'2017_6dabb3f945c046b752674069ce301c23','lez15.png',0,'','png','image/png',46391,1497475335,0),(715,0,0,0,2017,1,'2017_1014b3e595ab94cedd90f948a62eb953','lez96.png',0,'','png','image/png',55112,1497475347,0),(716,8015,1941,0,2017,0,'2017_fb44a61fe806e97295b26f0cf330d6b5','lez15.png',0,'','png','image/png',46391,1497475541,0),(717,8015,1941,0,2017,0,'2017_98a433ba9f956f2e69541be5f2f1d103','lez96.png',0,'','png','image/png',55112,1497475547,0),(718,8024,1929,0,2,0,'2_560a5d262473300d656a5133542af6ff','AM1_17_S2_Ris.pdf',739,'Risultati scritto 2 (26 giugno 2017)','pdf','application/pdf',19333,1498581954,0),(719,8025,1930,0,2,0,'2_c90fd4796cc3a71414d27d796a619f05','CdV_17_Scritto4.pdf',252,'Results fourth written esam (26 June 2017)','pdf','application/pdf',20175,1498582499,0),(720,8027,1929,0,2,0,'2_3a036c8d68ef89dfb5785b60f7ddc16c','AM1_17_S2_Ris.pdf',408,'Update risultati scritto 2 (26 giugno 2017)','pdf','application/pdf',19432,1498635341,0),(721,8030,1944,0,2,0,'2_548f5f7f8581aaaa16381812e8a8e6d8','AM1_17_CS1.pdf',705,'Scritto 1 (6 Giugno 2017)','pdf','application/pdf',153193,1498723201,0),(722,8030,1944,0,2,0,'2_6cc61fc4168767930ac20d7e01289ba0','AM1_17_CS2.pdf',604,'Scritto 2 (26 Giugno 2017)','pdf','application/pdf',133838,1498723216,0),(723,7756,1880,0,2,0,'2_ba1fbe5641d29fdcc838b264171dbe35','CdV_17_CS3.pdf',252,'Exam paper number 3 (06 Jun 2017)','pdf','application/pdf',151910,1498723536,0),(724,7756,1880,0,2,0,'2_99928df6e7a6ac6aeeaec66c79941d27','CdV_17_CS4.pdf',245,'Exam paper number 4 (26 Jun 2017)','pdf','application/pdf',161119,1498723554,0),(725,8040,1947,0,983,0,'983_11094678b6061494839221bdc2cc5af3','170711- Disequazione 9 Esercizio 11.pdf',261,'','pdf','application/pdf',152948,1499728306,0),(726,8041,1950,0,983,0,'983_30f1b2cda4564dc9a9be5cd33d12ecd1','170711 - esercizio su massimi e minimi.pdf',206,'','pdf','application/pdf',87517,1499805052,0),(727,8042,1948,0,983,0,'983_2305441b01467c991124f051be45a8ec','170712 - Formula cambiamento di base.pdf',246,'','pdf','application/pdf',58246,1499891346,0),(728,8048,1945,0,983,0,'983_45322ad23fac453955da4a591dcdab44','170719 - Comun divisori.pdf',206,'','pdf','application/pdf',35481,1500495895,0),(729,8050,1940,0,983,0,'983_0a9aec2981cb7950dbfad8f34ccdbd82','170720 - Metodo della risonanza per le equazioni differenziali.pdf',464,'','pdf','application/pdf',63677,1500581444,0),(730,8053,1952,0,983,0,'983_7f8fe75debb2e4c3b60fdfbf86f3824d','Complessi.pdf',234,'','pdf','application/pdf',108528,1500750842,0),(731,8056,1940,0,1811,0,'1811_e319ab627f2cd088d77afb3ab8e963d3','IMG_20170725_124907.jpg',0,'','jpg','image/jpeg',2756625,1500979867,0),(732,8056,1940,0,1811,0,'1811_3d7f3016928adebb7d23d9df4d6e3cfa','IMG_20170725_124838.jpg',0,'','jpg','image/jpeg',2905361,1500979889,0),(733,8057,1953,0,1811,0,'1811_d9ae7ac774efb2b92e35e3a846d5a5f0','IMG_20170725_125534.jpg',0,'','jpg','image/jpeg',2438801,1500980240,0),(734,8062,1953,0,983,0,'983_4430766747502d01705baca6b32eb8f4','170725 - integrale improprio.pdf',219,'','pdf','application/pdf',75990,1501022450,0),(735,8063,1937,0,983,0,'983_293e663f6be8a05c511111ec7f8ff56e','170725 - convergenza di un integrale improprio.pdf',263,'','pdf','application/pdf',91679,1501022528,0),(736,8064,1954,0,1811,0,'1811_0806fecf1adf50c204e529177b37e61b','2017-07-27 16.51.12.jpg',0,'','jpg','image/jpeg',2531729,1501167182,0),(737,8065,1954,0,1811,0,'1811_05010a39025372fe7a83cccf893e2d94','2017-07-27 17.08.26.jpg',0,'','jpg','image/jpeg',2751889,1501168196,0),(738,8065,1954,0,1811,0,'1811_02aabd0767befd6ab08fb4c17c6b4397','2017-07-27 17.08.50.jpg',0,'','jpg','image/jpeg',2569361,1501168224,0),(739,8067,1929,0,2,0,'2_d8d77a1e7cf29b0066c8355880d0d4d0','AM1_17_S3_Ris.pdf',566,'Risultati scritto 3 (27 luglio 2017)','pdf','application/pdf',19308,1501177779,0),(741,0,0,0,1811,1,'1811_99c4a8f36efa310beb525c422a9ee66f','2017-08-09 18.03.05.jpg',0,'','jpg','image/jpeg',4924205,1502520943,0),(742,8074,1956,0,1811,0,'1811_16f73ee60d61687630a42d312f050ac1','2017-08-09 18.03.05.jpg',0,'','jpg','image/jpeg',4924205,1502521407,0),(743,8076,1956,0,983,0,'983_8e4f80c8b3bd53d6cee11b11b4cf62f8','170812 - numero complesso.pdf',215,'','pdf','application/pdf',97358,1502566900,0),(744,8088,1959,0,2089,0,'2089_efac4326787048f057643bcf08ffe144','teorema elemento primitivo gruppi abeliani finiti.jpg',0,'','jpg','image/jpeg',723030,1503743747,0),(745,8030,1944,0,2,0,'2_d9972fd7fbb7d4f599130dea689f6320','AM1_17_CS3.pdf',491,'Scritto 3 (27 Luglio 2017)','pdf','application/pdf',48411,1504028971,0),(746,7756,1880,0,2,0,'2_e802d72880d6adcaecf41f3ff0a62595','CdV_17_CS5.pdf',276,'Exam paper number 5 (27 Jul 2017)','pdf','application/pdf',150495,1504029179,0),(747,8098,1961,0,983,0,'983_72d4823870f22583512b82e0a8abf6db','170831 - Equazione sui complessi.pdf',192,'','pdf','application/pdf',89219,1504208542,0),(748,0,0,0,983,1,'983_aa2458d683f949096df0a083c355f5dc','170901 - Equazione sui complessi.pdf',0,'','pdf','application/pdf',65115,1504260732,0),(749,8107,1963,0,983,0,'983_a15e0a8adcf90af63dd4dc7bbfb05d20','170904 - Sistema di equazioni sui complessi.pdf',387,'','pdf','application/pdf',73493,1504559863,0),(750,8110,1964,0,2148,0,'2148_074331fc2ab8bf5818aa3870256e194f','esercizio.jpg',0,'','jpg','image/jpeg',128990,1504608975,0),(751,8114,1964,0,983,0,'983_7c29bd8b3beab54f7cae648fd69acb2b','170905 - Matrice associata rispetto alle basi canoniche.pdf',826,'','pdf','application/pdf',51017,1504623071,0),(752,8125,1966,0,93,0,'93_780adad0d57e71c6c992778be20f50dc','BuroFisica.pdf',639,'Burocrazia a.a 2017/2018','pdf','application/pdf',76135,1505382353,0),(753,8125,1966,0,93,0,'93_9b8550433b07c823c22862e8b4974032','FisicaEsame.pdf',765,'Regole esame a.a. 2017/2018','pdf','application/pdf',96785,1505382380,0),(754,8136,1968,0,93,0,'93_691f2d20d7b4c2aa696cb2cce613c1a2','limiti1.pdf',972,'limiti in due variabili','pdf','application/pdf',241414,1505572047,0),(755,8139,1970,0,1971,0,'1971_afe7bbeac94343d35bbc8952f8df7a9a','Esercizio 8.pdf',174,'','pdf','application/pdf',63670,1505900796,0),(761,7756,1880,0,2,0,'2_69700384c1275d33c657323af1ba22e6','CdV_17_CS6.pdf',237,'Exam paper number 6 (23 Sep 2017)','pdf','application/pdf',113400,1506324904,0),(762,8152,1974,0,1971,0,'1971_d8fb2da32e5aa520702169d7ac8bd76b','Limiti 3 Esercizio 5.pdf',162,'','pdf','application/pdf',58060,1506898077,0),(763,8166,1983,0,1971,0,'1971_5e038208a7dd66803e9fe9a4483fdad9','Limiti 3 Esercizio 12.pdf',193,'','pdf','application/pdf',65094,1507454122,0),(767,8177,1989,0,983,0,'983_a20174892028883377cb10183055b06d','Test 01 - Limiti 1_rev01.pdf',274,'','pdf','application/pdf',829350,1507843433,0),(765,8178,1989,0,1971,0,'1971_94695484deb8e5687e149a8b1a7dccfb','Esercizi limiti 1.pdf',221,'','pdf','application/pdf',1048612,1507762486,0),(766,8183,1983,0,1971,0,'1971_d34d2d8729fcd61cf24c51388363f9fd','Esercizio 12 seconda versione.pdf',174,'','pdf','application/pdf',59908,1507810444,0),(768,8187,1991,0,1971,0,'1971_2162c60a24c3688a65c307fc291f5cb3','Esercizio 1b.pdf',166,'','pdf','application/pdf',57388,1508073196,0),(769,8188,1992,0,1971,0,'1971_8e265ccd3587f8aaa339375f3c7d0221','Esercizi 1-10 Limiti 2.pdf',208,'','pdf','application/pdf',696440,1508098324,0),(770,8191,1992,0,983,0,'983_6d2430108413045693a14e522dda6283','Test 02 - Limiti 2.pdf',188,'','pdf','application/pdf',606836,1508187752,0),(771,8191,1992,0,983,0,'983_f966e500b6cf0353ade1d4a0efb50156','Test 02 - Limiti 2_rev01.pdf',200,'','pdf','application/pdf',603173,1508276034,0),(772,8199,1994,0,1971,0,'1971_03299c26eec9a8eacefa6b0add54fd20','Esercizi 1-12 Limiti 3.pdf',223,'','pdf','application/pdf',770150,1508312732,0),(773,8203,1996,0,983,0,'983_d5a11eb725c825f934df9a2d45548c8f','171019 - limite in 3 variabile.pdf',235,'','pdf','application/pdf',50148,1508447837,0),(774,8204,1997,0,983,0,'983_fcd8a812127e519c11f3618518d19cb7','171019 - limite in 2 variabili con parametro a reale.pdf',227,'soluzione errata','pdf','application/pdf',24940,1508448110,0),(775,8215,1997,0,983,0,'983_74df83b870fa0c32d516822fac5deeb4','171019 - limite in 2 variabili con parametro a reale_rev01.pdf',189,'soluzione sbagliata','pdf','application/pdf',28594,1508530428,0),(776,8219,1997,0,983,0,'983_2c7c3f6f141534ee21ccfdace9759193','171019 - limite in 2 variabili con parametro a reale_rev02.pdf',218,'','pdf','application/pdf',36197,1508536131,0),(777,8224,1997,0,1811,0,'1811_7fe89e91e76cb67e8da0820b05753d4b','IMG_20171021_124647.jpg',0,'','jpg','image/jpeg',4760780,1508583170,0),(778,8228,1996,0,983,0,'983_3b85830df98726d3159f96a88fa87aaa','171021 - limite in 3 variabile_variante.pdf',203,'','pdf','application/pdf',212217,1508620876,0),(779,8229,2000,0,983,0,'983_e82f24a68fff16a5ec4992e5a053b96c','171020 - Max, min, inf, sup.jnt.pdf',197,'','pdf','application/pdf',92709,1508624854,0),(780,8235,2000,0,983,0,'983_13b72123555aa2b68f936c41cadcfed0','171020 - Max, min, inf, sup_rev01.pdf',183,'','pdf','application/pdf',45821,1508693018,0),(781,8236,2001,0,93,0,'93_b1cf8e9fbe0fe79790c323b0372e10fc','M17_CSPI.pdf',1200,'','pdf','application/pdf',126906,1508835569,0),(782,8238,1994,0,983,0,'983_94d1aac0efb2cb2f10276cc46b9ed336','Test 03 - Limiti 3.pdf',207,'','pdf','application/pdf',498539,1508881002,0),(784,8239,1994,0,1971,0,'1971_818c716d642c44a54f4b1ebcae0522ac','Osservazioni e correzioni.pdf',181,'','pdf','application/pdf',54348,1508933145,0),(787,8247,2002,0,1971,0,'1971_947b2264fbd0b226bc3a67152a4d75a4','Revisione di Esercizio 2.pdf',166,'','pdf','application/pdf',79332,1509298210,0),(786,8237,2002,0,1971,0,'1971_13ce41289d196cfebbfded95ad903223','Esercizio 2.pdf',189,'','pdf','application/pdf',78026,1509020723,0),(788,0,0,0,93,1,'93_0fe65eb74ff3ffe157f9ea420f382dc5','Compitini.pdf',0,'','pdf','application/pdf',15626,1509535808,0),(789,8249,1976,0,93,0,'93_1ee0a8a2b3161de77dad7f8fe4261f27','Compitini.pdf',502,'','pdf','application/pdf',15626,1509535880,0),(790,8252,2006,0,1971,0,'1971_5a2f2addf72f4f62e85f82b141a8450f','Esercizio 7.pdf',191,'','pdf','application/pdf',82933,1509987631,0),(791,8255,2009,0,1811,0,'1811_37247e1819b6bb22073f11288b9d1070','Screenshot_2017-11-09-22-13-17.png',0,'','png','image/png',167013,1510263131,0),(792,8262,2012,0,1811,0,'1811_b841385d816e0e8eda5fbe4bfa14dfb4','IMG_20171113_173345.jpg',0,'','jpg','image/jpeg',4517158,1510590976,0),(793,8265,2012,0,983,0,'983_4fe8137a9185b1e5277db945d60abb8e','171113 - Limite da compitino.pdf',222,'','pdf','application/pdf',48883,1510695206,0),(794,8267,2008,0,983,0,'983_64a3722faa9cb59743d79b6150032ddd','171114 - Dominio funzione integrale.pdf',402,'','pdf','application/pdf',28041,1510697137,0),(795,8278,2008,0,2140,0,'2140_346b724069ea7e04ee308f75995e168c','IMG_4871.png',0,'','png','image/png',85200,1511109293,0),(799,8286,2016,0,1811,0,'1811_e63f7e458adabee3be3c8d233e10b94e','Cattura.PNG',0,'','png','image/png',9506,1511208748,0),(798,8280,2008,0,983,0,'983_0835fda394bdddcd615cd5c795acdf72','171119 - Dominio funzione integrale 02_rev02.pdf',247,'','pdf','application/pdf',53090,1511125963,0),(800,8287,2016,0,983,0,'983_9196d65dbbc1ddbcf5966a1b971955f0','171120 - Proposta di integrale triplo da compitino.pdf',218,'','pdf','application/pdf',42711,1511218180,0),(802,8294,2016,0,1811,0,'1811_e2a904fdb04799d76a05fa83e8798482','2017-11-21 18.40.47.jpg',0,'','jpg','image/jpeg',5427116,1511286241,0),(803,8297,2017,0,983,0,'983_6369964755528a46cb6f93094483cb74','171121 - studio segno forma quadratica.pdf',190,'','pdf','application/pdf',23752,1511303237,0),(804,0,0,0,2140,1,'2140_2590ec3a89122d1dee85a4c72913ec9f','IMG_0112.JPG',0,'','jpg','image/jpeg',2085268,1511463798,0),(806,8304,2008,0,2140,0,'2140_f7f3339b1f2a5685330905aa20d13ba4','IMG_0112.JPG',0,'','jpg','image/jpeg',2085268,1511464043,0),(807,8306,2008,0,983,0,'983_6c1cebeac7978be5a9e8baa7129482d7','171123 - Dominio funzione integrale 03.pdf',230,'','pdf','application/pdf',65228,1511478198,0),(808,8312,2023,0,1811,0,'1811_9e9fb3eb74d8c93c9dc5c1b70eba5622','Cattura2.PNG',0,'','png','image/png',1407,1511534337,0),(809,8314,2023,0,983,0,'983_da0dff9e45c9d563d084b55c122acb09','171124 - integrale triplo di z^2.pdf',196,'','pdf','application/pdf',47523,1511560759,0),(810,8320,2023,0,1811,0,'1811_f8234e77f5eb7b4c4670641601d5afea','2017-11-25 21.23.39.jpg',0,'','jpg','image/jpeg',4746473,1511641581,0),(811,8328,2005,0,93,0,'93_4258c9e52fa7ba74767911c64acacb00','Compitini2.pdf',296,'','pdf','application/pdf',15039,1511870465,0),(812,8332,2026,0,2,0,'2_29786c819053e8f44111ca38924b17ba','AM2_18_PI1.pdf',683,'Primo compitino (1 dicembre 2017)','pdf','application/pdf',44626,1512202333,0),(815,8344,2029,0,93,0,'93_cca38e546455b991791262fcf7e32f16','Integraliimpropri.pdf',750,'','pdf','application/pdf',258939,1512667553,0),(814,8340,2010,0,2,0,'2_239a56d205316eaf1e52a6d81e996254','Compitino_1.pdf',599,'Risultati primo compitino (01/12/2017)','pdf','application/pdf',29505,1512654925,0),(816,8344,2029,0,93,0,'93_35d7f47c669d13d8cfc9dc5f4fa85047','studifunzioni.pdf',522,'','pdf','application/pdf',220651,1512667572,0),(817,0,0,0,2223,1,'2223_786e25d2ccdba149241bfa71d4c18c5f','62D5E0E7-3AC1-48C9-A329-EF1B8A4A175A.jpeg',0,'','jpeg','image/jpeg',2290391,1512984202,0),(818,0,0,0,2223,1,'2223_830bf2769c28205281c88b0757e4f363','738B0515-1077-4C77-B465-57B5204871B5.jpeg',0,'','jpeg','image/jpeg',2290391,1512984291,0),(819,0,0,0,2223,1,'2223_cc2f1fddf7c3bab181920642fa766c6b','73D88FC0-2BA3-406A-9748-639359CC7801.jpeg',0,'','jpeg','image/jpeg',2574108,1512984345,0),(820,0,0,0,2223,1,'2223_a217d4e3c12814acbb028f5dfbe5b13d','8AD39922-AA96-4C61-A990-202C749B6B9B.jpeg',0,'','jpeg','image/jpeg',2143718,1512984366,0),(821,8367,2024,0,93,0,'93_77cc326189b9891e4abcd2f43e514fc6','Compitini.pdf',388,'','pdf','application/pdf',18404,1513854837,0),(822,8369,2041,0,1811,0,'1811_4d88dba055ddca02f455888ef0cfe2b4','cattura rot.PNG',0,'testo','png','image/png',49983,1513871407,0),(823,8369,2041,0,1811,0,'1811_17e3144b5b29e3a0f46800207b51d9fd','Cattura2.PNG',0,'soluzione','png','image/png',114880,1513871436,0),(824,8370,2003,0,93,0,'93_0d589fd598f7a3ebc0625111ea99ae98','Preappello.pdf',592,'','pdf','application/pdf',13985,1513964993,0),(825,8372,2041,0,983,0,'983_f4a03333451b89fbeead6e67ced83465','171223 - Matrice di rotazione.JPG',0,'','jpg','image/jpeg',19855,1514019098,0),(826,8373,2039,0,983,0,'983_51f4d9630378aa4c9a37799c585baf4a','171223 - algebra lineare.pdf',177,'','pdf','application/pdf',49112,1514019383,0),(827,8376,2042,0,93,0,'93_6b6e61900744608d05c7db959783b28f','F18_CS1.pdf',698,'','pdf','application/pdf',178050,1514714794,0),(828,8386,2047,0,2140,0,'2140_e3122ea4597a8023dae9ce0834496268','FullSizeRender.jpg',0,'','jpg','image/jpeg',830951,1515085961,0),(829,8394,2048,0,93,0,'93_0577adc18ce3c808e4570a2368f87398','primoappello.pdf',586,'','pdf','application/pdf',14631,1515524174,0),(830,8403,1929,0,2,0,'2_6402f00642411d4a03b1501723466013','AM1_17_S5_Ris.pdf',436,'Risultati scritto 5 (22 gennaio 2018)','pdf','application/pdf',18489,1516733650,0),(831,8406,2055,0,2236,0,'2236_993d67cd5087e3652a4082fee209d3ad','CatturaGauss-Green2.PNG',0,'','png','image/png',3285,1516883142,0),(832,8030,1944,0,2,0,'2_9430d1a0d9265c82a5980d28a557a77f','AM1_17_CS5.pdf',508,'Scritto 5 (22 Gennaio 2018)','pdf','application/pdf',50400,1516978582,0),(833,8411,2057,0,2,0,'2_34f3c0157da02d543b621c6fe90ebef3','CdV_18_CS1.pdf',357,'Scritto 1 (22 Gennaio 2018)','pdf','application/pdf',138416,1516978955,0),(834,8422,2060,0,93,0,'93_cefbaacf08916b6261c1990e5362255b','secondoappello.pdf',489,'','pdf','application/pdf',14978,1517338853,0),(835,8433,2068,0,2244,0,'2244_a6f9dff59fb6e0b0f2b2cd6392d779c6','serie.pdf',301,'compitino del 2014/2015','pdf','application/pdf',2076098,1518011808,0),(836,8484,1929,0,2,0,'2_c45d6b9cdd87e0dc7c70582b1c9912d1','AM1_17_S6_Ris.pdf',325,'Risultati scritto 6 (19 febbraio 2018)','pdf','application/pdf',17893,1519066169,0),(837,8488,2072,0,2251,0,'2251_3e13a3a8f9702076baf06d095e29ae06','Esercizio taylor.png',0,'','png','image/png',12656,1519136318,0),(838,8489,2037,0,2,0,'2_8dddc28811c30e562819afae756e3659','CdV_18_Scritto2.pdf',378,'Risultati scritto 2 (19 febbraio 2018)','pdf','application/pdf',25750,1519161073,0),(839,8519,2081,0,2251,0,'2251_7294541dc10d11deea0b71d1f2aee5f2','Limite.png',0,'','png','image/png',1713,1521470437,0),(840,8541,2077,0,2,0,'2_1052bcaa5856d043bc9e9357142c9dac','Compitino_2.pdf',354,'Risultati secondo compitino (24 marzo 2018)','pdf','application/pdf',24602,1521916199,0),(841,8332,2026,0,2,0,'2_4a65aba8b11d4cbc55e38b8e6870edb2','AM2_18_PI-2.pdf',424,'Secondo compitino (24 marzo 2018)','pdf','application/pdf',27637,1522416108,0),(842,8547,2089,0,93,0,'93_29ddcf802a440ae3ba51f2577dc09f8c','F18_CS23.pdf',586,'','pdf','application/pdf',226088,1524213743,0),(843,8586,2091,0,2,0,'2_0625b4280744ca294a6f4e8b23bd2410','Compitino_3.pdf',364,'Risultati terzo compitino (24 maggio 2018)','pdf','application/pdf',26976,1527265798,0),(844,8411,2057,0,2,0,'2_0ce7e0ea791497a5050a433b47ccda1d','CdV_18_CS2.pdf',302,'Scritto 2 (19 Febbraio 2018)','pdf','application/pdf',130517,1528037074,0),(845,8332,2026,0,2,0,'2_50d5caf4cb94a5535fec377528193450','AM2_18_PI-3.pdf',423,'Terzo compitino (24 maggio 2018)','pdf','application/pdf',39390,1528037284,0),(846,8604,2105,0,2,0,'2_f0697668f9e318be719bf18752b06be1','AM2_18_CS1.pdf',773,'Scritto appello 1 -- 8 Giugno 2018','pdf','application/pdf',39119,1528458044,0),(847,8411,2057,0,2,0,'2_023ffe38175a19c796956a7e2b0bb0f9','CdV_18_CS3.pdf',291,'Scritto 3 (08 Giugno 2018)','pdf','application/pdf',32811,1528458276,0),(848,8605,2106,0,2244,0,'2244_124edb2bd3cd64f7dba6c8814cee2a7a','0B55F929-6202-4CE7-ACC7-A907942BF936.jpeg',0,'','jpeg','image/jpeg',1097781,1528461551,0),(849,8606,2037,0,2,0,'2_adf94dac6eb586c69d190a7f83ba8080','CdV_18_Scritto3.pdf',260,'Risultati scritto 3 (08 Giugno 2018)','pdf','application/pdf',24788,1528485596,0),(850,8608,2100,0,2,0,'2_a45690931752c39e048d3c16c83419a5','Scritto_1.pdf',659,'Risultati scritto 1 (08 Giugno 2018)','pdf','application/pdf',24698,1528552137,0),(851,8611,2107,0,93,0,'93_c68ec450d24f05842b5714ec503d5a3c','8giugno2018.pdf',308,'','pdf','application/pdf',13339,1528623161,0),(852,8030,1944,0,2,0,'2_6d76a9dfcc255d175dc71ed645425096','AM1_17_CS6.pdf',609,'Scritto 6 (19 Febbraio 2018)','pdf','application/pdf',33291,1528873985,0),(853,8620,2110,0,2018,0,'2018_c4d5f25e8e8de361f1d2a2fb37e4f9b9','integracurve.pdf',167,'','pdf','application/pdf',80286,1529427212,0),(854,8647,2037,0,2,0,'2_e3f5b48e0c2120c7cac32ff48dde4a1a','CdV_18_Scritto4.pdf',241,'Risultati scritto 4 (29 Giugno 2018)','pdf','application/pdf',25390,1530300053,0),(855,8648,2100,0,2,0,'2_6ab990a4210fb2339393564f36294e9a','Scritto_2.pdf',525,'Risultati scritto 2 (29 Giugno 2018)','pdf','application/pdf',24682,1530367447,0),(856,8650,2118,0,93,0,'93_6635fbc2030a1ea20241f79bf7cc62e8','Fisic29giugnoRisultati.pdf',264,'','pdf','application/pdf',12921,1530374587,0),(857,8604,2105,0,2,0,'2_0ad9968066657e2dad87ea0ee69f1d01','AM2_18_CS2.pdf',494,'Scritto appello 2 -- 29 Giugno 2018','pdf','application/pdf',35846,1530383752,0),(858,8411,2057,0,2,0,'2_af1e8860e6e14f56769748cdc1149cfe','CdV_18_CS4.pdf',209,'Scritto 4 (29 Giugno 2018)','pdf','application/pdf',34704,1530383856,0),(859,8653,2105,0,2,0,'2_66eb35a2b4182aebeb0fde1f6636d5b5','AM2_CS1_Sol.pdf',642,'Scritto1 (8 Giugno 2018) -- Tracce di soluzioni','pdf','application/pdf',2686350,1530463948,0),(860,8653,2105,0,2,0,'2_cc2027ed719fa2700164b73857102cc5','AM2_CS2_Sol.pdf',543,'Scritto 2 (29 Giugno 2018) -- Tracce di soluzioni','pdf','application/pdf',1608232,1530463991,0),(867,8654,2057,0,2,0,'2_a8eee46e1ebefa2ea617c08ca8ade288','CdV_18_CS1_Sol.pdf',354,'Scritto 2018-1 -- Tracce di soluzioni','pdf','application/pdf',1248665,1530551430,0),(866,0,0,0,2,1,'2_d7f21a1a727a583254625f77d3b33b6f','CdV_18_CS2_Sol.pdf',0,'','pdf','application/pdf',1192859,1530551339,0),(865,0,0,0,2,1,'2_0b8c735c23c0653b11bd9f1eecb90e5b','CdV_18_CS1_Sol.pdf',0,'','pdf','application/pdf',1248665,1530551327,0),(870,8654,2057,0,2,0,'2_dce0bdcdb2d8755ac0882ef8c509ec8e','CdV_18_CS4_Sol.pdf',266,'Scritto 2018-4 -- Tracce di soluzioni','pdf','application/pdf',1405918,1530551470,0),(877,8654,2057,0,2,0,'2_12034bbab05747299a49cf40b4f8bb22','CdV_17_CS2_Sol.pdf',305,'Scritto 2018-2 -- Tracce di soluzioni','pdf','application/pdf',2061761,1531844596,0),(888,8654,2057,0,2,0,'2_b7975afce39af9c71815a7fba2086ddf','CdV_18_CS3_Sol.pdf',225,'Scritto 2018-3 -- Tracce di soluzioni','pdf','application/pdf',1475148,1536770728,0),(871,0,0,0,2,1,'2_f17c124d32a005148a4f228d0f033e78','CdV_17_CS2_Sol.pdf',0,'','pdf','application/pdf',2061761,1530622266,0),(872,8656,1880,0,2,0,'2_6c754951ca449fb4244f66f14b14fabb','CdV_17_CS2_Sol.pdf',192,'Exam paper 2017-2 -- Hints and partial solutions','pdf','application/pdf',2061761,1530622321,0),(873,8656,1880,0,2,0,'2_25731e2574730e0cdfe94cda69ed09ac','CdV_17_CS3_Sol.pdf',227,'Exam paper 2017-3 -- Hints and partial solutions','pdf','application/pdf',2102789,1530622343,0),(874,8656,1880,0,2,0,'2_0cbb7be454c173dc2cc6a15bd72e60d0','CdV_17_CS4_Sol.pdf',205,'Exam paper 2017-4 -- Hints and partial solutions','pdf','application/pdf',1422100,1530622359,0),(875,8656,1880,0,2,0,'2_6afbc5f2b50461a525587a51454b1fcf','CdV_17_CS5_Sol.pdf',185,'Exam paper 2017-5 -- Hints and partial solutions','pdf','application/pdf',1182937,1530622373,0),(876,8656,1880,0,2,0,'2_da90976bbb0259bfcd47214a09da73e0','CdV_17_CS6_Sol.pdf',219,'Exam paper 2017-6 -- Hints and partial solutions','pdf','application/pdf',1140889,1530622387,0),(878,8681,2100,0,2,0,'2_6dbc523c0e7966f7342f5d8be05030ab','Scritto_3.pdf',438,'Risultati scritto 3 (20 Luglio 2018)','pdf','application/pdf',24264,1532107132,0),(879,8686,2037,0,2,0,'2_04af218b28dbb9d774ed4feda0594f22','CdV_18_Scritto5.pdf',204,'Risultati scritto 5 (20 Luglio 2018)','pdf','application/pdf',26040,1532189883,0),(880,8689,2132,0,93,0,'93_aab4d3534a9d2919f802e1151c8e73c3','quintoappello23luglio.pdf',303,'','pdf','application/pdf',13605,1532364826,0),(881,8604,2105,0,2,0,'2_7e01523e526ecac664a805a82514fa10','AM2_18_CS3.pdf',445,'Scritto appello 3 -- 20 Luglio 2018','pdf','application/pdf',37277,1532416004,0),(882,8411,2057,0,2,0,'2_a0572b901bdad10df2a15ec10d74bcf6','CdV_18_CS5.pdf',215,'Scritto 5 (20 Luglio 2018)','pdf','application/pdf',144441,1532416216,0),(883,8703,2137,0,2146,0,'2146_5767b19706c743ece858e2185b8ddedc','Hopital.pdf',148,'','pdf','application/pdf',843072,1533464078,0),(885,8743,2147,0,93,0,'93_2ffa0114bce5abe1167295f55f2c949c','risultati3settembre.pdf',252,'','pdf','application/pdf',13438,1536051286,0),(886,8755,2149,0,2176,0,'2176_4265cd83d7bb99f325a847e26f4599f7','scritto5.pdf',200,'','pdf','application/pdf',160356,1536617298,0),(887,8654,2057,0,2,0,'2_0c37a139f92f2cacee00192fb99e7b56','CdV_18_CS5_Sol.pdf',232,'Scritto 2018-5 -- Tracce di soluzioni','pdf','application/pdf',1340539,1536770142,0),(889,8653,2105,0,2,0,'2_07f6dd4e9b7c49116eb84bfe0fec41bc','AM2_CS3_sol.pdf',390,'Scritto 3 (20 Luglio 2018) -- Tracce di soluzioni','pdf','application/pdf',1956454,1536833126,0),(890,8773,2153,0,93,0,'93_4000cabfd88355c3286dfd11def8c61e','FisicaEsame2018.pdf',518,'','pdf','application/pdf',96987,1537202685,0),(891,8773,2153,0,93,0,'93_90ff88ccad7a246ebf0f657970d9b23c','BuroFisica2018.pdf',390,'','pdf','application/pdf',76839,1537202694,0),(892,8774,2037,0,2,0,'2_9300553316189a854ce460489f28a31a','CdV_18_Scritto6.pdf',177,'Risultati scritto 6 (18 Settembre 2018)','pdf','application/pdf',25724,1537286852,0),(893,8411,2057,0,2,0,'2_6fb4dc9c1020f40dae42d2c68c14d0e5','CdV_18_CS6.pdf',250,'Scritto 6 (18 Settembre 2018)','pdf','application/pdf',116911,1537299666,0),(894,8604,2105,0,2,0,'2_a1878da4095745d4930cc63c4c875d50','AM2_18_CS4.pdf',453,'Scritto appello 4 -- 18 Settembre 2018','pdf','application/pdf',34705,1537300524,0),(895,8776,2100,0,2,0,'2_2dc45767f25708e86ba683496ce2f541','Scritto_4.pdf',369,'Risultati scritto 4 (18 Settembre 2018)','pdf','application/pdf',23366,1537348417,0),(896,8782,2155,0,2299,0,'2299_088613598bb41a764bff0e3c7303a904','photo_2018-09-20_13-03-21.jpg',0,'','jpg','image/jpeg',45856,1537451927,0),(897,8654,2057,0,2,0,'2_9f9d083118cd972442ed7f4dc497c96e','CdV_18_CS6_sol.pdf',275,'Scritto 2018-6 -- Tracce di soluzioni','pdf','application/pdf',1444107,1537540641,0),(898,8653,2105,0,2,0,'2_144d932e2ad48a5a9ce612529139ddd1','AM2_CS4_sol.pdf',442,'Scritto 4 (18 Settembre 2018) -- Tracce di soluzioni','pdf','application/pdf',1731080,1537542829,0),(900,8787,2158,0,93,0,'93_db7c487d9501229496c21f77bc36b4ce','M18_CSPI.pdf',952,'','pdf','application/pdf',127982,1537711315,0),(1008,8786,2157,0,93,0,'93_95c82f0e701f161fb044ac8b32f70de1','F18_CS.pdf',484,'','pdf','application/pdf',165721,1567590730,0),(901,0,0,0,93,1,'93_d404b3708b6a4fc35323f981d1b8619b','BuroMecc.pdf',0,'','pdf','application/pdf',77407,1537954685,0),(902,0,0,0,93,1,'93_5905f2986a22f45d230f9e3a95945f1b','Mecc18_19_Esame.pdf',0,'','pdf','application/pdf',95101,1537954700,0),(903,8795,2163,0,93,0,'93_3601274249e3d20d26e9a3997fb724f8','BuroMecc.pdf',264,'','pdf','application/pdf',77407,1537955855,0),(904,8795,2163,0,93,0,'93_2c732239c7cba2fbfd146c445d7ce8d8','Mecc18_19_Compitini .pdf',344,'','pdf','application/pdf',85280,1537955866,0),(905,8795,2163,0,93,0,'93_f2a438fb34aae41e5cb91e704d59c634','Mecc18_19_Esame.pdf',344,'','pdf','application/pdf',95101,1537955876,0),(906,8797,2163,0,93,0,'93_da7bb3b8b4fc29ad1021aa7549f2cb97','Mecc18_19_Compitini .pdf',272,'','pdf','application/pdf',87590,1538150706,0),(907,0,0,0,1811,1,'1811_9f89942ed11467b07a334c866cdeb2b1','max e min.PNG',0,'','png','image/png',15139,1540042015,0),(912,8843,2187,0,93,0,'93_2ef2ae7c17f4e8cd53c5410620881041','Compitini12Ing18_19.pdf',391,'','pdf','application/pdf',16181,1543138934,0),(909,8817,2175,0,2362,0,'2362_46e5ac95a24b89991ef8e9b0690bcd76','Screenshot_1.jpg',0,'','jpg','image/jpeg',44563,1540636226,0),(911,8821,2177,0,93,0,'93_c77813840dedaedc74b7bb9eddc6f60f','Compitino1Ing18_19.pdf',464,'','pdf','application/pdf',14766,1540724220,0),(913,8848,2189,0,2140,0,'2140_13c5a661b74959c278aa27fc92987940','modellistica.jpg',0,'','jpg','image/jpeg',108691,1543326364,0),(914,8849,2189,0,2140,0,'2140_e2a98db73836439dd1c96d1d23bc0ade','esercizio 2.JPG',0,'','jpg','image/jpeg',2239771,1543331791,0),(915,8859,930,0,2375,0,'2375_06d7d77ad5ae5a8bc1ceca400658609c','Screenshot (14).png',0,'','png','image/png',196980,1543828471,0),(917,8874,2158,0,2378,0,'2378_2f6df3cd0552fadcea2e3668abd682ac','Compitino A2 17-18.pdf',372,'','pdf','application/pdf',753752,1544713127,0),(918,8882,2201,0,1971,0,'1971_6face66efd26f92f23e1b67695b67e10','Esercizio 6a Integrali impropri 1.pdf',160,'','pdf','application/pdf',68370,1545128178,0),(919,8891,2206,0,93,0,'93_219a9d7b3f84c9d4f430a1d23f9f4ff4','RisultatiCompitini.pdf',347,'','pdf','application/pdf',14742,1545464334,0),(920,8893,2208,0,93,0,'93_e865da5100d55ab4544f65f633dde5d5','risultaticompito21dicembre.pdf',489,'','pdf','application/pdf',14479,1545488925,0),(921,8894,2209,0,93,0,'93_836a0a169e65370b9b0961552217d3a4','Fisica21dicembre2018.pdf',496,'','pdf','application/pdf',13273,1545574021,0),(922,8896,2210,0,2,0,'2_df945a757148d36e4add9f94cbe17fb2','IstAM_19_CS.pdf',406,'Scritto d\'esame (Christmas Edition)','pdf','application/pdf',128812,1545766510,0),(925,8896,2210,0,2,0,'2_0f1560698a4ff3b790b805082a3476ce','IstAM_19_CS0-NYE.pdf',353,'Scritto d\'esame (New Year Edition)','pdf','application/pdf',176550,1546499713,0),(926,8978,2221,0,93,0,'93_4dbc4266da55ba6c96f54b233923fda5','risultatiFisica0107.pdf',459,'','pdf','application/pdf',399815,1546969661,0),(927,9018,2200,0,2,0,'2_f9a0554874bd6f99d99db9f6d21f765b','Scritto_1.pdf',293,'Risultati scritto 1 (15 gennaio 2019)','pdf','application/pdf',24511,1547578798,0),(928,9023,2100,0,2,0,'2_cc325b6e5ba9b347bcabf962c654e641','Scritto_5.pdf',376,'Risultati Scritto 5 (15 Gennaio 2019)','pdf','application/pdf',23553,1547662688,0),(929,9024,2188,0,2,0,'2_9cd0bb31cc9b5c671da7dde57135eabd','Scritto_1.pdf',469,'Risultati Scritto 1 (15 Gennaio 2019)','pdf','application/pdf',23140,1547662789,0),(930,8604,2105,0,2,0,'2_6b32d6aac0cbdab1f1d203e8d424d42b','AM2_18_CS5.pdf',340,'Scritto appello 5 -- 15 Gennaio 2019','pdf','application/pdf',36483,1547727873,0),(931,9033,2228,0,2,0,'2_713949640ac727358e2e289a6e7d1b10','CdV_19_CS1.pdf',332,'Scritto appello 1 -- 15 Gennaio 2019','pdf','application/pdf',35360,1547728155,0),(933,9035,2229,0,2,0,'2_9ec63d7147bae6e03cbc8e6839e935a5','IstAM_19_CS1.pdf',462,'Scritto appello 1 -- 15 Gennaio 2019','pdf','application/pdf',37472,1547728583,0),(934,9036,2229,0,2,0,'2_c276d1e2b2a8c38f38747df7f911ab85','IstAM_19_CS1_Sol.pdf',473,'Scritto 1 (15 Gennaio 2019) -- Tracce di soluzioni','pdf','application/pdf',882075,1547883950,0),(935,9034,2228,0,2,0,'2_d46747299d577d704c45897501f3f9d7','CdV_19_CS1_Sol.pdf',423,'Scritto 1 (15 Gennaio 2019) -- Tracce di soluzioni','pdf','application/pdf',1023468,1547884038,0),(936,8653,2105,0,2,0,'2_bb56a229809c2d4a15c5ee5b40a5fc4a','AM2_CS5_sol.pdf',333,'Scritto 5 (15 Gennaio 2019) -- Tracce di soluzioni','pdf','application/pdf',1517307,1547884155,0),(937,9042,2096,0,2399,0,'2399_d78e5a1439a9117ea11beae8f3436b04','WhatsApp Image 2019-01-20 at 10.54.37.jpeg',0,'','jpeg','image/jpeg',286932,1547978886,0),(938,9051,2214,0,2,0,'2_286dad60fc979164a4c72ab85c762f36','Scritto_1.pdf',560,'Risultati Compitino 1 (21 Gennaio 2019)','pdf','application/pdf',21420,1548154120,0),(939,9056,2232,0,2,0,'2_a6f25cb24e41edb221b827c4c4aebf81','AL_19_CS1.pdf',591,'Testo Compitino 1 (21 Gennaio 2019)','pdf','application/pdf',30379,1548164236,0),(942,9057,2232,0,2,0,'2_4ec9fc3f88c9751ef463cb039d5c32a2','AL_19_CS1_Sol.pdf',651,'Compitino 1 (21 Gennaio 2019) -- Tracce di soluzioni','pdf','application/pdf',1299988,1548168143,0),(943,9062,2236,0,2308,0,'2308_8cce7ea33e42007afe72e76949efb5bf','ESERCIZIO 4 APPELLO 15_01_19.pdf',171,'','pdf','application/pdf',88228,1548263149,0),(944,9098,2242,0,93,0,'93_94a163a79d9decaf79aac5a398762830','28Gennaio2019Fisica.pdf',544,'','pdf','application/pdf',17601,1548865631,0),(945,9112,2100,0,2,0,'2_a1f55d2127765573a793d68c35f88dcd','Scritto_6.pdf',383,'Risultati scritto 6 (02 Febbraio 2019)','pdf','application/pdf',23273,1549140849,0),(946,9113,2200,0,2,0,'2_c193d701724f2fdb508841445af665f5','Scritto_2.pdf',271,'Risultati scritto 2 (02 Febbraio 2019)','pdf','application/pdf',25143,1549140979,0),(947,9115,2188,0,2,0,'2_4a06eae52bbeee71fbc252bf0d9a2c5d','Scritto_2.pdf',420,'Risultati scritto 2 (02 Febbraio 2019)','pdf','application/pdf',23456,1549191355,0),(948,8604,2105,0,2,0,'2_a0499c600cca744af78e913e580efb27','AM2_18_CS6.pdf',329,'Scritto appello 6 -- 02 Febbraio 2019','pdf','application/pdf',36346,1549200649,0),(949,9035,2229,0,2,0,'2_9e1b51901b840ec551491ab1e2c530c5','IstAM_19_CS2.pdf',344,'Scritto appello 2 -- 02 Febbraio 2019','pdf','application/pdf',123618,1549200743,0),(950,9033,2228,0,2,0,'2_0bf4f9984e1de12dec6647b2c223a78c','CdV_19_CS2.pdf',304,'Scritto appello 2 -- 02 Febbraio 2019','pdf','application/pdf',121932,1549200913,0),(951,8653,2105,0,2,0,'2_18e2a9c440ff44fa5f8c811cf7d91cc4','AM2_CS6_sol.pdf',376,'Scritto 6 (02 Febbraio 2019) -- Tracce di soluzioni','pdf','application/pdf',1683398,1549202016,0),(952,9034,2228,0,2,0,'2_f09fe920943db95ab506edcfe10e48bc','CdV_19_CS2_Sol.pdf',405,'Scritto 2 (02 Febbraio 2019) -- Tracce di soluzioni','pdf','application/pdf',1339302,1549202126,0),(953,9036,2229,0,2,0,'2_8070735b71c8f9bbe6118f6a6f735792','IstAM_19_CS2_Sol.pdf',424,'Scritto 2 (02 Febbraio 2019) -- Tracce di soluzioni','pdf','application/pdf',979416,1549792128,0),(957,9153,2255,0,2410,0,'2410_85f6a229bc1c02067388cf283b65077b','metodo per diag.PNG',0,'Foto 2','png','image/png',22603,1549883943,0),(958,9153,2255,0,2410,0,'2410_20c7ab8305ec7abfb70cbf8e88103bcc','Metodo per diagonalizz..PNG',0,'Foto 1','png','image/png',69940,1549883965,0),(956,0,0,0,2410,1,'2410_7e4013ea3158e7d2efb6a53ac0beae12','Metodo per diagonalizz..PNG',0,'','png','image/png',69940,1549883891,0),(959,0,0,0,2410,1,'2410_b57cdba4ec3362a47a5e544329a69ada','IMG_3883[36].jpg',0,'','jpg','image/jpeg',3453681,1549968288,0),(960,9156,2252,0,2410,0,'2410_3b4de1247d99442dcafc876d6564b4ea','IMG_3883[36].jpg',0,'Es 2 forme quadratiche 2, punto h','jpg','image/jpeg',3453681,1549968499,0),(962,9171,2258,0,2416,0,'2416_956abbd1c59b4e5a300c4f22586015f5','Cattura.JPG',0,'','jpg','image/jpeg',20439,1550308003,0),(963,9208,2214,0,2,0,'2_d323365b0bf78e19db22821afa5f3316','Compitino_2.pdf',376,'Risultati Compitino 2 (23 Febbraio 2019)','pdf','application/pdf',20547,1550993614,0),(964,9210,2100,0,2,0,'2_3f19b7930d5b07a687a700e7ee3b4e33','Scritto_7.pdf',296,'Risultati scritto 7 (23 Febbraio 2019)','pdf','application/pdf',22796,1551020503,0),(965,9214,2188,0,2,0,'2_8c18beeeeba9911578e2cfcd0d8e3026','Scritto_3.pdf',419,'Risultati scritto 3 (23 Febbraio 2019)','pdf','application/pdf',24235,1551173906,0),(966,8604,2105,0,2,0,'2_34b11154167761ae45cf2af30400bc95','AM2_18_CS7.pdf',450,'Scritto appello 7 -- 23 Febbraio 2019','pdf','application/pdf',37982,1551194048,0),(967,8653,2105,0,2,0,'2_3878cb086072fbedbb044b865b1f726c','AM2_CS7_sol.pdf',332,'Scritto 7 (23 Febbraio 2019) -- Tracce di soluzioni','pdf','application/pdf',1434386,1551200214,0),(968,9056,2232,0,2,0,'2_c3dbcf6dad492bc943e0882cae163747','AL_19_PI2.pdf',432,'Testo Compitino 2 (23 Febbraio 2019)','pdf','application/pdf',44291,1551200851,0),(969,9057,2232,0,2,0,'2_a557900c475c25b180ba01b747283cee','AL_19_PI2_Sol.pdf',499,'Compitino 2 (23 Febbraio 2019) -- Tracce di soluzioni','pdf','application/pdf',1169528,1551200920,0),(970,9035,2229,0,2,0,'2_17ff275d795e94ed5f03c0991c982d71','IstAM_19_CS3.pdf',272,'Scritto appello 3 -- 23 Febbraio 2019','pdf','application/pdf',41248,1551202453,0),(971,9036,2229,0,2,0,'2_e0f4679e37aef3dc383b18db4a3e6dbd','IstAM_19_CS3_Sol.pdf',331,'Scritto 3 (23 Febbraio 2019) -- Tracce di soluzioni','pdf','application/pdf',877826,1551202554,0),(972,9033,2228,0,2,0,'2_a44f7ad3aeeaf0d68e3d3135724abece','CdV_19_CS3.pdf',276,'Scritto appello 3 -- 23 Febbraio 2019','pdf','application/pdf',36945,1551280194,0),(973,9034,2228,0,2,0,'2_f3a8f67be441a2c4156c4eb1b4d76e8e','CdV_19_CS3_Sol.pdf',378,'Scritto 3 (23 Febbraio 2019) -- Tracce di soluzioni','pdf','application/pdf',1464772,1551280234,0),(974,9302,2286,0,2,0,'2_dc30280013d2470268a7f4ba6fd64902','Scritto_1.pdf',230,'Risultati scritto 1 (08 Giugno 2019)','pdf','application/pdf',17824,1560000921,0),(975,9056,2232,0,2,0,'2_7656ee7442193b92cdb4f1d0eda1e53e','AL_19_CS1.pdf',335,'Testo Scritto 1 (08 Giugno 2019)','pdf','application/pdf',32537,1560003269,0),(976,9304,2302,0,93,0,'93_f381e2aad4e9736827bc09f4d6b37c5a','Fisica2019_8giugno.pdf',213,'','pdf','application/pdf',12980,1560087254,0),(979,9035,2229,0,2,0,'2_17d0f5f82093f154e3cfb0c4d0a7c344','IstAM_19_CS4.pdf',254,'Scritto appello 4 -- 11 Giugno 2019','pdf','application/pdf',136522,1560358100,0),(978,9310,2289,0,2,0,'2_d6d72b1ccabca609621e9165caf0d9dc','Scritto_4.pdf',350,'Risultati scritto 4 (11 Giugno 2019)','pdf','application/pdf',24155,1560354568,0),(988,9033,2228,0,2,0,'2_0c0f4255d7901343c8fdbb7ebc71c4ac','CdV_19_CS5.pdf',244,'Scritto appello 5 -- 05 Luglio 2019','pdf','application/pdf',167863,1562347841,0),(987,9033,2228,0,2,0,'2_b39c346f8954741abc2734d078232da9','CdV_19_CS4.pdf',216,'Scritto appello 4 -- 11 Giugno 2019','pdf','application/pdf',148277,1562347816,0),(981,9342,2286,0,2,0,'2_e3e8c3b36b9e03dd6358081326a70d2a','Scritto_2.pdf',203,'Risultati scritto 2 (24 Giugno 2019)','pdf','application/pdf',16911,1561371238,0),(982,9056,2232,0,2,0,'2_cf0df6344794d7f2c05e275f6cada74a','AL_19_CS2.pdf',311,'Testo Scritto 2 (24 Giugno 2019)','pdf','application/pdf',32504,1561390602,0),(983,9057,2232,0,2,0,'2_e5817d5180bfbd77903031b297e0c8c5','AL_19_CS1_Sol.pdf',355,'Scritto 1 (08 Giugno 2019) -- Tracce di soluzioni','pdf','application/pdf',630852,1561488817,0),(984,9057,2232,0,2,0,'2_f1a25c5400542098b29b211c6a400ec7','AL_19_CS2_Sol.pdf',358,'Scritto 2 (24 Giugno 2019) -- Tracce di soluzioni','pdf','application/pdf',624537,1561488844,0),(985,9348,2322,0,93,0,'93_db39ea8312a641e1bb08456826cb5d05','29giugno2019Fisica.pdf',274,'','pdf','application/pdf',21961,1561875516,0),(986,9356,2289,0,2,0,'2_8b8a0a35bedea71b8f9ed111db24efe0','Scritto_5.pdf',238,'Risultati scritto 5 (05 Luglio 2019)','pdf','application/pdf',22826,1562344488,0),(989,9035,2229,0,2,0,'2_20604c1b054461876c62e7dc01def0fc','IstAM_19_CS5.pdf',213,'Scritto appello 5 -- 05 Luglio 2019','pdf','application/pdf',166568,1562347952,0),(990,9034,2228,0,2,0,'2_248cd5e057e26c7423af23661ee47d12','CdV_19_CS4_Sol.pdf',274,'Scritto 4 (11 Giugno 2019) -- Tracce di soluzioni','pdf','application/pdf',1198444,1562698199,0),(991,9034,2228,0,2,0,'2_97b08dd64fabad46a1ff0d3f3e776c74','CdV_19_CS5_Sol.pdf',296,'Scritto 5 (05 Luglio 2019) -- Tracce di soluzioni','pdf','application/pdf',1559810,1562698206,0),(992,9388,2286,0,2,0,'2_3aae931232e92bbb8e1a6db36fce59e9','Scritto_3.pdf',190,'Risultati scritto 3 (15 Luglio 2019)','pdf','application/pdf',17564,1563576723,0),(993,9389,2340,0,93,0,'93_6f93c9a1f2c7322b9fc2eb4e64632142','20luglio2019Risultati.pdf',263,'','pdf','application/pdf',13120,1563691416,0),(994,9057,2232,0,2,0,'2_946b356e266ff49349e20b3c3afee095','AL_19_CS3_Sol.pdf',322,'Scritto 3 (15 Luglio 2019) -- Tracce di soluzioni','pdf','application/pdf',691405,1564150096,0),(995,9036,2229,0,2,0,'2_2ecb4f9eab3a977199acb55f55009652','IstAM_19_CS4_Sol.pdf',261,'Scritto 4 (11 Giugno 2019) -- Tracce di soluzioni','pdf','application/pdf',613280,1564150782,0),(1108,9033,2228,0,2,0,'2_3369bd309f4521d673e8213418ff6cb3','CdV_19_CS8.pdf',128,'Scritto appello 8 -- 21 Febbraio 2020','pdf','application/pdf',114891,1583142356,0),(997,9056,2232,0,2,0,'2_c0f74a81a625b4e18832a018ed4412c2','AL_19_CS3.pdf',303,'Testo Scritto 3 (15 Luglio 2019)','pdf','application/pdf',33942,1565108641,0),(999,9412,2353,0,2456,0,'2456_0d96e9195b512ae4556ae96e57ce994c','Es n 16 disequazioni 7.png',0,'','png','image/png',13050,1566124667,0),(1000,9429,2356,0,2457,0,'2457_98c06abf8d5fa530ad8806494db36896','111111.PNG',0,'','png','image/png',225143,1566330844,0),(1001,9433,2357,0,2457,0,'2457_5485975e699eb6dd1321aa17a20b8e47','222222.PNG',0,'','png','image/png',292474,1566380136,0),(1002,9440,2362,0,2457,0,'2457_b046403d8324033a85f79fa73ae7856c','Cattura.PNG',0,'','png','image/png',143439,1566825009,0),(1003,9451,2365,0,2461,0,'2461_8eb56277b5b5bb2baaa98629f7756e27','limite parametrico.PNG',0,'','png','image/png',74793,1567019484,0),(1005,9465,2374,0,1971,0,'1971_6d2369dcbb8a6b5e80ecd3e902eff846','Esercizio.pdf',106,'','pdf','application/pdf',128710,1567510096,0),(1006,0,0,0,93,1,'93_396937ce318102de6fa356d3f48820f5','Fisica3settembre2019.pdf',0,'','pdf','application/pdf',12785,1567585044,0),(1007,9467,2376,0,93,0,'93_fb3c36b4b3617072760417b70b1f2d29','Fisica3settembre2019.pdf',210,'','pdf','application/pdf',12785,1567585870,0),(1009,9469,2289,0,2,0,'2_afdf35a614cbc08b26f6f97dcbaf86fc','Scritto_6.pdf',139,'Risultati scritto 6 (03 Settembre 2019)','pdf','application/pdf',23292,1567592430,0),(1010,9470,2200,0,2,0,'2_37dcd94783690017a2cf807075c01cab','Scritto_6.pdf',139,'Risultati scritto 6 (03 Settembre 2019)','pdf','application/pdf',25577,1567592522,0),(1011,0,0,0,2,1,'2_592327acd0cd30e6cbaceba56e9df8bd','CdV_19_CS6.pdf',0,'','pdf','application/pdf',175324,1567601810,0),(1012,9033,2228,0,2,0,'2_92f5262bafacf62405b294a90ee57895','CdV_19_CS6.pdf',245,'Scritto appello 6 -- 03 Settembre 2019','pdf','application/pdf',175324,1567601864,0),(1013,9035,2229,0,2,0,'2_53015e158c20ac40b851743c941c19b5','IstAM_19_CS6.pdf',223,'Scritto appello 6 -- 03 Settembre 2019','pdf','application/pdf',212844,1567601994,0),(1048,9574,1455,0,2481,0,'2481_bb483c45e467b2bd47bcc98d692a460c','R4C1.jpg',0,'','jpg','image/jpeg',3402450,1572001000,0),(1016,9488,2286,0,2,0,'2_232bdfc333ca34a8a0871b324341a0b4','Scritto_4.pdf',112,'Risultati scritto 3 (21 Settembre 2019)','pdf','application/pdf',17601,1569070817,0),(1017,9056,2232,0,2,0,'2_406e9839c61336b4020ed9cd57a0de29','AL_19_CS4.pdf',333,'Testo Scritto 4 (21 Settembre 2019)','pdf','application/pdf',31796,1569075865,0),(1018,9057,2232,0,2,0,'2_5a98f5de630665d7d5e381a428b2e2d6','AL_19_CS4_Sol.pdf',340,'Scritto 4 (21 Settembre 2019) -- Tracce di soluzioni','pdf','application/pdf',464539,1569076029,0),(1019,9496,2388,0,93,0,'93_e6ef8c5858a9d2c8b6fc3510e9374d26','BuroFisica2019.pdf',301,'','pdf','application/pdf',76710,1569158949,0),(1020,9496,2388,0,93,0,'93_fe6110df67d52e6d5a1de4f7a251dabc','FisicaEsame2019.pdf',414,'','pdf','application/pdf',96998,1569158957,0),(1021,9497,2389,0,93,0,'93_47f465129a8c8f375766ff953972c6dd','F19_CS.pdf',657,'','pdf','application/pdf',154777,1569160663,0),(1023,9498,2390,0,93,0,'93_ed8ed1618990280b406a3e6a553bb131','EsempiTest.pdf',588,'','pdf','application/pdf',146287,1569160925,0),(1024,9034,2228,0,2,0,'2_15b23bc003a69ddc4eb059b930283b65','CdV_19_CS6_Sol.pdf',251,'Scritto 6 (03 Settembre 2019) -- Tracce di soluzioni','pdf','application/pdf',1580264,1569340324,0),(1107,9057,2232,0,2,0,'2_fcf5ae6733c7d34990147560b4bd7c80','AL_19_CS7_Sol.pdf',114,'Scritto 7 (22 Febbraio 2020) -- Tracce di soluzioni','pdf','application/pdf',640890,1583139275,0),(1026,9503,2393,0,93,0,'93_228025b9f83b843cb8214b2985caaab3','M19_CSPI.pdf',650,'','pdf','application/pdf',127332,1569402246,0),(1027,9504,2394,0,93,0,'93_4b1cb3b585639c54d112643ab6baa801','BuroMecc.pdf',221,'','pdf','application/pdf',77633,1569402525,0),(1029,9504,2394,0,93,0,'93_e5417e9a081b62c6e66c03ad4793a12d','Mecc19_20_Esame.pdf',263,'','pdf','application/pdf',95095,1569402561,0),(1030,9504,2394,0,93,0,'93_479d0f72a8f0a6c3a7523f36da0b67a9','Mecc19_20_Compitini .pdf',207,'','pdf','application/pdf',85674,1569402886,0),(1031,9511,2400,0,1971,0,'1971_345be9db4f32a0ace1e93eb42df93bb2','Relazione16.pdf',92,'','pdf','application/pdf',11667,1569648678,0),(1032,9525,1382,0,2481,0,'2481_013c5e957d0436b4b1404212c7663bbd','Limiti 1.jpg',0,'','jpg','image/jpeg',150640,1570208424,0),(1033,9528,1382,0,2481,0,'2481_36a16c49d0f6b4ff7326a698473bd714','limiti1svolgimenti.jpg',0,'','jpg','image/jpeg',203424,1570269548,0),(1034,9528,1382,0,2481,0,'2481_46d5fcd8cf85f6f5bca6a1cb88e38c7a','limiti1svolgimenti2.jpg',0,'','jpg','image/jpeg',220753,1570269548,0),(1035,9528,1382,0,2481,0,'2481_8384b52814b4bd500137b94841872e8b','limiti1svolgimenti3.jpg',0,'','jpg','image/jpeg',221714,1570269549,0),(1036,9529,2407,0,2478,0,'2478_7543b36ee97d24935ea5f00af39202ac','ott 5, Doc 2.pdf',113,'questo è l\'esercizio su cui ho il principale dubbio','pdf','application/pdf',370258,1570282062,0),(1037,9529,2407,0,2478,0,'2478_bd50360e0e7287a6225c1db7094025a3','ott 5, Doc 1.pdf',113,'questi sono altri limiti che ho fatto','pdf','application/pdf',2662451,1570282106,0),(1038,9533,2407,0,93,0,'93_efcdc6ff4efb42913db1e0f13273ff2a','ott 5, Doc 1.pdf',108,'','pdf','application/pdf',3538174,1570289356,0),(1039,9543,2410,0,1971,0,'1971_8421c122645f37f171cc77ccd883e94d','Esercizio.pdf',88,'','pdf','application/pdf',144718,1570864189,0),(1040,9546,2411,0,93,0,'93_ddb49545ce248fe800a61396ae9c6925','Mecc19_20_Compitini .pdf',384,'','pdf','application/pdf',87764,1570891886,0),(1041,9547,2412,0,2478,0,'2478_223deea80526f55c4be3dd69c621c619','ott 12, Doc 1.pdf',116,'','pdf','application/pdf',2680660,1570900173,0),(1042,9548,2412,0,983,0,'983_9a6462d5ad9c15b187dc86f95b46e2eb','191012 - max-min.pdf',106,'','pdf','application/pdf',98031,1570909591,0),(1043,9550,2412,0,983,0,'983_6081c2b0da57b79666e9b51b0b8d37f6','191012 - max-min_rev01.pdf',114,'','pdf','application/pdf',100650,1570949757,0),(1045,9551,2412,0,93,0,'93_ac861a5f5c221c2b30bc345f674f2f44','ott 12, Doc 1.pdf',102,'','pdf','application/pdf',3871452,1570979489,0),(1046,9558,2413,0,1971,0,'1971_a2a117b923172a4b09a81bce59d3838b','Esercizio 14.pdf',111,'','pdf','application/pdf',153618,1571137566,0),(1047,9561,2413,0,1971,0,'1971_a797f5cb3692508fc9a108760692d66c','Esercizio 14.pdf',94,'','pdf','application/pdf',154399,1571217320,0),(1049,9579,2416,0,2478,0,'2478_bd694fc8b1967f7674328d369aed3b3b','ott 26, Doc 1.pdf',94,'','pdf','application/pdf',5363613,1572106080,0),(1050,9581,2417,0,93,0,'93_c939eea4b5166e92f92c2d49d924a048','Risultati1C.pdf',587,'','pdf','application/pdf',32404,1572191704,0),(1051,9582,2416,0,93,0,'93_3b00449a8a4ddf9f1dff13c4495a7f3b','ott 26, Doc 1.pdf',107,'','pdf','application/pdf',7964063,1572249644,0),(1052,9586,2418,0,2478,0,'2478_706bd791c22c8d5446c9bfb1afb95a8b','nov 3, Doc 1.pdf',99,'','pdf','application/pdf',4145350,1572799002,0),(1053,9589,2418,0,93,0,'93_6b86053af9d7d98a2ef17524150c9d99','nov 3, Doc 1.pdf',114,'','pdf','application/pdf',5697879,1573034228,0),(1054,9596,2423,0,2481,0,'2481_ea407b3ac412ad7b59f0f58f8c771edc','dim(1+x)^a_1.jpg',0,'','jpg','image/jpeg',3636821,1573407367,0),(1055,9596,2423,0,2481,0,'2481_3609ca3a2814ff0fc445d93277f687a7','dim(1+x)^a_2.jpg',0,'','jpg','image/jpeg',3722565,1573407401,0),(1056,9605,2427,0,1971,0,'1971_da6ef92cc3fee71b6641bb4dc71a41ea','Esercizio 13.pdf',90,'','pdf','application/pdf',79409,1573909499,0),(1057,9607,2429,0,2478,0,'2478_2bf3123f8e81d677936b2312230dc19d','nov 17, Doc 1.pdf',106,'','pdf','application/pdf',1373283,1574010509,0),(1058,0,0,0,93,1,'93_c1c00d2136ad13effaf52bc9841cdc45','nov 17, Doc 1.pdf',0,'','pdf','application/pdf',1708017,1574098471,0),(1059,9613,2429,0,93,0,'93_83295e0f4fac6acb2777b3232d2c57a2','nov 17, Doc 1.pdf',100,'','pdf','application/pdf',1708017,1574098505,0),(1060,9634,2439,0,93,0,'93_0f06e16b72f66d10a97936c9192ec271','RisultatiSecondoCompitino.pdf',343,'','pdf','application/pdf',42393,1574617081,0),(1061,9664,2455,0,1971,0,'1971_4c235b5048208c1b9c3790c2bc15897b','Curva 15.pdf',99,'','pdf','application/pdf',41238,1576751548,0),(1062,9668,2457,0,93,0,'93_1b7d2019e3a3811c9b3703e1ae085f02','Risultaticompitini.pdf',367,'','pdf','application/pdf',38905,1577030593,0),(1063,9672,2461,0,93,0,'93_1bfce8136fc32ccc62cc1a0fb7d16a0d','PrimoappelloFisica2020.pdf',411,'','pdf','application/pdf',37150,1577192465,0),(1064,9690,2449,0,2,0,'2_60531624ac66601e1b7da03baaf9e1e8','Scritto_5.pdf',152,'Risultati scritto 5 (11 gennaio 2020)','pdf','application/pdf',16735,1578740062,0),(1065,9056,2232,0,2,0,'2_909d4c6a71498c2909f4d63df5fba082','AL_19_CS5.pdf',233,'Testo Scritto 5 (11 Gennaio 2020)','pdf','application/pdf',33721,1578740581,0),(1066,9691,2472,0,2,0,'2_664cda6b2b2b21e2401cda82ca024d0d','IstAM_20_CS1.pdf',213,'Testo scritto 1 (11 Gennaio 2020)','pdf','application/pdf',136373,1578741088,0),(1067,9697,2450,0,2,0,'2_383bf01e492395e30c0ad5c90079267c','Scritto_1.pdf',363,'Risultati scritto 1 (11 Gennaio 2020)','pdf','application/pdf',24099,1579112509,0),(1068,9698,2451,0,2,0,'2_8a7987a639a9aedcd3524baa1b442005','Scritto_7.pdf',220,'Risultati scritto 1 (11 Gennaio 2020)','pdf','application/pdf',25986,1579112902,0),(1069,9057,2232,0,2,0,'2_7e877f6b8fbbc4a4dc14e5b63b9c8294','AL_19_CS5_Sol.pdf',227,'Scritto 5 (11 Gennaio 2020) -- Tracce di soluzioni','pdf','application/pdf',711483,1579171300,0),(1070,9707,2475,0,2478,0,'2478_98a1634683d93ec17b9a978ca2b07691','ce6a3a94-ed89-49e0-8a64-e702b9554e99.jpg',0,'','jpg','image/jpeg',41865,1579194084,0),(1071,9708,2475,0,2478,0,'2478_c82bd69ae2eed3836880a09982b74667','e9d2fe0e-dec0-4d30-9c6f-827c96912681.jpg',0,'','jpg','image/jpeg',83299,1579199856,0),(1072,9716,2472,0,2,0,'2_24a9548de8190ed4a7221aa70f46db42','IstAM_20_CS1_Sol.pdf',205,'Scritto 1 (11 Gennaio 2020) -- Tracce di soluzioni','pdf','application/pdf',945865,1579286393,0),(1073,9033,2228,0,2,0,'2_989d9f2dc07bdbb7bf41fe9278338024','CdV_19_CS7.pdf',158,'Scritto appello 7 -- 01 Gennaio 2020','pdf','application/pdf',161882,1579286735,0),(1074,9034,2228,0,2,0,'2_c252f0ab9f1de1aa0920d81ec94c1b02','CdV_19_CS7_Sol.pdf',182,'Scritto 7 (11 Gennaio 2020) -- Tracce di soluzioni','pdf','application/pdf',1605851,1579286817,0),(1075,9717,2477,0,2531,0,'2531_d0382917fe198c4f3f1bc72610cc9309','ex.png',0,'','png','image/png',19285,1579308158,0),(1078,9721,2477,0,2531,0,'2531_83cdbb57688ee8099a133733a20af148','ris.jpeg',0,'','jpeg','image/jpeg',117034,1579355886,0),(1079,9723,2472,0,2534,0,'2534_8b22516a20173a13aad181040798f856','prova soluzioni.pdf',160,'','pdf','application/pdf',210715,1579368205,0),(1080,9726,2480,0,1971,0,'1971_8786b888b651d5446b63d3cd81a91879','Esercizio 12.pdf',79,'','pdf','application/pdf',43783,1579541778,0),(1081,9732,2482,0,93,0,'93_4fb32baffb300aad610e11c5da1b66b4','scritto21gennaio2020.pdf',418,'','pdf','application/pdf',315655,1579787867,0),(1082,9742,2484,0,1971,0,'1971_18237c15e1ece08ad0da356aeef76ebb','Esercizio 14.pdf',86,'','pdf','application/pdf',64537,1580039915,0),(1083,9744,2484,0,1971,0,'1971_9490c53f4b7d2940e169488ad9f685c6','Esercizio 14 corretto.pdf',86,'','pdf','application/pdf',64703,1580131569,0),(1084,0,0,0,2,1,'2_ad19cc6095949cd53024b585fe481436','IstAM_20_CS2.pdf',0,'','pdf','application/pdf',121193,1580469664,0),(1085,9691,2472,0,2,0,'2_a618b41eca064b6c81e4ae502350b1c0','IstAM_20_CS2.pdf',171,'Testo scritto 2 (1 Gennaio 2020)','pdf','application/pdf',121193,1580469689,0),(1086,9752,2472,0,2534,0,'2534_9e4eff54eea626c4ec9fcccef0418c07','soluzioni_secondo_scritto.pdf',122,'','pdf','application/pdf',161936,1580555463,0),(1087,9756,2449,0,2,0,'2_e22037006b1a84033330237b9467086d','Scritto_6.pdf',108,'Risultati scritto 6 (01 Febbraio 2020)','pdf','application/pdf',16554,1580561190,0),(1088,9056,2232,0,2,0,'2_7199346e53854b7bda23c9f61bce7ee1','AL_19_CS6.pdf',186,'Testo Scritto 6 (01 Febbraio 2020)','pdf','application/pdf',36198,1580561609,0),(1089,0,0,0,2,1,'2_f893c0b2c447a3ecdaf20183c8d428d0','AL_19_CS6_Sol.pdf',0,'','pdf','application/pdf',803580,1580561675,0),(1090,9757,2486,0,1811,0,'1811_31cc6ec57d1548ffaf35d72070a6897a','IMG_20200201_130930.jpg',0,'','jpg','image/jpeg',3178171,1580562372,0),(1091,9768,2450,0,2,0,'2_91d19163c9a02f200880d5a9cd51f0b1','Scritto_2.pdf',307,'Risultati scritto 2 (31 Gennaio 2020)','pdf','application/pdf',25337,1580728124,0),(1094,9716,2472,0,2,0,'2_65711b85ad888420ade77dc79b5ce1d8','IstAM_20_CS2_Sol.pdf',169,'Scritto 2 (31 Gennaio 2020) -- Tracce di soluzioni','pdf','application/pdf',1947931,1580904392,0),(1093,9774,2472,0,2308,0,'2308_020826b7926eeb8233e3da2f50c3cc89','soluzioni_esercizio4.pdf',92,'','pdf','application/pdf',115654,1580829133,0),(1095,9057,2232,0,2,0,'2_1af291cf5e2c7b355e7da919a1ced8b0','AL_19_CS6_Sol.pdf',183,'Scritto 6 (01 Febbraio 2020) -- Tracce di soluzioni','pdf','application/pdf',803580,1581022840,0),(1096,9795,2488,0,1886,0,'1886_d037a7c238ba8b7271cb771085da0a1e','Funzioni_5_6_7_8.pdf',129,'','pdf','application/pdf',2542228,1581068542,0),(1097,9691,2472,0,2,0,'2_4515dffad2a84dedbe37c3f469ed30f1','IstAM_20_CS3.pdf',127,'Testo scritto 3 (21 Febbraio 2020)','pdf','application/pdf',135423,1582283854,0),(1098,9827,2450,0,2,0,'2_dfacefdc8abee73470ea92673d247df7','Scritto_3.pdf',237,'Risultati scritto 3 (21 Febbraio 2020)','pdf','application/pdf',24774,1582364345,0),(1100,9828,2449,0,2,0,'2_c2b8e82fcf7024689d585ea0bbd998c3','Scritto_7.pdf',89,'Risultati scritto 7 (22 Febbraio 2020)','pdf','application/pdf',16479,1582367389,0),(1101,9056,2232,0,2,0,'2_d544591bea6afb58aafaa614b3a29c01','AL_19_CS7.pdf',176,'Testo Scritto 7 (22 Febbraio 2020)','pdf','application/pdf',30780,1582368210,0),(1109,9034,2228,0,2,0,'2_803f63e9c04f65bbd208ccbdaed91be0','CdV_19_CS8_Sol.pdf',124,'Scritto 8 (22 Febbraio 2020) -- Tracce di soluzioni','pdf','application/pdf',1161688,1583143323,0),(1104,9716,2472,0,2,0,'2_fc89aa86fdf943083b6b66a760ed245f','IstAM_20_CS3_Sol.pdf',109,'Scritto 3 (21 Febbraio 2020) -- Tracce di soluzioni','pdf','application/pdf',2209458,1582825347,0),(1105,9036,2229,0,2,0,'2_b90099c59d9e1cd133db99eae5a5a5f6','IstAM_19_CS5_Sol.pdf',96,'Scritto 5 (05 Luglio 2019) -- Tracce di soluzioni','pdf','application/pdf',1901266,1583138589,0),(1106,9036,2229,0,2,0,'2_c36c08b79dfdbd7411df4cb3ffb80f4a','IstAM_19_CS6_Sol.pdf',96,'Scritto 6 (21 Settembre 2019) -- Tracce di soluzioni','pdf','application/pdf',1048782,1583138640,0),(1110,9908,1489,0,1886,0,'1886_b20ec789264507c9261572a8f0ef91a3','Integrali 1.pdf',74,'','pdf','application/pdf',5254492,1586179545,0),(1111,9908,1489,0,1886,0,'1886_21a01d9ffd7e59e1ff26dcc1682d02e7','Integrali 2.pdf',77,'','pdf','application/pdf',8218940,1586179567,0),(1112,9909,1490,0,1886,0,'1886_6a56ac42f19aa182c961c9cc72cbfcab','Integrali 3.pdf',80,'','pdf','application/pdf',10308374,1586179748,0),(1113,9910,697,0,1886,0,'1886_5ec3452f624e5e96d3673b358805e68f','Integrali 4.pdf',95,'','pdf','application/pdf',7712445,1586179917,0),(1114,9918,1895,0,1886,0,'1886_f42993ae48fd8f804b030b56508e20a6','Integrali 5.pdf',76,'','pdf','application/pdf',3742935,1586941649,0),(1115,9931,1502,0,1886,0,'1886_e24168c1936c8f50932d8332d481ba41','Integrali 6.pdf',86,'','pdf','application/pdf',3689989,1587462324,0),(1116,9981,2516,0,93,0,'93_f45feaa8945e49a0cd144c09b0109772','F20_CS1.pdf',160,'','pdf','application/pdf',193178,1588497922,0),(1117,9981,2516,0,93,0,'93_2f7f20b4861821744f343cf28338d7c5','SvolgimentoCovid.pdf',174,'','pdf','application/pdf',1238903,1588497936,0),(1118,9982,2527,0,2478,0,'2478_b28d88b4e5b41adbaa969132b9e9c1c6','Schermata 2020-05-03 alle 18.54.39.png',0,'','png','image/png',54699,1588525250,0),(1119,9985,2527,0,2478,0,'2478_2c9d5cb1755bdcf0e377ceeaa737fbaa','Schermata 2020-05-04 alle 08.53.13.png',0,'','png','image/png',55261,1588575342,0),(1120,9991,2516,0,93,0,'93_f76918e758518ddfd32aa3ec187d2d64','Compitoprova.pdf',145,'','pdf','application/pdf',49399,1588672005,0);

--
-- Table structure for table `Studenti_banlist`
--

CREATE TABLE `Studenti_banlist` (
  `ban_id` mediumint(8) unsigned NOT NULL AUTO_INCREMENT,
  `ban_userid` mediumint(8) unsigned NOT NULL DEFAULT 0,
  `ban_ip` varchar(40) NOT NULL DEFAULT '',
  `ban_email` varchar(100) NOT NULL DEFAULT '',
  `ban_start` int(11) unsigned NOT NULL DEFAULT 0,
  `ban_end` int(11) unsigned NOT NULL DEFAULT 0,
  `ban_exclude` tinyint(1) unsigned NOT NULL DEFAULT 0,
  `ban_reason` varchar(255) NOT NULL DEFAULT '',
  `ban_give_reason` varchar(255) NOT NULL DEFAULT '',
  PRIMARY KEY (`ban_id`),
  KEY `ban_end` (`ban_end`),
  KEY `ban_user` (`ban_userid`,`ban_exclude`),
  KEY `ban_email` (`ban_email`,`ban_exclude`),
  KEY `ban_ip` (`ban_ip`,`ban_exclude`)
) ENGINE=MyISAM DEFAULT CHARSET=utf8 COLLATE=utf8_bin;

--
-- Dumping data for table `Studenti_banlist`
--


--
-- Table structure for table `Studenti_bbcodes`
--

CREATE TABLE `Studenti_bbcodes` (
  `bbcode_id` smallint(4) unsigned NOT NULL DEFAULT 0,
  `bbcode_tag` varchar(16) NOT NULL DEFAULT '',
  `bbcode_helpline` varchar(255) NOT NULL DEFAULT '',
  `display_on_posting` tinyint(1) unsigned NOT NULL DEFAULT 0,
  `bbcode_match` text NOT NULL,
  `bbcode_tpl` mediumtext NOT NULL,
  `first_pass_match` mediumtext NOT NULL,
  `first_pass_replace` mediumtext NOT NULL,
  `second_pass_match` mediumtext NOT NULL,
  `second_pass_replace` mediumtext NOT NULL,
  `is_math` tinyint(1) unsigned NOT NULL DEFAULT 0,
  PRIMARY KEY (`bbcode_id`),
  KEY `display_on_post` (`display_on_posting`)
) ENGINE=MyISAM DEFAULT CHARSET=utf8 COLLATE=utf8_bin;

--
-- Dumping data for table `Studenti_bbcodes`
--

INSERT INTO `Studenti_bbcodes` VALUES (16,'spoiler=','Hidden text: [spoiler=&quot;Title&quot;]Hidden text[/spoiler]',1,'[spoiler=&quot;{INTTEXT}&quot;]{TEXT}[/spoiler]','<dl class=\"codebox\"><dt><a href=\"javascript:void(0);\" onclick=\"var el = this.parentNode.parentNode.getElementsByTagName(\'dd\')[0]; var v = el.style.display != \'none\'; el.style.display = v ? \'none\' : \'block\'; this.innerHTML = (v ? \'[+]\' : \'[−]\') + \' {INTTEXT}\'; \">[+] {INTTEXT}</a></dt><dd style=\"display: none;\">{TEXT}</dd></dl>','!\\[spoiler\\=&quot;([\\p{L}\\p{N}\\-+,_. ]+)&quot;\\](.*?)\\[/spoiler\\]!iues','\'[spoiler=&quot;${1}&quot;:$uid]\'.str_replace(array(\"\\r\\n\", \'\\\"\', \'\\\'\', \'(\', \')\'), array(\"\\n\", \'\"\', \'&#39;\', \'&#40;\', \'&#41;\'), trim(\'${2}\')).\'[/spoiler:$uid]\'','!\\[spoiler\\=&quot;([\\p{L}\\p{N}\\-+,_. ]+)&quot;:$uid\\](.*?)\\[/spoiler:$uid\\]!su','<dl class=\"codebox\"><dt><a href=\"javascript:void(0);\" onclick=\"var el = this.parentNode.parentNode.getElementsByTagName(\'dd\')[0]; var v = el.style.display != \'none\'; el.style.display = v ? \'none\' : \'block\'; this.innerHTML = (v ? \'[+]\' : \'[−]\') + \' ${1}\'; \">[+] ${1}</a></dt><dd style=\"display: none;\">${2}</dd></dl>',0),(14,'latex','[latex]\\sqrt{4} = 2[/latex]',1,'[latex]{TEXT}[/latex]','<span class=\"MathJaxBB\"><span class=\"MathJax_Preview\">[math]</span><span class=\"math/tex\" style=\"visibility: hidden;\">{TEXT}</span></span>','!\\[latex\\](.*?)\\[/latex\\]!ies','\'[latex:$uid]\'.str_replace(array(\"\\r\\n\", \'\\\"\', \'\\\'\', \'(\', \')\'), array(\"\\n\", \'\"\', \'&#39;\', \'&#40;\', \'&#41;\'), trim(\'${1}\')).\'[/latex:$uid]\'','!\\[latex:$uid\\](.*?)\\[/latex:$uid\\]!s','<span class=\"MathJaxBB\"><span class=\"MathJax_Preview\">[math]</span><span class=\"math/tex\" style=\"visibility: hidden;\">${1}</span></span>',1),(15,'math','',0,'[math]{TEXT}[/math]','<span class=\"MathJaxBB\"><span class=\"MathJax_Preview\">[math]</span><span class=\"math/mml\" style=\"visibility: hidden;\">{TEXT}</span></span>','!\\[math\\](.*?)\\[/math\\]!ies','\'[math:$uid]\'.str_replace(array(\"\\r\\n\", \'\\\"\', \'\\\'\', \'(\', \')\'), array(\"\\n\", \'\"\', \'&#39;\', \'&#40;\', \'&#41;\'), trim(\'${1}\')).\'[/math:$uid]\'','!\\[math:$uid\\](.*?)\\[/math:$uid\\]!s','<span class=\"MathJaxBB\"><span class=\"MathJax_Preview\">[math]</span><span class=\"math/mml\" style=\"visibility: hidden;\">${1}</span></span>',1);

--
-- Table structure for table `Studenti_bookmarks`
--

CREATE TABLE `Studenti_bookmarks` (
  `topic_id` mediumint(8) unsigned NOT NULL DEFAULT 0,
  `user_id` mediumint(8) unsigned NOT NULL DEFAULT 0,
  PRIMARY KEY (`topic_id`,`user_id`)
) ENGINE=MyISAM DEFAULT CHARSET=utf8 COLLATE=utf8_bin;

--
-- Dumping data for table `Studenti_bookmarks`
--

INSERT INTO `Studenti_bookmarks` VALUES (313,2048),(888,983),(889,983),(1172,1497),(1195,1723),(1254,1388),(1342,1427),(1371,983),(1417,983),(1489,983),(1490,983),(1492,983),(1497,983),(1500,1607),(1502,983),(1506,983),(1507,983),(1511,983),(1514,983),(1515,1607),(1517,983),(1521,983),(1525,983),(1526,1796),(1529,983),(1530,983),(1531,983),(1540,983),(1543,983),(1544,983),(1546,983),(1547,983),(1549,983),(1550,983),(1554,983),(1555,983),(1556,983),(1558,983),(1560,983),(1561,983),(1562,983),(1567,983),(1573,983),(1582,983),(1596,983),(1606,983),(1608,983),(1609,983),(1610,983),(1987,2189);

--
-- Table structure for table `Studenti_bots`
--

CREATE TABLE `Studenti_bots` (
  `bot_id` mediumint(8) unsigned NOT NULL AUTO_INCREMENT,
  `bot_active` tinyint(1) unsigned NOT NULL DEFAULT 1,
  `bot_name` varchar(255) NOT NULL DEFAULT '',
  `user_id` mediumint(8) unsigned NOT NULL DEFAULT 0,
  `bot_agent` varchar(255) NOT NULL DEFAULT '',
  `bot_ip` varchar(255) NOT NULL DEFAULT '',
  PRIMARY KEY (`bot_id`),
  KEY `bot_active` (`bot_active`)
) ENGINE=MyISAM AUTO_INCREMENT=52 DEFAULT CHARSET=utf8 COLLATE=utf8_bin;

--
-- Dumping data for table `Studenti_bots`
--

INSERT INTO `Studenti_bots` VALUES (1,1,'AdsBot [Google]',1123,'AdsBot-Google',''),(2,1,'Alexa [Bot]',1124,'ia_archiver',''),(3,1,'Alta Vista [Bot]',1125,'Scooter/',''),(4,1,'Ask Jeeves [Bot]',1126,'Ask Jeeves',''),(5,1,'Baidu [Spider]',1127,'Baiduspider',''),(6,1,'Bing [Bot]',1128,'bingbot/',''),(7,1,'Exabot [Bot]',1129,'Exabot',''),(8,1,'FAST Enterprise [Crawler]',1130,'FAST Enterprise Crawler',''),(9,1,'FAST WebCrawler [Crawler]',1131,'FAST-WebCrawler/',''),(10,1,'Francis [Bot]',1132,'http://www.neomo.de/',''),(11,1,'Gigabot [Bot]',1133,'Gigabot/',''),(12,1,'Google Adsense [Bot]',1134,'Mediapartners-Google',''),(13,1,'Google Desktop',1135,'Google Desktop',''),(14,1,'Google Feedfetcher',1136,'Feedfetcher-Google',''),(15,1,'Google [Bot]',1137,'Googlebot',''),(16,1,'Heise IT-Markt [Crawler]',1138,'heise-IT-Markt-Crawler',''),(17,1,'Heritrix [Crawler]',1139,'heritrix/1.',''),(18,1,'IBM Research [Bot]',1140,'ibm.com/cs/crawler',''),(19,1,'ICCrawler - ICjobs',1141,'ICCrawler - ICjobs',''),(20,1,'ichiro [Crawler]',1142,'ichiro/2',''),(21,1,'Majestic-12 [Bot]',1143,'MJ12bot/',''),(22,1,'Metager [Bot]',1144,'MetagerBot/',''),(23,1,'MSN NewsBlogs',1145,'msnbot-NewsBlogs/',''),(24,1,'MSN [Bot]',1146,'msnbot/',''),(25,1,'MSNbot Media',1147,'msnbot-media/',''),(27,1,'Nutch [Bot]',1149,'http://lucene.apache.org/nutch/',''),(30,1,'Online link [Validator]',1152,'online link validator',''),(31,1,'psbot [Picsearch]',1153,'psbot/0',''),(33,1,'Sensis [Crawler]',1155,'Sensis Web Crawler',''),(34,1,'SEO Crawler',1156,'SEO search Crawler/',''),(35,1,'Seoma [Crawler]',1157,'Seoma [SEO Crawler]',''),(36,1,'SEOSearch [Crawler]',1158,'SEOsearch/',''),(37,1,'Snappy [Bot]',1159,'Snappy/1.1 ( http://www.urltrends.com/ )',''),(38,1,'Steeler [Crawler]',1160,'http://www.tkl.iis.u-tokyo.ac.jp/~crawler/',''),(40,1,'Telekom [Bot]',1162,'crawleradmin.t-info@telekom.de',''),(41,1,'TurnitinBot [Bot]',1163,'TurnitinBot/',''),(42,1,'Voyager [Bot]',1164,'voyager/',''),(43,1,'W3 [Sitesearch]',1165,'W3 SiteSearch Crawler',''),(44,1,'W3C [Linkcheck]',1166,'W3C-checklink/',''),(45,1,'W3C [Validator]',1167,'W3C_Validator',''),(47,1,'YaCy [Bot]',1169,'yacybot',''),(48,1,'Yahoo MMCrawler [Bot]',1170,'Yahoo-MMCrawler/',''),(49,1,'Yahoo Slurp [Bot]',1171,'Yahoo! DE Slurp',''),(50,1,'Yahoo [Bot]',1172,'Yahoo! Slurp',''),(51,1,'YahooSeeker [Bot]',1173,'YahooSeeker/','');

--
-- Table structure for table `Studenti_captcha_answers`
--

CREATE TABLE `Studenti_captcha_answers` (
  `question_id` mediumint(8) unsigned NOT NULL DEFAULT 0,
  `answer_text` varchar(255) NOT NULL DEFAULT '',
  KEY `qid` (`question_id`)
) ENGINE=MyISAM DEFAULT CHARSET=utf8 COLLATE=utf8_bin;

--
-- Dumping data for table `Studenti_captcha_answers`
--

INSERT INTO `Studenti_captcha_answers` VALUES (1,'trentadue'),(2,'quattro'),(3,'quarantanove'),(4,'ventiquattro');

--
-- Table structure for table `Studenti_captcha_questions`
--

CREATE TABLE `Studenti_captcha_questions` (
  `question_id` mediumint(8) unsigned NOT NULL AUTO_INCREMENT,
  `strict` tinyint(1) unsigned NOT NULL DEFAULT 0,
  `lang_id` mediumint(8) unsigned NOT NULL DEFAULT 0,
  `lang_iso` varchar(30) NOT NULL DEFAULT '',
  `question_text` text NOT NULL,
  PRIMARY KEY (`question_id`),
  KEY `lang` (`lang_iso`)
) ENGINE=MyISAM AUTO_INCREMENT=5 DEFAULT CHARSET=utf8 COLLATE=utf8_bin;

--
-- Dumping data for table `Studenti_captcha_questions`
--

INSERT INTO `Studenti_captcha_questions` VALUES (1,0,2,'it','Q u a n t o vale due alla quinta? (Rispondere in lettere tutto attaccato)'),(2,0,2,'it','Quanto vale il lo ga ri tm o in base 3 di ottantuno? (Rispondere in lettere)'),(3,0,2,'it','Quanto vale il q u a d r a t o di sette? (rispondere in lettere tutto attaccato)'),(4,0,2,'it','Q u a n t o fa tre per otto (rispondere in lettere)');

--
-- Table structure for table `Studenti_config`
--

CREATE TABLE `Studenti_config` (
  `config_name` varchar(255) NOT NULL DEFAULT '',
  `config_value` varchar(255) NOT NULL DEFAULT '',
  `is_dynamic` tinyint(1) unsigned NOT NULL DEFAULT 0,
  PRIMARY KEY (`config_name`),
  KEY `is_dynamic` (`is_dynamic`)
) ENGINE=MyISAM DEFAULT CHARSET=utf8 COLLATE=utf8_bin;

--
-- Dumping data for table `Studenti_config`
--

INSERT INTO `Studenti_config` VALUES ('active_sessions','0',0),('allow_attachments','1',0),('allow_autologin','1',0),('allow_avatar','1',0),('allow_avatar_local','1',0),('allow_avatar_remote','1',0),('allow_avatar_upload','1',0),('allow_avatar_remote_upload','1',0),('allow_bbcode','1',0),('allow_birthdays','1',0),('allow_bookmarks','1',0),('allow_emailreuse','0',0),('allow_forum_notify','1',0),('allow_mass_pm','1',0),('allow_name_chars','USERNAME_CHARS_ANY',0),('allow_namechange','0',0),('allow_nocensors','0',0),('allow_pm_attach','0',0),('allow_pm_report','1',0),('allow_post_flash','1',0),('allow_post_links','1',0),('allow_privmsg','0',0),('allow_quick_reply','1',0),('allow_sig','1',0),('allow_sig_bbcode','1',0),('allow_sig_flash','0',0),('allow_sig_img','1',0),('allow_sig_links','1',0),('allow_sig_pm','1',0),('allow_sig_smilies','1',0),('allow_smilies','1',0),('allow_topic_notify','1',0),('attachment_quota','524288000',0),('auth_bbcode_pm','1',0),('auth_flash_pm','0',0),('auth_img_pm','1',0),('auth_method','db',0),('auth_smilies_pm','1',0),('avatar_filesize','100000',0),('avatar_gallery_path','images/avatars/gallery',0),('avatar_max_height','200',0),('avatar_max_width','200',0),('avatar_min_height','100',0),('avatar_min_width','100',0),('avatar_path','images/avatars/upload',0),('avatar_salt','7edba238ae7f25f9ac3d221bd0d770c0',0),('board_contact','massimo.gobbino@unipi.it',0),('board_disable','0',0),('board_disable_msg','Il forum è in manutenzione. Tornerà più forte di prima? Boooh!',0),('board_dst','1',0),('board_email','massimo.gobbino@unipi.it',0),('board_email_form','0',0),('board_email_sig','Grazie, \n\nMassimo GOBBINO (Amministratore del Forum Studenti)',0),('board_hide_emails','1',0),('board_timezone','Europe/Rome',0),('browser_check','1',0),('bump_interval','10',0),('bump_type','d',0),('cache_gc','7200',0),('captcha_plugin','core.captcha.plugins.qa',0),('captcha_gd','1',0),('captcha_gd_foreground_noise','0',0),('captcha_gd_x_grid','25',0),('captcha_gd_y_grid','25',0),('captcha_gd_wave','0',0),('captcha_gd_3d_noise','1',0),('captcha_gd_fonts','1',0),('confirm_refresh','1',0),('check_attachment_content','1',0),('check_dnsbl','0',0),('chg_passforce','0',0),('cookie_domain','pagine.dm.unipi.it',0),('cookie_name','phpbb3_Studenti',0),('cookie_path','/',0),('cookie_secure','0',0),('coppa_enable','0',0),('coppa_fax','',0),('coppa_mail','',0),('database_gc','604800',0),('dbms_version','5.0.51a-24+lenny4',0),('default_dateformat','l j F Y, G:i',0),('default_style','1',0),('display_last_edited','1',0),('display_order','0',0),('edit_time','0',0),('delete_time','0',0),('email_check_mx','1',0),('email_enable','1',0),('email_function_name','mail',0),('email_max_chunk_size','50',0),('email_package_size','20',0),('enable_confirm','1',0),('enable_pm_icons','1',0),('enable_post_confirm','1',0),('feed_enable','0',0),('feed_http_auth','0',0),('feed_limit_post','15',0),('feed_limit_topic','10',0),('feed_overall_forums','0',0),('feed_overall','1',0),('feed_forum','1',0),('feed_topic','1',0),('feed_topics_new','1',0),('feed_topics_active','0',0),('feed_item_statistics','1',0),('flood_interval','15',0),('force_server_vars','1',0),('form_token_lifetime','7200',0),('form_token_mintime','0',0),('form_token_sid_guests','1',0),('forward_pm','1',0),('forwarded_for_check','0',0),('full_folder_action','2',0),('fulltext_mysql_max_word_len','84',0),('fulltext_mysql_min_word_len','4',0),('fulltext_native_common_thres','5',0),('fulltext_native_load_upd','1',0),('fulltext_native_max_chars','14',0),('fulltext_native_min_chars','3',0),('gzip_compress','0',0),('hot_threshold','25',0),('icons_path','images/icons',0),('img_create_thumbnail','0',0),('img_display_inlined','0',0),('img_imagick','/usr/bin/',0),('img_link_height','0',0),('img_link_width','0',0),('img_max_height','0',0),('img_max_thumb_width','400',0),('img_max_width','0',0),('img_min_thumb_filesize','12000',0),('ip_check','3',0),('ip_login_limit_max','50',0),('ip_login_limit_time','21600',0),('ip_login_limit_use_forwarded','0',0),('jab_enable','0',0),('jab_host','',0),('jab_password','',0),('jab_package_size','20',0),('jab_port','5222',0),('jab_use_ssl','0',0),('jab_username','',0),('ldap_base_dn','',0),('ldap_email','',0),('ldap_password','',0),('ldap_port','',0),('ldap_server','',0),('ldap_uid','',0),('ldap_user','',0),('ldap_user_filter','',0),('limit_load','0',0),('limit_search_load','0',0),('load_anon_lastread','0',0),('load_birthdays','1',0),('load_cpf_memberlist','1',0),('load_cpf_viewprofile','1',0),('load_cpf_viewtopic','1',0),('load_db_lastread','1',0),('load_db_track','1',0),('load_jumpbox','1',0),('load_moderators','1',0),('load_online','1',0),('load_online_guests','1',0),('load_online_time','5',0),('load_onlinetrack','1',0),('load_search','1',0),('load_tplcompile','0',0),('load_unreads_search','1',0),('load_user_activity','1',0),('max_attachments','3',0),('max_attachments_pm','1',0),('max_autologin_time','0',0),('max_filesize','10485760',0),('max_filesize_pm','2097152',0),('max_login_attempts','3',0),('max_name_chars','20',0),('max_num_search_keywords','10',0),('max_pass_chars','100',0),('max_poll_options','20',0),('max_post_chars','60000',0),('max_post_font_size','200',0),('max_post_img_height','0',0),('max_post_img_width','0',0),('max_post_smilies','0',0),('max_post_urls','0',0),('max_quote_depth','3',0),('max_reg_attempts','5',0),('max_sig_chars','255',0),('max_sig_font_size','200',0),('max_sig_img_height','0',0),('max_sig_img_width','0',0),('max_sig_smilies','0',0),('max_sig_urls','5',0),('min_name_chars','3',0),('min_pass_chars','6',0),('min_post_chars','1',0),('min_search_author_chars','3',0),('mime_triggers','body|head|html|img|plaintext|a href|pre|script|table|title',0),('new_member_post_limit','3',0),('new_member_group_default','0',0),('override_user_style','0',0),('pass_complex','PASS_TYPE_ANY',0),('pm_edit_time','0',0),('pm_max_boxes','4',0),('pm_max_msgs','50',0),('pm_max_recipients','0',0),('posts_per_page','15',0),('print_pm','1',0),('queue_interval','60',0),('ranks_path','images/ranks',0),('require_activation','1',0),('referer_validation','1',0),('script_path','/gobbino/Forum/Studenti',0),('search_block_size','250',0),('search_gc','7200',0),('search_interval','0',0),('search_anonymous_interval','0',0),('search_type','\\phpbb\\search\\fulltext_native',0),('search_store_results','1800',0),('secure_allow_deny','1',0),('secure_allow_empty_referer','1',0),('secure_downloads','0',0),('server_name','pagine.dm.unipi.it',0),('server_port','80',0),('server_protocol','https://',0),('session_gc','3600',0),('session_length','3600',0),('site_desc','Sito dedicato agli studenti dei corsi tenuti da Massimo Gobbino and friends (qualunque corso può essere aggiunto)',0),('sitename','Forum Studenti',0),('smilies_path','images/smilies',0),('smilies_per_page','50',0),('smtp_auth_method','PLAIN',0),('smtp_delivery','0',0),('smtp_host','smtp.unipi.it',0),('smtp_password','',0),('smtp_port','25',0),('smtp_username','',0),('topics_per_page','50',0),('tpl_allow_php','0',0),('upload_icons_path','images/upload_icons',0),('upload_path','files',0),('version','3.1.8',0),('warnings_expire_days','90',0),('warnings_gc','14400',0),('cache_last_gc','1728542009',1),('cron_lock','0',1),('database_last_gc','1728464012',1),('last_queue_run','1588622499',1),('newest_user_colour','',1),('newest_user_id','2591',1),('newest_username','Studente1',1),('num_files','876',1),('num_posts','9124',1),('num_topics','1894',1),('num_users','1793',1),('rand_seed','061b6f73b700dfeea5826ebe0b3ce213',1),('rand_seed_last_update','1728549400',1),('record_online_date','1620744539',1),('record_online_users','1528',1),('search_indexing_state','',1),('search_last_gc','1728546655',1),('session_last_gc','1728546461',1),('upload_dir_size','414168341',1),('warnings_last_gc','1728546653',1),('board_startdate','1101745492',0),('default_lang','it',0),('increment_user_id','0',1),('fulltext_postgres_ts_name','simple',0),('fulltext_postgres_min_word_len','4',0),('fulltext_postgres_max_word_len','254',0),('fulltext_sphinx_stopwords','0',0),('fulltext_sphinx_indexer_mem_limit','512',0),('allow_avatar_gravatar','0',0),('load_jquery_url','//ajax.googleapis.com/ajax/libs/jquery/1.11.0/jquery.min.js',0),('use_system_cron','0',0),('legend_sort_groupname','0',0),('teampage_forums','1',0),('teampage_memberships','1',0),('load_cpf_pm','1',0),('display_last_subject','1',0),('assets_version','10',0),('site_home_url','',0),('site_home_text','',0),('allow_cdn','0',0),('board_index_text','',0),('allow_password_reset','1',0),('enable_mod_rewrite','0',0),('load_notifications','1',0),('read_notification_expire_days','30',0),('read_notification_last_gc','1728542865',1),('read_notification_gc','86400',0),('plupload_last_gc','1728463686',1),('plupload_salt','3641fde1ec8e5c21',0),('board_contact_name','Massimo Gobbino',0),('allow_live_searches','1',0),('extension_force_unstable','0',0),('contact_admin_form_enable','1',0),('mathjax_enable','1',0),('mathjax_dynamic_load','1',0),('mathjax_config','TeX-AMS-MML_HTMLorMML',0),('mathjax_cdn','http://cdn.mathjax.org/mathjax/latest',0),('mathjax_cdn_ssl','https://cdn.mathjax.org/mathjax/latest',0),('mathjax_cdn_force_ssl','1',0),('mathjax_use_cdn','1',0),('mathjax_uri','',0),('mathjax_ext_version','1.0.0',0),('auth_oauth_bitly_key','',0),('auth_oauth_bitly_secret','',0),('auth_oauth_facebook_key','',0),('auth_oauth_facebook_secret','',0),('auth_oauth_google_key','',0),('auth_oauth_google_secret','',0),('scss_version','1.0.0',0);

--
-- Table structure for table `Studenti_config_text`
--

CREATE TABLE `Studenti_config_text` (
  `config_name` varchar(255) NOT NULL DEFAULT '',
  `config_value` mediumtext NOT NULL,
  PRIMARY KEY (`config_name`)
) ENGINE=InnoDB DEFAULT CHARSET=utf8 COLLATE=utf8_bin;

--
-- Dumping data for table `Studenti_config_text`
--

INSERT INTO `Studenti_config_text` VALUES ('contact_admin_info',''),('contact_admin_info_bitfield',''),('contact_admin_info_flags','7'),('contact_admin_info_uid','');

--
-- Table structure for table `Studenti_confirm`
--

CREATE TABLE `Studenti_confirm` (
  `confirm_id` char(32) NOT NULL DEFAULT '',
  `session_id` char(32) NOT NULL DEFAULT '',
  `confirm_type` tinyint(3) NOT NULL DEFAULT 0,
  `code` varchar(8) NOT NULL DEFAULT '',
  `seed` int(10) unsigned NOT NULL DEFAULT 0,
  `attempts` mediumint(8) unsigned NOT NULL DEFAULT 0,
  PRIMARY KEY (`session_id`,`confirm_id`),
  KEY `confirm_type` (`confirm_type`)
) ENGINE=MyISAM DEFAULT CHARSET=utf8 COLLATE=utf8_bin;

--
-- Dumping data for table `Studenti_confirm`
--

INSERT INTO `Studenti_confirm` VALUES ('d66d478906756bd44b66940ec7c3255a','32a61d45f43fa181177951c2e34c90ea',1,'642KX',1479797750,0),('20cd78b3ce00b0fdfb4bcae22eb4f75b','32a61d45f43fa181177951c2e34c90ea',1,'79RLGB',2024215958,0);

--
-- Table structure for table `Studenti_disallow`
--

CREATE TABLE `Studenti_disallow` (
  `disallow_id` mediumint(8) unsigned NOT NULL AUTO_INCREMENT,
  `disallow_username` varchar(255) NOT NULL DEFAULT '',
  PRIMARY KEY (`disallow_id`)
) ENGINE=MyISAM DEFAULT CHARSET=utf8 COLLATE=utf8_bin;

--
-- Dumping data for table `Studenti_disallow`
--


--
-- Table structure for table `Studenti_drafts`
--

CREATE TABLE `Studenti_drafts` (
  `draft_id` mediumint(8) unsigned NOT NULL AUTO_INCREMENT,
  `user_id` mediumint(8) unsigned NOT NULL DEFAULT 0,
  `topic_id` mediumint(8) unsigned NOT NULL DEFAULT 0,
  `forum_id` mediumint(8) unsigned NOT NULL DEFAULT 0,
  `save_time` int(11) unsigned NOT NULL DEFAULT 0,
  `draft_subject` varchar(255) NOT NULL DEFAULT '',
  `draft_message` mediumtext NOT NULL,
  PRIMARY KEY (`draft_id`),
  KEY `save_time` (`save_time`)
) ENGINE=MyISAM AUTO_INCREMENT=61 DEFAULT CHARSET=utf8 COLLATE=utf8_bin;

--
-- Dumping data for table `Studenti_drafts`
--

INSERT INTO `Studenti_drafts` VALUES (2,1184,843,4,1346750043,'Re: Integrale improprio 1 (prima colonna, 5 riga)','[quote=&quot;PLA&quot;]Grazie per la risposta! :-)\n\nRicontrollando i quattro limiti in cui avevo diviso l\'integrale, ho trovato un errore di segno, per cui, correggendo, uno dei quattro tende a +inf mentre un altro a -inf.\nEsattamente quelli che hanno a che fare con 1 in uno degli estremi.\n\nMi incuriosisce però come hai trattato il problema a partire dai limiti della funzione integranda... senza aver prima risolto l\'integrale. Oppure, ho frainteso il tuo ragionamento?\nNel senso... a partire dal grafico della funzione integranda posso determinare a priori il comportamento dell\'integrale?[/quote]\n\nIn molti casi e possibile dire se un integrale improprio converge o meno senza affrontare il problema della &quot;faticosa&quot; determinazione di una primitiva. Esistono infatti dei criteri di convergenza simili a quelli  per le serie (anche gli integrali sono volendo delle &quot;somme innite&quot;).in questo caso ho usato il criterio del confronto asintotico, cioè se\n\n[b]Due funzioni [tex]f[/tex] e [tex]g[/tex]  continue positive [tex][a; b)[/tex] tali che\n\n[tex]\\displaystyle\\lim_{x \\to b^-}\\frac{f(x)}{g(x)}=L[/tex]\n\nse [tex]0&lt;L&lt;+\\infty[/tex], cioè se [tex]f\\sim g[/tex] quando [tex]x \\to b^-[/tex], allora \n\n[tex]\\displaystyle\\int_a^b f(x) dx[/tex] converge se e solo se [tex]\\displaystyle\\int_a^b g(x) dx[/tex]\n\n[/b]\n\ne poichè nel nosro caso abbiamo che quando  [tex]x\\to1^-[/tex]\n\n[tex]\\displaystyle \\frac{1}{x\\ln^5x}\\sim\\frac{1}{(x-1)^5}\n\nessendo, in generale \n\n[tex]\\displaystyle\\int_a^b \\frac{1}{(x-b)^{\\alpha}}dx=\\begin{cases} \\mbox{Converge }, &amp; \\mbox{se }\\alpha&lt;1 \\\\Diverge, &amp; \\mbox{se }\\alpha&gt;1 \n\\end{cases}[/tex]'),(3,1184,821,3,1347347503,'Re: Limiti 8, 2 colonna, ultimi due esercizi','[quote=&quot;catarsiaffa&quot;]Ho problemi con questi due limiti, credo che mi sfugga qualcosa!:(\n\n[tex]\\displaystyle\\lim_{n \\to +\\infty} \\left(2+\\frac{1}{n}\\right)^{n} -2^n[/tex]\n\n[tex]\\displaystyle\\lim_{n \\to +\\infty}\\left(2+ \\frac{1}{n\\cdot 2^n}\\right)^{n} - 2^n[/tex]\n\n[/quote]\n\n[size=150][b]1)[/b][/size] [tex]\\displaystyle\\lim_{n \\to +\\infty} \\left(2+\\frac{1}{n}\\right)^{n} -2^n[/tex]\n\n[tex]\\displaystyle\\lim_{n \\to +\\infty} \\left(2+\\frac{1}{n}\\right)^{n} -2^n=\\lim_{n \\to +\\infty} e^{n\\ln\\left(2+\\frac{1}{n}\\right)} -2^n=[/tex] [tex]\\displaystyle\\lim_{n \\to +\\infty} 2^n\\left(\\frac{e^{n\\ln\\left(2+\\frac{1}{n}\\right)}}{2^n} -1\\right)[/tex]'),(6,1417,315,25,1384017880,'Re: VideoLezioni: servono a qualcosa?','Sono uno studente di ingegneria elettronica! Ritengo le videolezioni utilissime e un importante strumento di diffusione della cultura(in questo caso matematica)!\nMa rimango molto deluso leggendo nel sito che anche nella universita\' di Pisa ( una delle più illustri e importanti d\'Italia !) si sono inizialmente opposti all\'idea dell\'uso di un tablet e della diffusione di lezioni videoregistrate. \n\nNONOSTANTE POI STIAMO PARLANDO DI UN CORSO DI STUDI DI INGEGNERIA CHE DOVREBBE INCORAGGIARE E SE NON DI PIU\' VANTARSI DELL\'USO DI MATERIALE TECNOLOGICO DI ULTIMA GENERAZIONE!!!!\n E invece purtroppo no!!\n Sono contento dall\'altra che invece ci siano persone(purtroppo poche) ad opporsi , ad affermare le proprie idee contro gli altri e riuscire nei propri intenti ( purtroppo questi ultimi sono ancora di meno)!\n\nIo purtroppo per motivi economici devo mantenermi gli studi e le altre spese  lavorando tutti i giorni! Perciò mi rimane impossibile frequentare le lezioni in facolta\' (Ho perso un anno di studi nonostante il mio impegno )!\nL\'incoerenza dei programmi di studio con gli esami svolti, l\'inadeguatezza dei professori, il mal organizzamento delle strutture informative e la poca validita\' dell\'informazioni stesse mi ha portato a situazioni del tipo:\n\n-Durante le prime lezioni di analisi e di geometria non riuscivo ad ascoltare le lezioni perchè c\'era troppa confusione. I professori non usavano i microfoni,nonostante le classi (nuove) sono dotate di impianti audio funzionanti!\n\n-Al primo esonero non ho trovato la sede di svolgimento, nonostante ho chiesto indicazioni direttamente alla professoressa eppoi conferma ad un compagno!\n\n-Durante i vari esami di analisi trovavo continuamente argomenti fuori dal programma!(Ma ovviamente il professore si giustificava affermando di averli svolti a lezione) \n\n-La professoressa di Fondamenti di informatica mi ha perso l\'esonero e si è anche arrabbiata quando gli ho chiesto telefonicamente di cercarlo!\n\nDalla mia esperienza personale ritengo fondamentale lo sviluppo di videolezioni, in quanto non tutti gli studenti riescono a seguire le lezioni ,  chi per un motivo chi per un altro! IN PARTICOLARE IN QUESTO PERIODO CHE STIAMO AFFRONTANDO LA CRISI ECONOMICA, IN CUI CI SONO PERSONE CHE HANNO BISOGNO DI LAVORARE MA ANCHE DI REALIZZARE I PROPRI SOGNI, I PROPRI OBBIETTIVI!\n\nMi è sempre piaciuta la matematica e in particolare le scienze , ma ho quasi sempre studiato completamente da solo queste materie già dal liceo! \nRitengo che la CULTURA deve essere LIBERA ! Lo so che ancora ci sono persone a questo mondo a cui fa comodo l\'ignoranza, ma non sopporto quando vedo reprimere idee innovative in cui c\'è in gioco l\'interesse comune!\n\nApprezzo veramente tanto il lavoro del professore, e mi sta aiutando molto nello studio! Grazie!'),(7,93,1185,6,1387362444,'Re: integrale improprio con parametro','Eccoci. La condizione sul  parametro:  [tex]\\alpha &gt; 0[/tex]. La divisione corretta e\' quindi\n\n[tex]\\displaystyle \\int_{x^2+y^2\\leq 1, \\, x\\geq 0, \\, y\\geq 0} \\frac{arctang(xy)}{(x^2 + y^2)^\\alpha} dx\\, dy +  \\int_{x^2+y^2\\geq 1, \\, x\\geq 0, \\, y\\geq 0} \\frac{arctang(xy)}{(x^2 + y^2)^\\alpha} dx\\, dy[/tex]\n\nDato che l\'arcotangente a zero si comporta come il suo argomento,  il primo integrale si comporta come\n\n[tex]\\displaystyle \\int_{x^2+y^2\\leq 1, \\, x\\geq 0, \\, y\\geq 0} \\frac{xy}{(x^2 + y^2)^\\alpha} dx\\, dy[/tex]\n\nQuesto integrale converge se e solo se  [tex]\\alpha &lt; 2[/tex], basta passare in coordinate polari.\n\nVediamo il secondo integrale:\n\n[tex]\\displaystyle \\int_{x^2+y^2\\geq 1, \\, x\\geq 0, \\, y\\geq 0} \\frac{arctang(xy)}{(x^2 + y^2)^\\alpha} dx\\, dy  \\leq \\frac{\\pi}{2}\\int_{x^2+y^2\\geq 1, \\, x\\geq 0, \\, y\\geq 0} \\frac{1}{(x^2 + y^2)^\\alpha }dx\\, dy[/tex]\n\nPassando in coordinate polari si vede che questo integrale converge per [tex]\\alpha &gt; 1[/tex]. [color=#FF0000]Dalla stima precedente NON possiamo dedurre nulla sul comportamento dell\'integrale per   [tex]\\alpha \\leq 1[/tex][/color], dato che al primo passaggio abbiamo fatto una stima con un [tex]\\leq[/tex].  L\'idea e\' che per  [tex]\\alpha \\leq 1[/tex] il secondo integrale  diverga, quindi [color=#FF0000]ci serve una stima dal basso[/color] (non dall\'alto). Per fare questo dato che l\'arcotangente si annulla sugli assi dobbiamo stare lontani dagli assi. Prendiamo un dominio piu\' piccolo  [tex]D_1 =\\{{x^2+y^2\\geq 1, \\, x\\geq 0, \\, y\\geq 0, \\, x \\leq y\\leq 2x\\}[/tex] dove [tex]arctang(xy)\\geq c &gt; 0[/tex]. Allora\n\n[tex]\\displaystyle \\int_{x^2+y^2\\geq 1, \\, x\\geq 0, \\, y\\geq 0} \\frac{arctang(xy)}{(x^2 + y^2)^\\alpha} dx\\, dy  \\geq \\displaystyle \\int_{D_1} \\frac{arctang(xy)}{(x^2 + y^2)^\\alpha} dx\\, dy  \\geq \\displaystyle \\int_{D_1} \\frac{c}{(x^2 + y^2)^\\alpha} dx\\, dy[/tex]\n\nQuest\'ultimo integrale diverge quando [tex]\\alpha \\leq 1[/tex], quindi abbiamo finito: l\'integrale di partenza converge se e solo se [tex]1 &lt; \\alpha &lt;2[/tex]'),(8,1401,1189,15,1401984168,'Re: Errori nelle risposte.  Esercizi di Analisi Matematica I','[quote=&quot;GIMUSI&quot;][quote=&quot;GIMUSI&quot;][quote=&quot;volm92&quot;]...Se l\'asse di rotazione fosse Y allora si che verrebbe un cono, ma in questo esercizio l\'asse di rotazione è l\'asse X..\nO sbaglio? :)[/quote]\n\na beh ecco  :roll:[/quote]\n\nperò la superficie laterale per guldino dovrebbe essere:\n\nsuperficie laterale verticale: [tex]S_1 =4\\pi*2=8\\pi[/tex]\n\nsuperficie laterale inclinata: [tex]S_2 =2\\pi*2\\sqrt2=4\\pi\\sqrt2[/tex]\n\nsuperficie base (lato su asse y):  [tex]S_3 =4\\pi[/tex][/quote]\n\nMa facendo [tex]S_2 =2\\pi*2\\sqrt2=4\\pi\\sqrt2[/tex] non tieni dell\'inclinazione..forse.. :?'),(10,1813,315,25,1429264503,'Re: VideoLezioni: servono a qualcosa?','Gentile Prof. Gobbino,\n\nle sue lezioni sono chiare, le dimostrazioni degli argomenti del calcolo infinitesimale sono chiarissime e lascia niente di non spiegato. La maniera con cui accompagna l\'uditore in una piccola parte di un mondo così elegante e perfetto è squisita, mai noiosa o nebulosa.\nScrive un non studente che non ha mai apprezzato la materia perché considerata noiosa e solo un compito da svolgere nel più breve tempo possibile: scrive un uomo che ne ha subito il fascino dopo i trent\'anni quando incontrata di nuovo ha visto la matematica sotto una luce diversa.\n\nLe sue videolezioni mi hanno aiutato a comprendere aspetti che altri professori incontrati nella mia carriera universitaria davano per scontati ma che con lei vengono smontati ed esaminati pezzo per pezzo rivelandone la struttura di base. \n\nSe qualcuno all\'interno dell\'università dove lavora ha dubbi sul valore della sua iniziativa mi faccia la cortesia di porgere al miscredente questo quesito: ha mai avuto anche un solo messaggio da parte di un non-studente che toglie tempo alla sua professione per testimoniare in merito alla validità de suo operato?\n\nChi mastica il marketing capisce al volo la potenzialità di uno strumento che attrae non solo la popolazione target ma anche quella che in teoria non è interessata dall\'intervento. \n\nComplimenti ancora e spero che le vengano dati gli strumenti adeguati per operare senza troppe difficoltà!\nAugusto Ferrari'),(11,1827,0,25,1432311263,'Analisi Matematica 1 - Videolezione 044 (2010-2011)','Come mai nell\'esercizio 2 [log n/n]^a converge per a&gt;1?'),(14,798,0,2,1437482401,'equazioni 6 esercizio 12','Ciao a tutti , ho un problema da due giorni a risolvere questa equazione . \nle soluzioni mi vengono totalmente diverse e non riesco a capire qual\'è il mio errore. \nScusatemi se si legge male , volevo allegare l\'immagine ma non me la fa allegare. \n\n3 sin^4 x+cos^4 x = sin^2 2x\n1 - Porto tutto a sinistra\n3 sin^4 x+cos^4 x - sin^2 2x = 0 \n2- utilizzo le formule di prodotto somma ed ottengo \n3/4 cos^2 2x + 1/4 cos^2 2x - sin^2 2x = 0 \n3- semplifico\ncos^2 2x - sin^2 2x = 0 \n4 – pongo 2x = y ed applico le formule di duplicazione \ncos^2 2x - sin^2 2x = cos^2 y - sin^2 y = cos (2y) = 2 cos^2 y -1 \nQuindi ho \n2 cos^2 y -1 = 0 \nDa cui \ncos^2 y= 1/2  cos y =± 1/(√2) = √2/2\nTorno in 2x, avendo x ∈ [0,2π] ho che 2x ∈ [0,4π] \nQuindi le soluzioni accettabili sono 8 : \n〖2x〗_(1= ) π/4 , 〖2x〗_(2= ) 3π/4 , 〖2x〗_(3= ) 5π/4 , 〖2x〗_(4= ) 7π/4 , 〖2x〗_(5= ) 9π/4 , 〖2x〗_(6= ) 11π/4 〖2x〗_(7= ) 13π/4 , 〖2x〗_(8= ) 15π/4 \nDividendo per due per tornare in x ho quindi \nx_(1= ) π/8 , x_(2= ) 3π/8 , x_(3= ) 5π/8 , x_(4= ) 7π/8 , x_(5= ) 9π/8 , x_(6= ) 11π/8 x_(7= ) 13π/8 , x_(8= ) 15π/8 \n\nQualcuno può aiutarmi per favore? \nqueste sono le soluzioni indicate : n sol : 8 π/6 π/4 3π/4 5π/6 etc\nGrazie mille!'),(15,798,0,2,1438684627,'disequazioni 9 esercizio n 7 dubbio','ciao a tutti.. sperando di non essere l\'unica a studiare in pieno agosto .. ho bisogno di un aiutino in merito al ragionamento .. \nlog 2 |sinx + sqrt(3)cosx +4| &lt;= 5\n\ninizio a svolgerlo.. metto a sistema \nsinx + sqrt(3)cosx +4 &gt;= 0   ( per il modulo ) \nlog 2 (sinx + sqrt(3)cosx +4) &lt;= 5log2(2)    (scusate ma non me lo ordina sarebbe log in base 2 di 2 ) \n\nora la prima diseq la divido per 2. la seconda invece elimino il log  ed ottengo \n(1/2) * sinx + (sqrt3 /2) cosx + 2 &gt;= 0 \n sinx + sqrt(3)cosx +4 &lt;= 32\n\nquindi ho \ncos(pi/3)sinx + sin(pi/3)cosx &gt;= -2       ==&gt; sin(pi/3+x)&gt;=  -2\nsinx + sqrt(3)cosx &lt;= 28              (divido per due ed applico le formule ed ottengo ) ==&gt; sin(PI/3+x) &lt;= 14 \n\nda cui ottengo per entrambe che -1&lt;= x &lt;= 1  quindi la soluzione è [0, 2PI] \n\ne\' corretto come ragionamento ? grazie anticipatamente a tutti !'),(16,1867,312,25,1442867075,'Re: Dove si trovano?','Grazie 1000  :D \nNe approfitto per ringraziarla.\nTutto il materiale messo a disposizione e\' un tesoro prezioso, \nlei e\' molto bravo a trasmettere la sua passione per la materia.\nGrazie elena'),(18,93,0,34,1449244295,'Terzo compitino','Sono aperte le iscrizioni per il terzo compitino: venerdi\' 18/12 ora: 10,45 aule F9 e F6. L\'orario è provvisorio: l\'orario definitivo sara\' noto insieme alla divisione in aule dopo la scadenza delle iscrizioni. In ogni caso potrà variare al più di 15 - 20 minuti.'),(20,1796,1740,10,1465494323,'Re: Analisi 2 -- 2015/16 -- Scritti d\'esame','Provo a mettere degli Hints su una possibile soluzione dell\'1.\nSpoiler forti, leggere con cautela, magari provando ad andare avanti leggendone uno alla volta, e ritornare dopo averci provato un po\' da soli  :wink: \n\n[spoiler=&quot;Hint 1.0&quot;][latex]|f(x,y)|[/latex]è crescente in rho[/spoiler]\n[spoiler=&quot;Hint 1.1&quot;]C\'è un punto in cui [latex]f[/latex] è positiva, e un punto in cui è negativa, quindi inf e sup sono &quot;all\'infinito&quot;[/spoiler]\n[spoiler=&quot;Hint 1.2&quot;]Brutal: all\'infinito me ne frego dell\'[latex]1[/latex] al denominatore, conta solo [latex]x^4+y^4[/latex]...[/spoiler]\n[spoiler=&quot;Hint 1.3&quot;]Detta [latex]g(x)=\\frac{x^3y}{x^4+y^4}[/latex], la funzione è omogenea, quindi costante sulle rette passanti per l\'origine[/spoiler]\n[spoiler=&quot;Hint 1.4&quot;]Quindi basta usare i moltiplicatori di Lagrange per trovare max/min di [latex]g[/latex] su un compatto che interseca tutte le rette per l\'origine... Poi lungo la retta per l\'origine e il punto di massimo il [latex]sup(f)=max(g)[/latex].[/spoiler]\n[spoiler=&quot;Hint 1.5&quot;]Pensiamo ad un vincolo che ci libera del denominatore![/spoiler]\n[spoiler=&quot;Soluzione 2&quot;]Restringiamoci al primo quadrante per trovare il sup: vogliamo massimizzare un prodotto e minimizzare una somma... Non è che si riesce ad usare la disuguaglianza tra media aritmetica e media geometrica?[/spoiler]'),(21,674,1740,10,1466335969,'Re: Analisi 2 -- 2015/16 -- Scritti d\'esame','Proviamo a rispondere alla bonus question.\nSupponiamo di aver già dimostrato che la soluzione sia definita per tempi positivi, crescente e non limitata.\nOsserviamo che [latex]\\displaystyle u\' \\ge \\frac{\\log2016}{\\pi/2}=k&gt;1[/latex], da cui integrando\n[latex]u&gt;2016+kt[/latex] e quindi\n[latex]u-t&gt;2016+ct[/latex] ,  [latex]c&gt;0[/latex]'),(23,1662,0,10,1473204277,'Analisi 2 - Soluzioni parziali e personali del quarto scritto','Ciao a tutti! Come da titolo inizio a postare i ragionamenti che ho seguito per cercare di risolvere gli esercizi di oggi, alcune cose non mi sono riuscite e per quanto riguarda le altre magari c\'erano modi migliori! Comunque partiamo con il primo.\n\nLa funzione ha [latex]\\sup_{A} f = +\\infty[/latex] infatti per ogni [latex]n[/latex] si ha [latex](x_n,y_n,z_n)=(1/n,1,n) \\in A[/latex] e [latex]\\lim_{n \\to +\\infty} 1/n^2+1+n^4 = +\\infty[/latex]. Voglio dimostrare che il [latex]\\sup[/latex] è anche limite in modo da ottenere l\'esistenza del minimo per Weierstrass generalizzato.\n\nConsidero [latex]\\phi \\colon A \\to \\mathbb{R^3}[/latex] definita come [latex]\\phi(x,y,z)=(x,y^{3/2},z^2)[/latex] a questo punto osservo che posta [latex]g(u,v,w)=u^2+v^2+w^2[/latex] si ha\n\n[latex]f(x,y,z)=g(\\phi(x,y,z))[/latex] di conseguenza se [latex]\\displaystyle \\lim_{x^2+y^2+z^2 \\to +\\infty, \\ (x,y,z) \\in A} g(\\phi(x,y,z)) = \\lim_{u^2+v^2+w^2 \\to +\\infty, \\ (u,v,w) \\in \\phi(A)} g(u,v,w)[/latex]'),(24,2,1775,22,1473250021,'Re: Analisi 2 -- 2015/16 -- Appello autunnale','Ecco'),(31,2145,1690,40,1516747603,'Re: Metodo diretto - Esercizio 1 pagina 27','Salve Professore, salve a tutti. Riesumo questo post con una domanda che spero non sia troppo stupida:\n\nQuando lei scrive:\n[quote]Consiglio per il futuro: quando la parte sulla derivata è limitata, oppure ha crescita meno che lineare, e se intuisci che il minimo del funzionale sia una certa funzione u_0 che però non appartiene all\'insieme dove stai operando (come in questo caso, è evidente che l\'inf sia realizzato dalla funzione nulla), allora ciò presuppone la non esistenza del minimo. Infatti è standard generare una successione di funzioni dove ognuna è uguale a u_0 tra 1/n e 1-1/n, e poi in quei due intervallini usa parecchia derivata per soddisfare le condizioni al bordo. \n[/quote]\n\nintende forse dire -  per esempio in questo caso particolare, che rientra nel caso generale a cui fa riferimento - che basta considerare la successione di funzioni [latex]C^1[/latex]a tratti: [latex]f_n[/latex] tale che [latex]f_n(x)=-nx+1[/latex] per [latex]x \\leq 1/n[/latex] e [latex]0[/latex] altrimenti, e poi osservare che l\'inf del funzionale f nella classe di funzioni $C^1$ a tratti'),(27,1189,1892,3,1486986543,'Re: problema','Se applico Lagrange all\'intervallo (a,x), scegliendo valori di x sempre più grandi il punto c_x stabilito dal teorema potrebbe crescere indefinitivamente  oppure convergere verso un punto ben definito sull\'asse delle x; supponiamo che tale punto sia c, a sinistra la funzione e\' decrescente,\ne divento essere convessa a destra dovrà essere crescente, ed anzi tendere a infinito, diversamente'),(29,1789,0,5,1511272214,'Studio di funzioni n - Es.7','Ciao a tutti!\n\nQualcuno ha fatto l\'esercizio nel titolo? Riporto il testo:\n[quote]Determinare ordine di infinito/infinitesimo e parte principale delle successioni\n[latex]\nm_n=\\min \\left{\\frac{x^2+|y|^3}{x^4+y^2} : x^2+y^2=n\\right}, \\qquad M_n=\\max \\left{\\frac{x^2+|y|^3}{x^4+y^2} : x^2+y^2=n\\right}.\n[/latex][/quote]\nUn calcolo diretto (mediante moltiplicatori di Lagrange o passando in coordinate polari) mi ha portato alla risoluzione di polinomi di grado almeno 5, probabilmente sto sbagliando punto di vista. Come approcciarlo?\nNon so che pesci prendere  :?'),(30,2229,0,25,1515073579,'Video Lezioni di Algebra 1 - Algebra 2 - Math Discreta','Qualcuno sa indicarmi per cortesia ove trovare delle video Lezioni di di Algebra 1 - Algebra 2 - Math Discreta?\nAndreas61'),(32,2145,1690,40,1516747971,'Re: Metodo diretto - Esercizio 1 pagina 27','Salve Professore, salve a tutti. Riesumo questo post con una domanda che spero non sia troppo stupida:\n\nQuando lei scrive:\n[quote]Consiglio per il futuro: quando la parte sulla derivata è limitata, oppure ha crescita meno che lineare, e se intuisci che il minimo del funzionale sia una certa funzione u_0 che però non appartiene all\'insieme dove stai operando (come in questo caso, è evidente che l\'inf sia realizzato dalla funzione nulla), allora ciò presuppone la non esistenza del minimo. Infatti è standard generare una successione di funzioni dove ognuna è uguale a u_0 tra 1/n e 1-1/n, e poi in quei due intervallini usa parecchia derivata per soddisfare le condizioni al bordo. \n[/quote]\n\nintende forse dire -  per esempio in questo caso particolare, che rientra nel caso generale a cui fa riferimento - che per concludere che 0 è l\'inf basta considerare la successione di funzioni [latex]C^1[/latex]a tratti: [latex]f_n[/latex] tale che [latex]f_n(x)=-nx+1[/latex] per [latex]x \\leq 1/n[/latex] e [latex]0[/latex] altrimenti, e poi osservare che l\'inf del funzionale nella classe di funzioni $C^1$ a tratti tali che in [latex]0[/latex] valgano [latex]1[/latex], coincide con l\'inf del funzionale nella classe di funzioni [latex]C^1[/latex]tali che in [latex]0[/latex] valgano [latex]1[/latex]?'),(33,2145,0,40,1517162451,'bv','Salve Professore, ciao a tutti.\n\nSono rimasto bloccato nella risoluzione del quarto esercizio di pagina 20, dove si chiede di discutere esistenza, regolarità e unicità della soluzione del seguente problema:\n\n[latex]u\'\'=|sinx||cosu|[/latex]\n\n[latex]u(0)=0, u(2015)=7[/latex]\n\nPiù precisamente, ho dimostrato - sperando di non essermi perso qualcosa -  l\'esistenza della soluzione e  determinato la sua regolarità ([latex]C^2[/latex]). Tuttavia non sono in grado di dimostrarn'),(35,2242,1646,40,1518129446,'Re: Simulazione scritto d\'esame (Christmas edition)','Rispolvero questo vecchio post per chiedere, se possibile, un chiarimento riguardo il punto (c) dell\'esercizio [latex]3[/latex] di questa simulazione.\n\nPiù precisamente,'),(37,2242,2070,40,1518627057,'Re: Richiesta di hint per esercizio 4 - 24/02/17','Ciao!\n\nA meno di non sbagliarmi ancora una volta mi sembra che ai primi due punti si risponde facendo vedere - come dici tu - con il metodo diretto che l\'inf è un minimo per ogni [latex]\\epsilon[/latex].\n\nPer quanto riguarda la parte per mostrare la SCI:\n\nE\' vero che la lagrangiana non è convessa in p, però puoi vedere la parte in p come somma di due termini: [latex]\\epsilon p^4[/latex] e [latex]-p^2[/latex]. Per la prima puoi usare la convessità e per l\'altra puoi usare la SCI della norma in [latex]L^2[/latex]. In questo modo:\n\n[latex]Se v\'_n \\rightarrow v\'[/latex] debole in [latex]L^4[/latex] (in particolare debole in [latex]l^2)[/latex]) allora hai che:\n\n\n\nliminf[latex]\\int_{0}^{1} v_n\'^{4}-v_n\'^2\\, dx \\geq liminf \\int_{0}^{1} v_n\'^{4}\\, dx - liminf \\int_{0}^{1} v_n\'^{2}\\, dx[/latex]'),(38,2242,2070,40,1518689950,'Re: Richiesta di hint per esercizio 4 - 24/02/17','Mi sa che devo imparare a scrivere qualcosa prima di parlare.  :roll: \n\nProvo a dimostrare che per ogni  [latex]\\epsilon&gt;0[/latex] il funzionale [latex]F_\\epsilon (u)=\\int_0^1 \\epsilon u\'^{4}-u\'^2+u^{2}\\,dy[/latex] è SCI come funzionale da [latex]X=\\{u \\in H^{1,2}: u(0)=1,u(1)=0\\}[/latex] in [latex]\\mathbb{R}[/latex] rispetto la nozione di convergenza:\n\n-uniforme sulle funzioni;\n\n-debole (in [latex]L^4)[/latex]) sulle derivate.\n\nOsservo che se il funzionale [latex]G(u):= \\int_0^1 -u\'^2+u^{2}\\,dy[/latex] ha minimo positivo nello stesso spazio allora abbiamo finito, infatti se [latex]u_n[/latex] è una successione in [latex]X[/latex] che tende ad un certo [latex]u \\in H^{1,2}[/latex] rispetto quella nozione di convergenza allora si avrà:\n\n[latex]\\int_0^1 -u_n\'^2+u_n^{2}\\,dy \\geq 0[/latex] per ogni [latex]n[/latex] e quindi che [latex]\\int_0^1 u_n\'^2 \\leq \\int_0^1 u_n^{2}\\,dy[/latex] per ogni n.\n\nE quindi avremo che:\n\n[latex]F_\\epsilon (u_n)=\\int_0^1 \\epsilon u_n\'^{4}-u_n\'^2+u_n^{2}\\,dy \\geq \\int_0^1 \\epsilon u_n\'^{4}\\,dy[/latex]'),(39,2242,2070,40,1518696614,'Re: Richiesta di hint per esercizio 4 - 24/02/17','Intanto provo a rispondere al punto a):\n\nInnanzitutto si mostra che per ogni funzione [latex]u \\in C^1(0,1)[/latex]  che rispetta le DBC [latex]\\int_0^1 -u\'^2+u^{2}\\,dy \\geq 0[/latex]:\n\n1) Si mostra che esiste [latex]u_0[/latex] soluzione di Ele con quei dati al bordo e che il funzionale valutato in [latex]u_0[/latex] è maggiore uguale a 0.\n\n2) Si considera un competitore [latex]w=u_0+v[/latex] con [latex]v[/latex] nulla al bordo, si calcola [latex]F(u_0+v)[/latex] e si mostra che [latex]F(u_0+v) \\geq F(u_0)[/latex] sfruttando il fatto che 0 è minimo globale per [latex]\\int_0^1-v\'^2+v^{2}\\,dy[/latex] con v nulla al bordo.\n\nQuindi si deduce che l\'inf da noi cercato è sicuramente [latex]\\geq 0[/latex] e quindi per ogni valore di [latex]\\epsilon[/latex] l\'inf appartiene ad R.\n\nInoltre da quanto detto sopra si osserva che se [latex]u[/latex] in [latex]H^1[/latex] che soddisfa le DBC è tale che [latex]\\int_0^1 u\'^{4}+ \\int_0^1 -u\'^2+u^{2}\\,dy =0[/latex] allora [latex]u\'=0[/latex] quasi ovunque e quindi [latex]u[/latex] è una costante e l\'unica funzione costante che soddisfa le DBC è [latex]u=2017[/latex]. Quindi abbiamo che 0 non è sicuramente un minimo. \n\nSe adesso mostrassimo che l\'inf è 0, allora avremmo anche risposto al punto b.\n\nIntanto lo mostro \n\nProvo a mostrarlo:\n\nOsservo che la funzione [latex]\\epsilon x^4 -x^2[/latex] si annulla, oltre che nello [latex]0[/latex] nei punti [latex]\\epsilon_{1,2}=+ \\epsilon^{\\frac{-1}{2}}(-)[/latex]. Considero quindi una successione di funzioni fatta così: in 0 e in 1 fa 2015,'),(40,2242,2070,40,1518697724,'Re: Richiesta di hint per esercizio 4 - 24/02/17','Io mi sa che so solo rispondere al punto a) e  mi sembra di aver trovato qualcosa di utile per il punto c:\n\n\n\nIntanto provo a rispondere al punto a):\n\nInnanzitutto si mostra che per ogni funzione [latex]u \\in C^1(0,1)[/latex]  che rispetta le DBC [latex]\\int_0^1 -u\'^2+u^{2}\\,dy \\geq 0[/latex]:\n\n1) Si mostra che esiste [latex]u_0[/latex] soluzione di Ele con quei dati al bordo e che il funzionale valutato in [latex]u_0[/latex] è maggiore uguale a 0.\n\n2) Si considera un competitore [latex]w=u_0+v[/latex] con [latex]v[/latex] nulla al bordo, si calcola [latex]F(u_0+v)[/latex] e si mostra che [latex]F(u_0+v) \\geq F(u_0)[/latex] sfruttando il fatto che 0 è minimo globale per [latex]\\int_0^1-v\'^2+v^{2}\\,dy[/latex] con v nulla al bordo.\n\nQuindi si deduce che l\'inf da noi cercato è sicuramente [latex]\\geq 0[/latex] e quindi per ogni valore di [latex]\\epsilon[/latex] l\'inf appartiene ad R.\n\nInoltre da quanto detto sopra si osserva che se [latex]u[/latex] in [latex]H^1[/latex] che soddisfa le DBC è tale che [latex]\\int_0^1 u\'^{4}+ \\int_0^1 -u\'^2+u^{2}\\,dy =0[/latex] allora [latex]u\'=0[/latex] quasi ovunque e quindi [latex]u[/latex] è una costante e l\'unica funzione costante che soddisfa le DBC è [latex]u=2017[/latex]. Quindi abbiamo che 0 non è sicuramente un minimo. \n\nPer quanto riguarda il punto c:\n\nSi vuole mostrare che il gamma limite del funzionale [latex]F_\\epsilon=\\int_0^1 \\epsilon u\'\'^2-u\'^2+u^{2}\\,dy[/latex] -  esteso a [latex]+ \\infty[/latex] al di fuori dello spazio preso in considerazione - è [latex]F(u)=0[/latex] se [latex]u \\in H^1[/latex] che rispetta le condizioni al bordo ed è uguale a [latex]+ \\infty[/latex] altrimenti. \n\nLIM INF INEQUALITY:\n\n\n\nPer farlo osservo che un denso in energia per [latex]F[/latex] così definito è \n\n\n\nProvo a mostrarlo:\n\nOsservo che la funzione [latex]\\epsilon x^4 -x^2[/latex] si annulla, oltre che nello [latex]0[/latex] nei punti [latex]\\epsilon_{1,2}=+ \\epsilon^{\\frac{-1}{2}}(-)[/latex]. Considero quindi una successione di funzioni fatta così: in 0 e in 1 fa 2015,'),(41,2242,2057,40,1518822514,'Re: Scritti d\'esame 2018','Grazie di nuovo! \n\nSupponendo di aver precisato per i bene i dettagli riguardo alla lim inf inequality procedo con la limusp:\n\n- Osservo che per quanto riguarda le funzioni in [latex]L^2/X[/latex] la cosa è gratis: infatti &quot;non è difficile stare sotto [latex]+\\infty[/latex]&quot;.\n\nPer quanto riguarda le altre funzioni:\n\n- Osservo che un denso in [latex]X[/latex] è dato dalle funzionale Sia adesso [latex]u \\in X[/latex], allora scelgo la successione costante [latex]u_n[/latex]. Un calcolo (che in questa sede evito di fare) mostra in effetti che\n\n limsup[latex]_{\\epsilon \\rightarrow 0}[/latex][latex]F_\\epsilon(u)=\\int_0^1 cosu +cosu\' dx[/latex].\n\nDa qui deduciamo in particolare che\n\n gammalimsup([latex]F_\\epsilon(u) \\geq \\int_0^1 cosu +cosu\' dx[/latex]\n\nConsideriamo quindi quest\'ultima funzione, estesa a [latex]+ \\infty[/latex] al di fuori di [latex]X[/latex]. Se mostriamo che il suo rilassato è il nostro candidato a gamma limite, [latex]F(u)[/latex], allora concludiamo che gammalimsup [latex]\\geq F(u)[/latex] essendo [latex]gammalimsup[/latex] SCI ( e minore o uguale della funzione il cui rilassato è [latex]F(u)[/latex]).\n\nPer mostrare che il rilassato della funzione è proprio [latex]F[/latex] si osserva innanzitutto che [latex]F[/latex] è SCI ed è minore o uguale alla funzione.\n\n\n\nInoltre, per quanto riguarda l\'esistenza della recovery, basta che la si mostri per gli elementi di un denso in energia per [latex]F[/latex]: per esempio le funzioni affini a tratti.'),(42,2242,2070,40,1518826857,'Re: Richiesta di hint per esercizio 4 - 24/02/17','Per quanto riguarda il punto c:\n\nDomani cerco di precisare per bene i dettagli, comunque dovrebbero valere le seguenti cose:\n\nConsidero la famiglia di funzionali [latex]F_\\epsilon[/latex] estendendola a [latex]+ \\infty[/latex] al di fuori di [latex]Y[/latex]. (si veda post sopra)\n\ni) Il rilassato del funzionale a [latex]epsilon[/latex] fissato (su tutto [latex]L^2[/latex]) è dato dal funzionale integrale avente come termini: il convessificato della parte in [latex]u\'[/latex] + [latex]u^2[/latex] in [latex]H^1[/latex] e [latex]+ \\infty[/latex] al di fuori.\n\nii) Il minimo in tutto [latex]L^2[/latex] è [latex]\\frac{-1}{4\\epsilon}[/latex] ottenuto valutandolo nella funzione nulla.\n\niii) La nostra famiglia di funzionali gamma converge in [latex]L^2[/latex]a  [latex]F(u)=\\frac{-1}{4\\epsilon} + \\int_0^1 u^2[/latex] su tutto [latex]L^2[/latex].\n\nLa liminequality dovrebbe essere in effetti banale,\n\nLimsup: Basta farlo per le funzioni [latex]C^1[/latex] a tratti. Se [latex]u \\in C^1[/latex] e non rispetta le DBC allora non ci sono problemi: non è difficile stare sotto [latex]+ \\infty[/latex].\n\nSe u [latex]u \\in C^1[/latex] soddisfa le DBC allora basta considerare la famiglia fatta così:\n\nSi parte da 2017 con derivata [latex]\\frac{-1}{\\sqrt(2\\epsilon)}[/latex] fino ad arrivare a 0, poi si fa un bel pezzetto lungo l\'asse x e poi si risale in modo da essere per [latex]x=1[/latex] in 2017.\n\nLungo questa famiglia'),(46,2287,2154,40,1537438030,'Re: Campi di Weierstrass sempre globali? Mmm..','Già... Nella mia testa cambiavo anche le condizioni iniziali con [latex]u(\\epsilon, 0) = \\epsilon[/latex], ma naturalmente così è evidente che nessuno assicura il fatto che esista. Allora proverei a chiederei il seguente fatto:\n\n1. Apertura della condizioni (J)+, (L)+.\nSia [latex]\\lambda_n \\to \\lambda, \\mu_n \\to \\mu[/latex], e consideriamo una (ELE). Se [latex]u_n[/latex] sono soluzioni della (ELE) con dati iniziali \n$$ u_n(0) = \\lambda_n, \\dot{u}_n = \\mu_n $$ \ne similmente per [latex]u[/latex]. Supponiamo che per u_n valgano le condizioni L^+, J^+. Allora\n(A) Le [latex]u_n[/latex] convergono uniformemente a [latex]u[/latex], e similmente per le derivate; questo deriva dalla dipendenza continua dei dati iniziali + compattezza dell\'intervallo dove siamo + continuità delle funzioni in gioco.\n(B) I coefficienti delle variazioni quadratiche n-esimi convergono uniformemente ai coefficienti della variazione quadratica finale se la Lagrangiana è C^2, per il punto (A) + regolarità della Lagrangiana\n(C) Se la condizione (L)+ vale per u_n, vale per u (per banale convergenza del coefficiente);\n(D) Se la condizione (J)+ vale per u_n, allora  vale per u. Infatti in realtà per u_n vale la condizione J++ e abbiamo delle [latex]w_n[/latex] soluzioni di \n$$ \\ddot{w} = \\alpha_n(x) \\dot{w} + \\beta_n(x) w$$\nla (JDE), con [latex]\\alpha_n \\to \\alpha, \\beta_n \\to \\beta[/latex] uniformemente (ma questo dovrei ricontrollarlo... mi preoccupa il C al denominatore, ma è sempre maggiore di zero, non dovrebbe creare problemi; naturalmente per fare convergere le derivate dei coefficienti serve la lagrangiana C^3 ). Dunque per un lemma che abbiamo visto [latex]w_n \\to w[/latex] uniformemente.'),(48,93,2158,34,1544718493,'Re: testi compitini 2017/2018','[quote=&quot;Gabriele Scarpelli&quot;]Buonasera, allego una possibile soluzione del terzo compitino. È corretto? Sono necessarie più spiegazioni?[/quote]\n\nPer il primo esercizio:\nmagari disegna le due componenti della curva separatamente in modo da giustificare un po\' meglio il disegno della curva (e mettici il verso di percorrenza!), il resto va sostanzialmente bene.\n\nPer il secondo esercizio: \nocchio alla parametrizzazione del bordo di S, il verso di percorrenza non è coerente con il disegno.  C\'è un modo più semplice di fare l\'integrale: [latex]\\sin^2 t \\cos^2  t = \\frac{1}{4} \\sin^2 (2t).[/latex]\n\nPer il terzo esercizio:\na parte che ti sei perso [latex]\\alpha = 5[/latex], nella stima dall\'alto dovresti spendere due parole per giustificare che la funzione in [latex]\\theta [/latex] è continua (ma non è grave), nella stima dal basso invece manca la spiegazione di come è sparito il seno.'),(50,2384,2210,43,1546771751,'Re: Simulazione scritto d\'esame','Io provo ad esplicitare il procedimento con la teoria [latex]L^p[/latex] per vedere se ho capito davvero. Assumiamo di avere [latex]\\Delta u=\\sin(u)[/latex] su [latex]\\Omega[/latex] ragionevole .\n\n Allora [latex]\\sin(u)[/latex] sta in tutti gli [latex]L^p[/latex]. In particolare, vale il primo passo del bootstrap che vogliamo dimostrare:[latex]u \\in W^{2,p}[/latex] per tutti i p.\n\nOra ci serve dimostrare che [latex]\\sin(u) \\in W^{k,p}[/latex] sapendo che [latex]u \\in W^{k,q}[/latex] con ogni [latex]q[/latex]. Ci scriviamo la derivata [latex]k[/latex]- esima e dovrebbe essere somma di termini del tipo [latex]h(u)u^{(k_1)} \\dots u^{(k_r)}[/latex] con [latex]k_1+\\dots k_r=k[/latex] con [latex]h(u)[/latex] limitata. Ci dovrebbe essere una sorta di Holder generalizzata che ci dice che considerando [latex]p_1 \\dots p_r[/latex] che hanno somma degli inversi [latex]1/p[/latex] si ha la sommabilita\' richiesta. Da qui il passo induttivo dovrebbe essere fatto. E\' corretto?\n\nProvo anche a postare una soluzione dell\'esercizio 3 dello scritto di Natale:'),(51,2384,2210,43,1546782283,'Re: Simulazione scritto d\'esame','Io proverei ad esplicitare il procedimento con la teoria [latex]L^p[/latex] per vedere se ho capito davvero. Assumiamo di avere [latex]\\Delta u=\\sin(u)[/latex] su [latex]\\Omega[/latex] ragionevole .\n\n Allora [latex]\\sin(u)[/latex] sta in tutti gli [latex]L^p[/latex]. In particolare, vale il primo passo del bootstrap che vogliamo dimostrare:[latex]u \\in W^{2,p}[/latex] per tutti i p.\n\nOra ci serve dimostrare che [latex]\\sin(u) \\in W^{k,p}[/latex] sapendo che [latex]u \\in W^{k,q}[/latex] con ogni [latex]q[/latex]. Ci scriviamo la derivata [latex]k[/latex]- esima e dovrebbe essere somma di termini del tipo [latex]h(u)u^{(k_1)} \\dots u^{(k_r)}[/latex] con [latex]k_1+\\dots k_r=k[/latex] e [latex]h(u)[/latex] limitata. Ci dovrebbe essere una sorta di Holder generalizzata che ci dice che considerando [latex]p_1 \\dots p_r[/latex] che hanno somma degli inversi [latex]1/p[/latex] si ha la sommabilita\' richiesta. Da qui il passo induttivo dovrebbe essere fatto. E\' corretto?\n\nProvo anche a postare una soluzione dell\'esercizio 3 dello scritto di Natale:[spoiler=&quot;Esercizio_3&quot;]Svolgiamo prima il caso [latex]p=11[/latex][/spoiler]'),(53,2404,0,43,1548530366,'Chiarimenti sui &quot;raccordini&quot;','Ancora non ho del tutto capito cosa si intenda per &quot;raccordini&quot; quando si tratta di approssimare funzioni.\nin particolare faccio riferimento alla lezione 8, esempio 3.\nPer approssimare la funzione u ho pensato di fare così:\ncostruisco un polinomio (di secondo grado) che ha la derivata che voglio in 0. Prendo due funzioni di [i]cut-off[/i] (che per me sono raccordi [latex]C^\\infty[/latex] riscalati, cioè se ne voglio uno che annulli tutto prima dello zero e sia 1 dopo 1/n, prendo il raccordo [latex]C^\\infty[/latex] tra 0 e 1 e lo chiamo [latex]\\xi (x)[/latex] dopodiché il mio [i]cut-off[/i] è [latex]\\xi (nx)[/latex] ) \nLa prima annulla tutto prima di 0 e vale uno da 1/n ( [latex]\\xi (nx)[/latex]) e la seconda è la specchiata che annulla tutto dopo 1/n e vale 1 prima di 0 (la chiamo [latex]\\eta (nx)[/latex]).\nLa mia'),(54,2389,2229,43,1548762352,'Re: Scritti d\'esame 2019','Provo a scrivere la soluzione al primo esercizio.\n[spoiler=&quot;Soluzione_Ex_1&quot;]L\'equazione da studiare è [latex](1 + \\dot{u}^2) \\ddot{u}= 1 + u^3 + x^2[/latex] con le condizioni [latex]u(0)=\\dot{u}(3)=3[/latex]. Ora, la condizione sulla funzione si porterà nel problema di minimo, mentre quella sulla derivata dovrà nascere &quot;on the road&quot; dalla condizone [latex]L_p(3)=0[/latex] (ovvero, deve nascere dall\'imposizione che i termini di bordo nella seconda forma integrale di ELE si annullino). Integrando un po\' l\'espressione sopra e modificando opportunamente la lagrangiana &quot;standard&quot; che viene, si ottiene una lagrangiana modificata che fa al caso nostro, e che dovrebbe essere [latex]L(x,s,p)=\\frac{p^4}{12} + \\frac{p^2}{2} - 12 p + \\frac{s^4}{4} + (1 +x^2)s[/latex]. Imponendo infatti che [latex]L_p(3)=0[/latex] troviamo come unica soluzione [latex]\\dot{u}(3)=3[/latex], e la ELE differenziale rimane quella che volevamo. Passiamo quindi a studiare il problema di minimo:\n[latex]\\min \\left{ F(u)=\\int_{0}^3 L(x,u,\\dot{u}) dx | u(0)=3 \\right}[/latex]. \n\n1)FORMULAZIONE DEBOLE\nCi mettiamo in [latex]W^{1,4}(0,3)[/latex]\n\n2)COMPATTEZZA\nCome nozione di convergenza scegliamo quella uniforme per la parte di funzione e la debole [latex]L^4[/latex] per quella di derivata. Prendiamo ora il sottolivello [latex]F(u) \\leq M[/latex]. Tralasciando termini positivi, abbiamo a maggior ragione che [latex]\\int_0 ^3 \\frac{\\dot{u}^4}{4} - 12 \\dot{u} + (1+x^2)u \\leq M[/latex]. Noto che [latex]|u(x)| \\leq |u(0)| + || \\dot{u}||_4 |x|^{3/4}[/latex], e in definitiva posso stimare uniformemente [latex]|u(x)|[/latex] con [latex]A +B ||\\dot{u}||_4[/latex], con [latex]A,B[/latex] costanti. Sostituendo viene un polinomio in [latex]||\\dot{u}||_4[/latex] il cui termine di grado più alto ha grado pari e coefficiente positivo, quindi dovendo essere [latex]F(u) \\leq M[/latex], ne segue che [latex]|| \\dot{u}||_4[/latex] è limitato. Da questo, usando la DBC [latex]u(0)=3[/latex] e l\'equiholderianità, siamo nelle ipotesi di Ascoli Arzelà e per la parte di funzione posso estrarre una sottosuccessione che converge uniformemente. Da questa ne posso estrarre un\' altra  per cui le derivate convergono debole in [latex]L^4[/latex], visto che le palle sono debolmente compatte.\n\n3)SCI\n\nPer la parte di funzione non ho problemi. Condizioni al bordo e stime integrali passano tranquillamente al limite per convergenza uniforme.\n\nPer la parte di derivata, basta osservare che convergenza debole [latex]L^4[/latex] implica convergenza debole [latex]L^1[/latex] e che la parte di derivata è una funzione convessa in [latex]\\dot{u}[/latex]. Questo, per un risultato visto a lezione, garantisce la SCI\n\n4)UNICITA\'\n\nAbbiamo provato l\'esistenza, bisogna provare l\'unicità. SI fa nel solito modo, usando la convessità (stretta) della lagrangiana nella variabile [latex]p[/latex] e la DBC in 0. Detto [latex]u[/latex] un punto di minimo, sia [latex]u + v[/latex] un altro competitore, con [latex]v(0)=0[/latex]. Per stretta convessità, deve essere [latex]\\dot{v}=0[/latex], altrimenti avrei una disuguaglianza stretta per convessità. Ma [latex]v(0)=0 \\; + \\; \\dot{v}=0 \\implies v=0[/latex], da cui ottengo l\'unicità del minimo.\n\n5)REGOLARITA\'\n\nDalla seconda forma integrale di ELE ottengo:\n\n\n[/spoiler]'),(55,2404,2210,43,1550312966,'Re: Simulazione scritto d\'esame','Provo a scrivere meglio, perché a questo punto comincio ad avere il timore di pensare cose sbagliate  :? \nProcedevo con la via del metodo diretto.\nPasso 1  formulazione debole : [latex]W^{1,4}_0[/latex].\n\nPasso 2 Compattezza dei sottolivelli, prendo una successione nel sottolivello\nmaggioro l\'integrale della potenza quarta di [latex]u_x[/latex] con l\'integrale della potenza sesta grazie a Holder essendo in[latex]\\Omega[/latex] di misura finita. \nAllora il vincolo mi da [latex]\\left\\lVert \\nabla u_n\\right\\rVert _4 \\leq 3[/latex].\nOra voglio una stima su [latex]\\left\\lVert  u_n\\right\\rVert _{\\infty}[/latex].\nVorrei usare il teorema di immersione nel caso p&gt;d, ne caso [latex]W^{1,4}_0[/latex] , il quale garantisce:\n[latex]\\left\\lVert  u_n\\right\\rVert _{\\infty} \\leq c(p,d) \\bigg( \\left\\lVert  u_n\\right\\rVert_4 +\\left\\lVert  \\nabla u_n\\right\\rVert_4 \\bigg) \\leq c\'(p,d) \\left\\lVert  \\nabla u_n\\right\\rVert_4[/latex].\nLa seconda maggiorazione è la Poincarè.\nSempre il teorema di immersione nel caso p&gt;d mi dice che sono 1/2 equi-Holder:\n[latex]|u_n(x)-u_n(y)| \\leq c(p,d)\\left\\lVert  \\nabla u_n\\right\\rVert_4 |x-y|^{\\frac{1}{2}}[/latex].\n\n\nPer la &quot;via veloce&quot; arrivo alla stima [latex]L^{\\infty}[/latex] per una successione infizzante come sopra e poi osservo che \nse la mia successione infizzante è equilimitata allora ci sarà anche una equilimitazione sul seno iperbolico\n [latex]|sinh(u_n)| \\leq N[/latex] (va giustificata meglio?), \nconcludo dicendo:\n[latex]\\int_\\Omega sinh(u_n) \\geq -N meas(\\Omega) &gt;-\\infty[/latex]'),(57,93,2407,5,1570289952,'Re: Dubbi su un esercizio','[quote=&quot;M.A.L&quot;]salve ho dei dubbi nella risoluzione del seguente esercizio(sui limiti) che allego...\ninoltre allego altri limiti per vedere se li eseguo correttamente[/quote]\n\nTi riallego il file sui limiti uno con segnate le cose che non vanno: il problema però è sempre lo stesso: quando ci sono &quot;segni -&quot; le disegualianze si invertono....\n\nPer quanto riguarda l\'altro esercizio: non puoi usare le coordinate polari (N.B.  in [latex]x^2y^\\alpha[/latex] il seno e il coseno si moltiplicano, non si sommano).\nE\' facile vedere che il limite non esiste se [latex]\\alpha \\leq 3 [/latex], basta prendere le rette  [latex]x = 1[/latex] e [latex]x = 0[/latex].  Per gli altri casi la cosa migliore è separare il domino in 3 parti: [latex][0,1]\\times[0,+\\infty[[/latex], [latex][0,+\\infty[ \\times [0,1] [/latex] e [latex][1,+\\infty[\\times [1,+\\infty[[/latex] e sui tre pezzi fare stime'),(59,681,0,33,1585993968,'Dimostrazione teorema di struttura delle applicazioni lineari','Alla cortese attenzione del Forum.\n\nOggetto: dubbio nella dimostrazione del teorema di struttura delle applicazioni lineari\n(rif. Lezione 16 a.a. 2013/2014 e/o Lezione 17 a.a. 2014/2015)\n\nQuesito:\nNella dimostrazione del teorema di struttura dobbiamo dimostrazione due cose: \n1) che esiste una applicazione lineare tra due spazi vettoriali V e W (e questo significa dimostrare sia l\'esistenza e sia la linearità)\n2) che questa applicazione lineare sia unica\n\nRiguardo al punto 1) si  esprime un qualunque altro vettore V di v come combinazione lineare della base scelta in V. E fin qui nessun problema.\nIl problema sorge nel passaggio successivo perchè di fatto si applica la definizione di linearità alla funzione f. In altri termini, per dare legittimità al passaggio (somma delle f e costanti portate fuori) si sta dicendo che la f è una applicazione lineare, cosa che dobbiamo dimostrare!!\nE dobbiamo dimostrare non solo la linearità, ma anche l\'esistenza!!. \n\nSi cerca di fornire risposta a questo problema nella &quot;verifica della linearità&quot;. M anche qui ritorniamo al problema di partenza perchè:\n1) anzitutto si sta dicendo che esiste (e non lo sappiamo!)\n2) si riapplica nuovamente la definizione di applicazione lineare (somma delle f e costanti portate fuori) cosa che non saremmo autorizzati a fare non avendo dimostrato che la f (oltre ad esistere) è anche lineare.');

--
-- Table structure for table `Studenti_ext`
--

CREATE TABLE `Studenti_ext` (
  `ext_name` varchar(255) NOT NULL DEFAULT '',
  `ext_active` tinyint(1) unsigned NOT NULL DEFAULT 0,
  `ext_state` text NOT NULL,
  UNIQUE KEY `ext_name` (`ext_name`)
) ENGINE=InnoDB DEFAULT CHARSET=utf8 COLLATE=utf8_bin;

--
-- Dumping data for table `Studenti_ext`
--

INSERT INTO `Studenti_ext` VALUES ('arty/scss',1,'b:0;'),('marcovo/mathjax',1,'b:0;');

--
-- Table structure for table `Studenti_extension_groups`
--

CREATE TABLE `Studenti_extension_groups` (
  `group_id` mediumint(8) unsigned NOT NULL AUTO_INCREMENT,
  `group_name` varchar(255) NOT NULL DEFAULT '',
  `cat_id` tinyint(2) NOT NULL DEFAULT 0,
  `allow_group` tinyint(1) unsigned NOT NULL DEFAULT 0,
  `download_mode` tinyint(1) unsigned NOT NULL DEFAULT 1,
  `upload_icon` varchar(255) NOT NULL DEFAULT '',
  `max_filesize` int(20) unsigned NOT NULL DEFAULT 0,
  `allowed_forums` text NOT NULL,
  `allow_in_pm` tinyint(1) unsigned NOT NULL DEFAULT 0,
  PRIMARY KEY (`group_id`)
) ENGINE=MyISAM AUTO_INCREMENT=10 DEFAULT CHARSET=utf8 COLLATE=utf8_bin;

--
-- Dumping data for table `Studenti_extension_groups`
--

INSERT INTO `Studenti_extension_groups` VALUES (1,'IMAGES',1,1,1,'',0,'',1),(2,'ARCHIVES',0,1,1,'',0,'',0),(3,'PLAIN_TEXT',0,0,1,'',0,'',0),(4,'DOCUMENTS',0,1,1,'',0,'',1),(5,'REAL_MEDIA',3,0,1,'',0,'',0),(6,'WINDOWS_MEDIA',2,0,1,'',0,'',0),(7,'FLASH_FILES',5,0,1,'',0,'',0),(8,'QUICKTIME_MEDIA',6,0,1,'',0,'',0),(9,'DOWNLOADABLE_FILES',0,0,1,'',0,'',0);

--
-- Table structure for table `Studenti_extensions`
--

CREATE TABLE `Studenti_extensions` (
  `extension_id` mediumint(8) unsigned NOT NULL AUTO_INCREMENT,
  `group_id` mediumint(8) unsigned NOT NULL DEFAULT 0,
  `extension` varchar(100) NOT NULL DEFAULT '',
  PRIMARY KEY (`extension_id`)
) ENGINE=MyISAM AUTO_INCREMENT=67 DEFAULT CHARSET=utf8 COLLATE=utf8_bin;

--
-- Dumping data for table `Studenti_extensions`
--

INSERT INTO `Studenti_extensions` VALUES (1,1,'gif'),(2,1,'png'),(3,1,'jpeg'),(4,1,'jpg'),(5,1,'tif'),(6,1,'tiff'),(7,1,'tga'),(8,2,'gtar'),(9,2,'gz'),(10,2,'tar'),(11,2,'zip'),(12,2,'rar'),(13,2,'ace'),(14,2,'torrent'),(15,2,'tgz'),(16,2,'bz2'),(17,2,'7z'),(18,3,'txt'),(19,3,'c'),(20,3,'h'),(21,3,'cpp'),(22,3,'hpp'),(23,3,'diz'),(24,3,'csv'),(25,3,'ini'),(26,3,'log'),(27,3,'js'),(28,3,'xml'),(29,4,'xls'),(30,4,'xlsx'),(31,4,'xlsm'),(32,4,'xlsb'),(33,4,'doc'),(34,4,'docx'),(35,4,'docm'),(36,4,'dot'),(37,4,'dotx'),(38,4,'dotm'),(39,4,'pdf'),(40,4,'ai'),(41,4,'ps'),(42,4,'ppt'),(43,4,'pptx'),(44,4,'pptm'),(45,4,'odg'),(46,4,'odp'),(47,4,'ods'),(48,4,'odt'),(49,4,'rtf'),(50,5,'rm'),(51,5,'ram'),(52,6,'wma'),(53,6,'wmv'),(54,7,'swf'),(55,8,'mov'),(56,8,'m4v'),(57,8,'m4a'),(58,8,'mp4'),(59,8,'3gp'),(60,8,'3g2'),(61,8,'qt'),(62,9,'mpeg'),(63,9,'mpg'),(64,9,'mp3'),(65,9,'ogg'),(66,9,'ogm');

--
-- Table structure for table `Studenti_forums`
--

CREATE TABLE `Studenti_forums` (
  `forum_id` mediumint(8) unsigned NOT NULL AUTO_INCREMENT,
  `parent_id` mediumint(8) unsigned NOT NULL DEFAULT 0,
  `left_id` mediumint(8) unsigned NOT NULL DEFAULT 0,
  `right_id` mediumint(8) unsigned NOT NULL DEFAULT 0,
  `forum_parents` mediumtext NOT NULL,
  `forum_name` varchar(255) NOT NULL DEFAULT '',
  `forum_desc` text NOT NULL,
  `forum_desc_bitfield` varchar(255) NOT NULL DEFAULT '',
  `forum_desc_options` int(11) unsigned NOT NULL DEFAULT 7,
  `forum_desc_uid` varchar(8) NOT NULL DEFAULT '',
  `forum_link` varchar(255) NOT NULL DEFAULT '',
  `forum_password` varchar(255) NOT NULL DEFAULT '',
  `forum_style` mediumint(8) unsigned NOT NULL DEFAULT 0,
  `forum_image` varchar(255) NOT NULL DEFAULT '',
  `forum_rules` text NOT NULL,
  `forum_rules_link` varchar(255) NOT NULL DEFAULT '',
  `forum_rules_bitfield` varchar(255) NOT NULL DEFAULT '',
  `forum_rules_options` int(11) unsigned NOT NULL DEFAULT 7,
  `forum_rules_uid` varchar(8) NOT NULL DEFAULT '',
  `forum_topics_per_page` tinyint(4) NOT NULL DEFAULT 0,
  `forum_type` tinyint(4) NOT NULL DEFAULT 0,
  `forum_status` tinyint(4) NOT NULL DEFAULT 0,
  `forum_last_post_id` mediumint(8) unsigned NOT NULL DEFAULT 0,
  `forum_last_poster_id` mediumint(8) unsigned NOT NULL DEFAULT 0,
  `forum_last_post_subject` varchar(255) NOT NULL DEFAULT '',
  `forum_last_post_time` int(11) unsigned NOT NULL DEFAULT 0,
  `forum_last_poster_name` varchar(255) NOT NULL DEFAULT '',
  `forum_last_poster_colour` varchar(6) NOT NULL DEFAULT '',
  `forum_flags` tinyint(4) NOT NULL DEFAULT 32,
  `forum_options` int(20) unsigned NOT NULL DEFAULT 0,
  `display_subforum_list` tinyint(1) unsigned NOT NULL DEFAULT 1,
  `display_on_index` tinyint(1) unsigned NOT NULL DEFAULT 1,
  `enable_indexing` tinyint(1) unsigned NOT NULL DEFAULT 1,
  `enable_icons` tinyint(1) unsigned NOT NULL DEFAULT 1,
  `enable_prune` tinyint(1) unsigned NOT NULL DEFAULT 0,
  `prune_next` int(11) unsigned NOT NULL DEFAULT 0,
  `prune_days` mediumint(8) unsigned NOT NULL DEFAULT 0,
  `prune_viewed` mediumint(8) unsigned NOT NULL DEFAULT 0,
  `prune_freq` mediumint(8) unsigned NOT NULL DEFAULT 0,
  `forum_posts_approved` mediumint(8) unsigned NOT NULL DEFAULT 0,
  `forum_posts_unapproved` mediumint(8) unsigned NOT NULL DEFAULT 0,
  `forum_posts_softdeleted` mediumint(8) unsigned NOT NULL DEFAULT 0,
  `forum_topics_approved` mediumint(8) unsigned NOT NULL DEFAULT 0,
  `forum_topics_unapproved` mediumint(8) unsigned NOT NULL DEFAULT 0,
  `forum_topics_softdeleted` mediumint(8) unsigned NOT NULL DEFAULT 0,
  `enable_shadow_prune` tinyint(1) unsigned NOT NULL DEFAULT 0,
  `prune_shadow_days` mediumint(8) unsigned NOT NULL DEFAULT 7,
  `prune_shadow_freq` mediumint(8) unsigned NOT NULL DEFAULT 1,
  `prune_shadow_next` int(11) NOT NULL DEFAULT 0,
  PRIMARY KEY (`forum_id`),
  KEY `left_right_id` (`left_id`,`right_id`),
  KEY `forum_lastpost_id` (`forum_last_post_id`)
) ENGINE=MyISAM AUTO_INCREMENT=44 DEFAULT CHARSET=utf8 COLLATE=utf8_bin;

--
-- Dumping data for table `Studenti_forums`
--

INSERT INTO `Studenti_forums` VALUES (26,0,1,24,'','Sito','','',7,'','','',0,'','','','',7,'',0,0,0,0,0,'',0,'','',32,0,1,1,1,1,0,0,0,0,0,0,0,0,0,0,0,0,7,1,0),(27,0,25,36,'','Materiale Didattico','','',7,'','','',0,'','','','',7,'',0,0,0,0,0,'',0,'','',32,0,1,1,1,1,0,0,0,0,0,0,0,0,0,0,0,0,7,1,0),(28,0,37,68,'','Discussione di Esercizi','','',7,'','','',0,'','','','',7,'',0,0,0,0,0,'',0,'','',32,0,1,1,1,1,0,0,0,0,0,0,0,0,0,0,0,0,7,1,0),(29,0,69,76,'','Conosciamoci','','',7,'','','',0,'','','','',7,'',0,0,0,0,0,'',0,'','',32,0,1,1,1,1,0,0,0,0,0,0,0,0,0,0,0,0,7,1,0),(30,0,77,82,'','Roba Vecchia','','',7,'','','',0,'','','','',7,'',0,0,0,0,0,'',0,'','',32,0,1,1,1,1,0,0,0,0,0,0,0,0,0,0,0,0,7,1,0),(11,29,70,71,'a:1:{i:29;a:2:{i:0;s:12:\"Conosciamoci\";i:1;i:0;}}','Sondaggi','Provenienza, interessi, gusti personali, ...','',7,'','','',0,'','','','',7,'',0,1,0,8435,2245,'Re: Provenienza geografica',1518014688,'thomas88','',34,0,1,1,1,0,0,0,0,0,0,43,0,0,5,0,0,0,7,1,0),(12,29,72,73,'a:1:{i:29;a:2:{i:0;s:12:\"Conosciamoci\";i:1;i:0;}}','Presentazioni','Per chi vuole dire qualcosa di sè agli altri visitatori ','',7,'','','',0,'','','','',7,'',0,1,0,9966,2507,'Re: Metodo grafico per definire spirali poligonali',1588090405,'ByDante','',34,0,1,1,1,0,0,0,0,0,0,52,0,0,36,0,0,0,7,1,0),(14,29,74,75,'a:1:{i:29;a:2:{i:0;s:12:\"Conosciamoci\";i:1;i:0;}}','Altro...','... per tutto quello che non riguarda gli aspettici didattico-scientifici dei corsi in questione (da usarsi con parsimonia)','',7,'','','',0,'','','','',7,'',0,1,0,9934,983,'Tu chiamale se vuoi...EQUAZIONI',1587474694,'GIMUSI','',34,0,1,1,1,0,0,0,0,0,0,73,0,0,45,0,0,0,7,1,0),(21,26,4,5,'a:1:{i:26;a:2:{i:0;s:4:\"Sito\";i:1;i:0;}}','Bacheca Studenti (Massimo Gobbino) - Analisi Matematica 2 per Elettronica e Telecomunicazioni','Annunci su questioni burocratiche per il corso in questione: ricevimenti straordinari, date d\'esame e relativi risultati, ecc...','',7,'','','',0,'','','','',7,'',0,1,0,9949,2,'Esami in lock down mode',1587817052,'Massimo Gobbino','AA0000',34,0,1,1,1,0,0,0,0,0,0,32,0,0,14,0,0,0,7,1,0),(22,26,10,11,'a:1:{i:26;a:2:{i:0;s:4:\"Sito\";i:1;i:0;}}','Bacheca Studenti (Massimo Gobbino) - Messaggi obsoleti','Messaggi che sono stati nella Bacheca Studenti (Massimo Gobbino) ma che ormai non sono più operativi','',7,'','','',0,'','','','',7,'',0,1,1,9828,2,'Risultati terzo scritto inverno 2020',1582367433,'Massimo Gobbino','AA0000',34,0,1,1,1,0,0,0,0,0,0,1572,0,0,333,0,0,0,7,1,0),(8,26,22,23,'a:1:{i:26;a:2:{i:0;s:4:\"Sito\";i:1;i:0;}}','Messaggi dell\'amministratore','Annunci di interesse generale sull\'utilizzo di questo forum','',7,'','','',0,'','','','',7,'',0,1,0,9938,2,'Re: problema lettura formule',1587582311,'Massimo Gobbino','AA0000',34,0,1,1,1,0,0,0,0,0,0,47,0,0,19,0,0,0,7,1,0),(15,27,26,27,'a:1:{i:27;a:2:{i:0;s:19:\"Materiale Didattico\";i:1;i:0;}}','Errata corrige','Errori ed imprecisioni sulle schede, eserciziari, videolezioni','',7,'','','',0,'','','','',7,'',0,1,0,9964,2,'Re: AM2_20 -- Errori nelle lezioni',1587987927,'Massimo Gobbino','AA0000',34,0,1,1,1,0,0,0,0,0,0,157,0,0,45,0,0,0,7,1,0),(9,27,28,29,'a:1:{i:27;a:2:{i:0;s:19:\"Materiale Didattico\";i:1;i:0;}}','Test d\'esame','Discussione di test d\'esame assegnati ad appelli passati','',7,'','','',0,'','','','',7,'',0,1,0,9339,2,'Re: Quesito vero/falso con o-piccolo, test meccanici 2011_2',1561107269,'Massimo Gobbino','AA0000',34,0,1,1,1,0,0,0,0,0,0,141,0,0,13,0,0,0,7,1,0),(10,27,30,31,'a:1:{i:27;a:2:{i:0;s:19:\"Materiale Didattico\";i:1;i:0;}}','Scritti d\'esame','Discussione di esercizi di scritti d\'esame assegnati ad appelli passati','',7,'','','',0,'','','','',7,'',0,1,0,9841,2,'Re: Algebra Lineare -- Scritti d\'esame 2018/19',1583139354,'Massimo Gobbino','AA0000',34,0,1,1,1,0,0,0,0,0,0,260,0,0,48,0,0,0,7,1,0),(16,27,32,33,'a:1:{i:27;a:2:{i:0;s:19:\"Materiale Didattico\";i:1;i:0;}}','Metodo di studio','Discussione su come affrontare lo studio di queste materie','',7,'','','',0,'','','','',7,'',0,1,0,9167,2415,'Re: Come studiare Analisi (e matematica in generale)',1550180422,'obliquus','',34,0,1,1,1,0,0,0,0,0,0,20,0,0,5,0,0,0,7,1,0),(25,27,34,35,'a:1:{i:27;a:2:{i:0;s:19:\"Materiale Didattico\";i:1;i:0;}}','VideoLezioni','Dove sono? Come si scaricano? Come si visualizzano? Servono a qualcosa?','',7,'','','',0,'','','','',7,'',0,1,0,9980,2,'Re: Formato Video',1588341664,'Massimo Gobbino','AA0000',34,0,1,1,1,0,0,0,0,0,0,354,0,0,37,0,0,0,7,1,0),(2,28,38,39,'a:1:{i:28;a:2:{i:0;s:23:\"Discussione di Esercizi\";i:1;i:0;}}','Preliminari','Discussione di esercizi sul Precorso e le parti preliminari del programma','',7,'','','',0,'','','','',7,'',0,1,0,9933,983,'Re: Disequazioni 8 es.16 (test Precorso n.23)',1587474053,'GIMUSI','',34,0,1,1,1,0,0,0,0,0,0,334,0,0,83,0,0,0,7,1,0),(3,28,42,43,'a:1:{i:28;a:2:{i:0;s:23:\"Discussione di Esercizi\";i:1;i:0;}}','Limiti','Limiti di successioni e funzioni, formula di Taylor','',7,'','','',0,'','','','',7,'',0,1,0,9954,983,'Re: Limiti 12 ( Eserciziario &gt;= 2014 )',1587914533,'GIMUSI','',34,0,1,1,1,0,0,0,0,0,0,1087,0,0,219,0,0,0,7,1,0),(19,28,44,45,'a:1:{i:28;a:2:{i:0;s:23:\"Discussione di Esercizi\";i:1;i:0;}}','Successioni per ricorrenza','Studio di successioni per ricorrenza autonome e non autonome','',7,'','','',0,'','','','',7,'',0,1,0,8861,2,'Re: [Media aritmetico-geometrica] Successioni che convergono allo stesso limite',1543932800,'Massimo Gobbino','AA0000',34,0,1,1,1,0,0,0,0,0,0,98,0,0,32,0,0,0,7,1,0),(17,28,46,47,'a:1:{i:28;a:2:{i:0;s:23:\"Discussione di Esercizi\";i:1;i:0;}}','Serie','Serie numeriche, serie di potenze, serie di Taylor','',7,'','','',0,'','','','',7,'',0,1,0,9200,2416,'Re: esercizio molto particolare sulle serie numeriche',1550748907,'matematico86','',34,0,1,1,1,0,0,0,0,0,0,452,0,0,84,0,0,0,7,1,0),(1,28,48,49,'a:1:{i:28;a:2:{i:0;s:23:\"Discussione di Esercizi\";i:1;i:0;}}','Calcolo Differenziale in una variabile','Calcolo differenziale e studio di funzioni in una variabile','',7,'','','',0,'','','','',7,'',0,1,0,9795,1886,'Funzioni 5 6 7 8',1581068798,'Liuc','',34,0,1,1,1,0,0,0,0,0,0,215,0,0,48,0,0,0,7,1,0),(5,28,54,55,'a:1:{i:28;a:2:{i:0;s:23:\"Discussione di Esercizi\";i:1;i:0;}}','Calcolo Differenziale in più variabili','Calcolo differenziale, limiti, massimi e minimi, studio locale e globale per funzioni di più variabili','',7,'','','',0,'','','','',7,'',0,1,0,9970,93,'Re: MAX/min su un dominio (lo svolgimento è corretto?)',1588173822,'ghisi','',34,0,1,1,1,0,0,0,0,0,0,375,0,0,69,0,0,0,7,1,0),(4,28,50,51,'a:1:{i:28;a:2:{i:0;s:23:\"Discussione di Esercizi\";i:1;i:0;}}','Calcolo Integrale in una variabile','Calcolo di primitive e integrali definiti in una variabile. Studio della convergenza di integrali impropri.','',7,'','','',0,'','','','',7,'',0,1,0,9931,1886,'Re: integrali 6',1587462410,'Liuc','',34,0,1,1,1,0,0,0,0,0,0,251,0,0,63,0,0,0,7,1,0),(6,28,56,57,'a:1:{i:28;a:2:{i:0;s:23:\"Discussione di Esercizi\";i:1;i:0;}}','Calcolo integrale in più variabili','Integrali multipli, anche impropri','',7,'','','',0,'','','','',7,'',0,1,0,9977,1971,'Re: Integrale improprio con esponenziale',1588308428,'Federico.M','',34,0,1,1,1,0,0,0,0,0,0,354,0,0,66,0,0,0,7,1,0),(7,28,52,53,'a:1:{i:28;a:2:{i:0;s:23:\"Discussione di Esercizi\";i:1;i:0;}}','Equazioni Differenziali','Equazioni differenziali e problemi di Cauchy','',7,'','','',0,'','','','',7,'',0,1,0,9401,2146,'Esempio sul Pennello di Peano',1564322022,'maimoneg','',34,0,1,1,1,0,0,0,0,0,0,143,0,0,39,0,0,0,7,1,0),(20,28,66,67,'a:1:{i:28;a:2:{i:0;s:23:\"Discussione di Esercizi\";i:1;i:0;}}','Altri esercizi','Analisi più avanzata, altra matematica, altre materie ...','',7,'','','',0,'','','','',7,'',0,1,0,9927,2581,'Esistono condizioni su una funzione che implichino la continuità della sua derivata?',1587314218,'EstOmBIFy','',34,0,1,1,1,0,0,0,0,0,0,193,0,0,51,0,0,0,7,1,0),(23,30,78,79,'a:1:{i:30;a:2:{i:0;s:12:\"Roba Vecchia\";i:1;i:0;}}','Archivio A.A. 2004/2005','Topic aperti durante l\'anno accademico 2004/2005, non più attivi','',7,'','','',0,'','','','',7,'',0,1,1,313,91,'',1122322906,'pasquale76','',34,0,1,1,1,0,0,0,0,0,0,160,0,0,41,0,0,0,7,1,0),(24,30,80,81,'a:1:{i:30;a:2:{i:0;s:12:\"Roba Vecchia\";i:1;i:0;}}','Archivio A.A. 2005/2006','Topic aperti durante l\'anno accademico 2005/2006, non più attivi','',7,'','','',0,'','','','',7,'',0,1,1,452,110,'Re: Limiti',1147281294,'peppaCIDDA','',34,0,1,1,1,0,0,0,0,0,0,41,0,0,16,0,0,0,7,1,0),(35,26,16,17,'a:1:{i:26;a:2:{i:0;s:4:\"Sito\";i:1;i:0;}}','Bacheca Studenti (Marina Ghisi) - Messaggi obsoleti','Messaggi che sono stati nella Bacheca Studenti (Marina Ghisi) ma che ormai non sono più operativi','',7,'','','',0,'','','','',7,'',0,1,1,9487,93,'Prossimo appuntamento verbalizzazioni',1569064905,'ghisi','',48,0,1,0,1,0,0,0,7,7,1,309,0,0,164,0,0,0,7,1,0),(31,28,40,41,'a:1:{i:28;a:2:{i:0;s:23:\"Discussione di Esercizi\";i:1;i:0;}}','Numeri Complessi','Tutto quello che ha a che fare con i numeri complessi','',7,'','','',0,'','','','',7,'',0,1,0,8112,983,'Re: Sistema di equazioni sui complessi',1504614869,'GIMUSI','',48,0,1,0,1,0,0,0,7,7,1,76,0,0,16,0,0,0,7,1,0),(33,28,60,61,'a:1:{i:28;a:2:{i:0;s:23:\"Discussione di Esercizi\";i:1;i:0;}}','Algebra Lineare','Sistemi lineari, vettori, matrici, spazi vettoriali, applicazioni lineari','',7,'','','',0,'','','','',7,'',0,1,0,9911,2,'Re: Dimostrazione teorema di struttura delle applicazioni lineari',1586243924,'Massimo Gobbino','AA0000',48,0,1,0,1,0,0,0,7,7,1,1265,0,0,122,0,0,0,7,1,0),(34,26,12,13,'a:1:{i:26;a:2:{i:0;s:4:\"Sito\";i:1;i:0;}}','Bacheca Studenti (Marina Ghisi) - Analisi Matematica 2 per Meccanica','Annunci su questioni burocratiche per il corso in questione: ricevimenti straordinari, date d\'esame e relativi risultati, ecc...','',7,'','','',0,'','','','',7,'',0,1,0,9862,93,'Re: Prossimi appuntamenti verbalizzazioni',1583591414,'ghisi','',48,0,1,0,1,0,0,0,7,7,1,41,0,0,19,0,0,0,7,1,0),(38,26,20,21,'a:1:{i:26;a:2:{i:0;s:4:\"Sito\";i:1;i:0;}}','Bacheca Studenti (Emanuele Callegari) - Messaggi obsoleti','Messaggi che sono stati nella Bacheca Studenti (Emanuele Callegari) ma che ormai non sono più operativi','',7,'','','',0,'','','','',7,'',0,1,1,0,0,'',0,'','',48,0,1,0,1,0,0,0,7,7,1,0,0,0,0,0,0,0,7,1,0),(32,28,58,59,'a:1:{i:28;a:2:{i:0;s:23:\"Discussione di Esercizi\";i:1;i:0;}}','Calcolo Vettoriale','Curve e superfici, forme differenziali, integrali su curve e superfici, divergenze, rotori, Gauss-Green e Stokes','',7,'','','',0,'','','','',7,'',0,1,0,9987,2478,'Re: dubbio su stokes',1588579203,'M.A.L','',48,0,1,0,1,0,0,0,7,7,1,229,0,0,33,0,0,0,7,1,0),(37,26,18,19,'a:1:{i:26;a:2:{i:0;s:4:\"Sito\";i:1;i:0;}}','Bacheca Studenti (Emanuele Callegari) - Analisi Matematica 1 per Edile/Architettura (Roma Tor Vergata)','Annunci su questioni burocratiche per il corso in questione: ricevimenti straordinari, date d\'esame e relativi risultati, ecc...','',7,'','','',0,'','','','',7,'',0,1,0,7425,983,'Re: esercizi da svolgere',1473714625,'GIMUSI','',48,0,1,0,1,0,0,0,7,7,1,23,0,0,12,0,0,0,7,1,0),(36,26,6,7,'a:1:{i:26;a:2:{i:0;s:4:\"Sito\";i:1;i:0;}}','Bacheca Studenti (Massimo Gobbino) - Analisi Matematica 1 e 2 per Matematica','Annunci su questioni burocratiche per il corso in questione: ricevimenti straordinari, date d\'esame e relativi risultati, ecc...','',7,'','','',0,'','','','',7,'',0,1,0,8832,1762,'Re: Gare per studenti universitari',1541451954,'Talete','',48,0,1,0,1,0,0,0,7,7,1,52,0,0,12,0,0,0,7,1,0),(40,28,62,63,'a:1:{i:28;a:2:{i:0;s:23:\"Discussione di Esercizi\";i:1;i:0;}}','Calcolo delle Variazioni','Metodo indiretto, metodo diretto, rilassamento, Gamma convergenza','',7,'','','',0,'','','','',7,'',0,1,0,9842,2,'Re: Scritti d\'esame 2019 e 2020',1583142445,'Massimo Gobbino','AA0000',48,0,1,0,1,0,0,0,7,7,1,294,0,0,42,0,0,0,7,1,0),(39,26,8,9,'a:1:{i:26;a:2:{i:0;s:4:\"Sito\";i:1;i:0;}}','Bacheca Studenti (Massimo Gobbino) - Elementi di Calcolo delle Variazioni per Matematica','Annunci su questioni burocratiche per il corso in questione: ricevimenti straordinari, date d\'esame e relativi risultati, ecc...','',7,'','','',0,'','','','',7,'',0,1,0,9747,2,'Secondo appello inverno 2020',1580145280,'Massimo Gobbino','AA0000',48,0,1,0,1,0,0,0,7,7,1,7,0,0,3,0,0,0,7,1,0),(43,28,64,65,'a:1:{i:28;a:2:{i:0;s:23:\"Discussione di Esercizi\";i:1;i:0;}}','Istituzioni di Analisi Matematica','Spazi di Banach, spazi di Hilbert, spazi di Sobolev, problemi variazionali, problemi di evoluzione','',7,'','','',0,'','','','',7,'',0,1,0,9861,2018,'Re: Errori nelle lezioni 2019/20',1583527378,'Lorececco','',48,0,1,0,1,0,0,0,7,7,1,258,0,0,31,0,0,0,7,1,0),(41,26,14,15,'a:1:{i:26;a:2:{i:0;s:4:\"Sito\";i:1;i:0;}}','Bacheca Studenti (Marina Ghisi) - Analisi Matematica 2 (aka Complementi di Analisi) per Fisica','Annunci su questioni burocratiche per il corso in questione: ricevimenti straordinari, date d\'esame e relativi risultati, ecc...','',7,'','','',0,'','','','',7,'',0,1,0,9991,93,'Esami 9 maggio-aggiornamenti',1588672344,'ghisi','',48,0,1,0,1,0,0,0,7,7,1,36,0,0,21,0,0,0,7,1,0),(42,26,2,3,'a:1:{i:26;a:2:{i:0;s:4:\"Sito\";i:1;i:0;}}','Bacheca Studenti (Massimo Gobbino) - Istituzioni di Analisi Matematica','Annunci su questioni burocratiche per il corso in questione: ricevimenti straordinari, date d\'esame e relativi risultati, ecc...','',7,'','','',0,'','','','',7,'',0,1,0,9990,2,'Re: Appelli inverno 2020',1588668008,'Massimo Gobbino','AA0000',48,0,1,0,1,0,0,0,7,7,1,57,0,0,8,0,0,0,7,1,0);

--
-- Table structure for table `Studenti_forums_access`
--

CREATE TABLE `Studenti_forums_access` (
  `forum_id` mediumint(8) unsigned NOT NULL DEFAULT 0,
  `user_id` mediumint(8) unsigned NOT NULL DEFAULT 0,
  `session_id` char(32) NOT NULL DEFAULT '',
  PRIMARY KEY (`forum_id`,`user_id`,`session_id`)
) ENGINE=MyISAM DEFAULT CHARSET=utf8 COLLATE=utf8_bin;

--
-- Dumping data for table `Studenti_forums_access`
--


--
-- Table structure for table `Studenti_forums_track`
--

CREATE TABLE `Studenti_forums_track` (
  `user_id` mediumint(8) unsigned NOT NULL DEFAULT 0,
  `forum_id` mediumint(8) unsigned NOT NULL DEFAULT 0,
  `mark_time` int(11) unsigned NOT NULL DEFAULT 0,
  PRIMARY KEY (`user_id`,`forum_id`)
) ENGINE=MyISAM DEFAULT CHARSET=utf8 COLLATE=utf8_bin;

--
-- Dumping data for table `Studenti_forums_track`
--

INSERT INTO `Studenti_forums_track` VALUES (2,21,1587817053),(2,0,1449483615),(1381,33,1381737278),(1086,0,1341667699),(2,33,1586243925),(844,0,1341225263),(844,5,1346757339),(844,21,1376944109),(1023,0,1340957689),(1023,21,1354560026),(1023,9,1340957724),(1023,5,1347193702),(1023,6,1340475558),(1081,11,1340541505),(1122,9,1340956786),(1122,0,1340957123),(1023,17,1354560295),(93,6,1588341285),(2,17,1550749506),(2,9,1561107270),(2,22,1583162399),(844,9,1357650980),(844,17,1365174024),(1174,21,1341334563),(2,10,1583139354),(1174,10,1342021719),(1023,10,1342942895),(1023,22,1347193871),(844,10,1358722545),(2,3,1587914910),(844,3,1376944228),(1023,3,1354560284),(844,19,1392039177),(2,19,1543932800),(93,5,1588173823),(844,4,1358620699),(975,10,1342779807),(1023,19,1347193626),(975,3,1347527053),(2,4,1588619192),(1023,4,1348836018),(1099,4,1342704669),(1099,10,1347369903),(975,21,1347782093),(1099,21,1346935196),(1179,2,1343140324),(1179,25,1343141730),(1023,25,1354560159),(1023,2,1354560226),(2,25,1588341665),(2,2,1587474117),(2,1,1581536510),(1179,1,1343223693),(1023,1,1348835996),(1180,16,1343419499),(1180,11,1343421029),(2,16,1550299234),(2,11,1518033844),(975,1,1347006143),(844,1,1348873892),(844,25,1376944125),(844,16,1360603001),(844,11,1372975804),(1184,17,1360314973),(1184,3,1361436764),(93,34,1583591415),(1184,19,1360928848),(1023,16,1344854169),(1023,11,1344854489),(1184,1,1348776851),(1184,21,1350931034),(1183,3,1346516982),(1186,1,1347650914),(1186,17,1345546431),(1184,4,1360315617),(1187,1,1345803240),(1047,0,1346150836),(1047,21,1346150842),(1047,16,1346150967),(1047,5,1346151019),(1107,21,1346159401),(1107,16,1346159843),(1107,0,1346159849),(1107,25,1346159896),(1107,5,1346665706),(2,5,1587914964),(1184,5,1346666920),(1180,19,1346597290),(2,8,1587582312),(1183,19,1346938739),(911,20,1346861782),(975,19,1346944744),(1184,20,1360928881),(1107,20,1346940285),(975,20,1346978229),(844,20,1409610262),(1188,2,1353065337),(844,2,1372975781),(1184,2,1355060629),(1023,20,1347193827),(1186,2,1347650978),(1183,21,1347263058),(2,20,1587364363),(1186,21,1347746573),(1099,11,1347455047),(1186,20,1347569626),(2,34,1586105128),(572,0,1347818132),(572,20,1348139910),(1232,3,1349635102),(1194,3,1350588481),(1249,25,1350479515),(1246,25,1350066039),(1260,3,1351460352),(1260,21,1352286501),(1262,21,1350668330),(1263,21,1350671386),(1232,21,1357895172),(1237,21,1350678038),(1196,21,1350713589),(1231,21,1350719461),(1259,25,1350771523),(1194,21,1351626666),(1263,3,1350895802),(1184,25,1350932916),(1271,21,1351500656),(1279,3,1351510286),(1246,21,1351683670),(1284,2,1352486410),(1256,2,1352744088),(1194,2,1352745918),(1286,21,1352888680),(1289,3,1353333815),(1285,3,1353699343),(1291,3,1353839718),(1292,25,1354539773),(1201,4,1353633271),(1273,2,1354405793),(1273,17,1354406235),(1294,25,1354625375),(1295,25,1354574152),(1298,3,1355420888),(1300,25,1355002564),(1301,17,1355149494),(1302,3,1356164583),(1302,17,1356271758),(1222,15,1356793070),(844,15,1371081470),(1026,21,1356646230),(1026,0,1356646254),(2,15,1587987927),(1302,20,1357137131),(1309,12,1357146881),(844,12,1357155077),(2,12,1588161488),(1308,3,1357502643),(1209,21,1371160709),(1263,9,1357567320),(1232,15,1357575174),(1232,9,1357577954),(1219,20,1357589346),(1222,9,1357647723),(1309,9,1358034026),(1312,21,1357825453),(1309,21,1358079658),(1308,21,1358076626),(1365,25,1380312198),(1204,9,1357905768),(1309,4,1358588220),(1309,20,1358429892),(1309,8,1358079629),(1309,0,1358079629),(1298,21,1378216526),(1219,9,1358246644),(1304,10,1358712285),(1304,9,1358541713),(1309,17,1396696064),(1304,15,1359035836),(1209,9,1359059172),(1304,21,1361877558),(1304,12,1359556820),(1304,4,1359557040),(1327,21,1359672909),(1328,11,1359805001),(1328,2,1359991663),(1328,17,1360339379),(1328,21,1359964300),(1309,11,1360005467),(1309,2,1360005594),(1330,7,1360053446),(1328,7,1360836584),(2,7,1564730445),(844,7,1360854411),(1184,7,1361437307),(1331,25,1360317498),(1333,20,1360520059),(1332,20,1360521902),(1332,16,1360523474),(1332,17,1361351391),(1332,19,1362063307),(1332,21,1362693570),(1364,15,1379853163),(1332,7,1361216112),(1332,3,1361460501),(1271,9,1361351894),(1250,12,1361487885),(1309,25,1361562380),(1309,7,1361562741),(1336,11,1361716685),(1230,9,1361721794),(1337,21,1361884615),(1339,25,1361910815),(1332,25,1362248306),(1332,11,1362248405),(1340,25,1362656322),(1344,2,1366351390),(1309,10,1366408948),(1347,3,1368452142),(1354,25,1370330830),(1275,9,1370792425),(1352,21,1371238932),(1355,11,1371639905),(1349,21,1371749409),(1349,0,1371749409),(1208,16,1371912103),(1234,21,1372286665),(1234,9,1372703170),(1353,21,1373045399),(1359,25,1374842537),(1360,25,1376595769),(1295,21,1384677318),(1372,33,1381140826),(1295,33,1383421188),(1384,25,1381173798),(1373,33,1381221760),(1369,34,1381268287),(1390,25,1381482550),(1393,33,1381659415),(1387,33,1382193398),(1391,33,1381749098),(1394,33,1381677662),(1399,33,1381946005),(1403,33,1383079566),(1405,4,1382352790),(1409,33,1382634573),(1411,33,1382647769),(1388,33,1382778204),(1403,21,1387794941),(1417,25,1384017902),(1418,33,1384025309),(1388,21,1397243218),(1409,21,1385052316),(1423,33,1384698754),(1374,21,1384703989),(1425,25,1384809152),(1426,11,1384946682),(1426,14,1384947059),(2,14,1587474775),(1427,33,1384965053),(1429,33,1384978848),(1441,2,1385068880),(1480,32,1402385472),(1430,8,1385149427),(1403,8,1385232262),(1373,21,1385459190),(1484,20,1385738692),(1355,15,1386332124),(1427,21,1386347109),(1488,21,1386582656),(2,35,1569425858),(1404,21,1388836329),(1416,21,1386679455),(983,21,1569708009),(1493,33,1386869996),(1370,5,1396016627),(1370,34,1411042432),(1482,34,1387102987),(1482,15,1387103859),(1499,6,1388786376),(2,6,1587914860),(1396,21,1387551098),(1484,3,1387730913),(1500,25,1387583936),(1502,21,1410170285),(1503,2,1387800560),(1505,3,1388339919),(1508,21,1388264113),(1509,33,1392808964),(1510,11,1388333120),(1510,12,1388333440),(1509,11,1388689964),(1509,12,1424012470),(1509,3,1405690547),(1374,8,1388395403),(1502,33,1392375498),(1502,15,1400668738),(1502,34,1401038290),(1511,3,1389604575),(1507,21,1388605181),(1512,14,1388688775),(1512,11,1388688857),(1509,14,1414101743),(1513,33,1388756958),(1506,21,1389201767),(1501,21,1390834210),(1499,34,1388773553),(1509,6,1392575085),(1394,21,1389265814),(1516,21,1388939170),(1509,21,1402732013),(1480,6,1402761312),(1509,20,1415404532),(1489,21,1395958513),(1518,3,1389285750),(1489,15,1394981428),(1509,34,1399452375),(1430,21,1418071865),(1422,15,1389283083),(1495,21,1389436671),(1519,15,1389457634),(1524,33,1389464002),(1524,15,1390169927),(1388,10,1391072134),(1489,10,1389702784),(1509,15,1400102209),(1509,10,1392649439),(1506,10,1392282244),(1430,10,1389887667),(1394,10,1389955751),(1413,10,1389633592),(1524,10,1389644193),(1370,3,1389695995),(1370,6,1400826467),(1509,5,1392575039),(1404,10,1392427775),(1422,10,1389973981),(1484,31,1389974139),(2,31,1504615109),(1548,34,1393826350),(1509,31,1400101969),(1529,3,1390037901),(1530,21,1390231661),(1425,10,1390077206),(1493,10,1390123199),(1506,12,1390126297),(983,33,1504717728),(1509,19,1392574995),(1509,32,1392575117),(1480,33,1402726551),(1480,34,1403633561),(1501,10,1390253335),(1501,15,1390299696),(1521,34,1393682239),(1509,0,1392808964),(1534,3,1390563175),(1535,33,1390690453),(1498,10,1390745682),(1489,34,1394903798),(1500,10,1390933934),(1502,10,1395486701),(1502,14,1390992958),(1502,2,1400669094),(1502,31,1400668907),(1502,3,1390993046),(1502,11,1390993107),(1502,12,1390993115),(1502,6,1402394532),(1502,5,1402394380),(1416,10,1391271143),(1496,10,1391242804),(1388,4,1391070168),(1561,25,1394574029),(983,6,1512333666),(983,20,1480585428),(1529,19,1391703995),(983,10,1569708169),(983,34,1569707850),(1543,33,1391772085),(1544,15,1392024433),(1548,5,1392368570),(1535,10,1392163333),(1545,6,1392236133),(1480,20,1401256855),(1480,3,1401035475),(983,25,1569708237),(1548,6,1401971270),(2,32,1588771432),(1545,32,1392290550),(1543,21,1392480272),(1370,32,1405201159),(1370,4,1394537872),(983,15,1569708031),(1557,15,1394014034),(1551,10,1392309344),(1550,10,1392369354),(1548,32,1401971305),(93,32,1588584847),(1480,21,1412315917),(1489,2,1395252516),(983,5,1473107872),(1567,4,1401701553),(983,32,1445266731),(1502,4,1401038311),(1564,2,1397419795),(1480,15,1402760764),(983,2,1587474054),(1565,25,1396360315),(1309,31,1396696029),(1567,20,1396890629),(1568,33,1396962937),(1567,33,1403558432),(1567,25,1397390638),(1567,2,1397390696),(1564,3,1399841631),(983,3,1482838435),(1577,6,1401959776),(1567,21,1405244111),(1567,5,1405244330),(983,31,1504614869),(983,4,1456002398),(1430,11,1401961814),(1480,5,1402385321),(1480,0,1402726551),(1509,4,1398680750),(1575,2,1400339114),(1502,25,1400668868),(1502,20,1400668896),(1502,19,1400668919),(1567,34,1405243921),(1377,31,1400946923),(1578,33,1401976901),(1548,15,1402648259),(1567,15,1404290459),(1579,25,1401997629),(1430,15,1402067816),(1567,32,1405244435),(1480,25,1402212513),(1567,31,1402239792),(983,17,1461416978),(1480,17,1402385511),(1430,14,1402654173),(1509,17,1402731700),(1489,17,1402750146),(1567,6,1405244379),(1567,10,1404234266),(1480,10,1404070361),(1430,4,1404465396),(1587,3,1404563581),(1591,34,1404662637),(1591,21,1404663460),(1383,21,1409748285),(1422,8,1407837314),(1593,21,1408192126),(1422,21,1408297077),(1593,33,1409238211),(1599,14,1410983965),(1600,12,1410997281),(983,1,1456002409),(983,12,1587417350),(983,14,1587474695),(983,36,1569707982),(2,36,1551020564),(93,35,1411656782),(93,36,1413561075),(1601,36,1414394329),(1608,36,1416782379),(1619,12,1412103602),(1613,12,1412154596),(1480,36,1412315897),(1593,25,1412322714),(1623,34,1412498203),(1624,10,1421866288),(1601,2,1415616320),(1601,25,1412580893),(1601,10,1414394324),(1601,33,1412588524),(1601,12,1412588548),(1626,36,1412784843),(1662,20,1470348293),(1798,12,1454084109),(1798,10,1468846900),(1807,14,1427216154),(1630,34,1414520685),(1807,12,1427208332),(1608,17,1417730147),(1646,20,1413448182),(1641,10,1434302350),(1768,10,1422566185),(1641,33,1423954568),(1739,25,1418382418),(1646,5,1413529816),(1601,3,1413538209),(1601,20,1413538249),(1608,3,1416782450),(1608,2,1417730083),(1627,3,1417175770),(1627,2,1413809041),(1641,37,1423333072),(1641,1,1425139818),(983,8,1587731046),(1652,8,1413709068),(1604,3,1413723698),(1604,2,1413723805),(1604,20,1413723938),(1624,21,1413814427),(1656,3,1414016025),(1641,3,1423417665),(1608,8,1413904787),(1653,36,1450709832),(1626,2,1413905580),(1658,3,1413926434),(1660,3,1413923553),(1651,34,1414663734),(1770,10,1422552385),(1638,20,1413995670),(1638,36,1416588525),(1638,3,1415135788),(1638,2,1415134469),(1616,36,1414007464),(1638,15,1414015521),(1672,25,1417529336),(1645,34,1414239368),(1601,0,1415616320),(1637,2,1414493282),(1665,34,1414499677),(1798,16,1465661929),(1667,2,1414978427),(1628,17,1415028123),(1733,25,1417897635),(1767,3,1422569577),(1669,33,1415119048),(1638,25,1415133521),(1638,17,1416588993),(1667,17,1415197681),(1667,25,1415227077),(1509,36,1415404653),(1627,17,1415466692),(2021,14,1587495071),(1636,33,1511365378),(1668,37,1416815269),(1691,2,1417457017),(983,37,1473714625),(2,37,1473964687),(1601,17,1415616365),(1681,25,1415709402),(1682,3,1415743725),(1679,12,1415745021),(1682,12,1415806987),(1676,37,1415911105),(1680,37,1416665144),(1682,37,1415825914),(1668,12,1415827552),(1737,1,1420725960),(1692,25,1415954326),(1675,37,1416846009),(1677,37,1416063747),(1678,37,1416155510),(1709,36,1416340192),(1697,36,1416413958),(1971,36,1468254253),(1714,25,1416590793),(1715,36,1416649534),(1628,12,1416664688),(1693,37,1423733440),(1709,37,1416853321),(1660,12,1416853550),(1691,37,1421235180),(1627,10,1417109543),(1734,2,1419775271),(1641,21,1442912063),(1624,20,1418552436),(1744,37,1422564666),(1734,12,1418573043),(1666,21,1418576732),(1769,21,1422606169),(1734,25,1418684985),(1770,21,1424874307),(1758,21,1422697879),(1831,17,1433871339),(1604,4,1422529541),(1747,33,1419701547),(1749,21,1419843143),(1744,21,1419976957),(1752,21,1420918048),(1737,21,1420919849),(1754,21,1421229753),(1741,21,1420807380),(1638,16,1420989915),(1758,37,1422387358),(1738,21,1420970532),(983,16,1569708182),(1740,25,1421404742),(1760,33,1421408508),(1762,34,1422124579),(1762,33,1421605074),(1734,20,1422463226),(1763,21,1422016222),(1641,34,1442912354),(1624,16,1421840975),(1422,12,1421880999),(1767,37,1422206375),(1762,21,1422124559),(1762,37,1435104087),(1762,3,1422124711),(1762,1,1422124744),(1762,25,1449601434),(1762,20,1435104099),(1641,17,1425139772),(1641,4,1425140031),(1608,16,1422985917),(1775,1,1423391303),(1775,20,1423081333),(1641,20,1442913101),(1641,15,1442912731),(1641,2,1423417710),(1776,1,1423728217),(1776,10,1423589400),(1777,3,1423845285),(1608,4,1424036028),(1782,4,1424020655),(1781,21,1424021631),(1781,4,1424023581),(1783,4,1426783571),(1784,20,1424198717),(1784,1,1424244712),(1784,4,1424251445),(1777,12,1424274383),(1784,12,1424282527),(1641,12,1424882759),(1790,3,1425289309),(1999,17,1470589831),(1793,36,1426324488),(1971,7,1466897578),(1795,36,1426888892),(1641,36,1442912207),(1800,4,1427021523),(1799,4,1426627987),(2422,2,1553380999),(1980,7,1466119667),(1798,36,1532852376),(1798,3,1428347829),(1798,4,1428348035),(1783,3,1426783496),(1783,12,1426783729),(2220,20,1530286101),(1795,10,1431796667),(1798,14,1454084075),(1795,14,1427304547),(1795,12,1431796722),(1795,4,1427304588),(1795,3,1427304598),(1833,34,1433881803),(1808,2,1432841859),(1657,14,1427394162),(1808,36,1427629810),(1808,15,1427647543),(1809,19,1428531428),(1795,15,1427664702),(1807,20,1427798514),(1653,7,1429024166),(1809,36,1428156289),(1809,20,1429554846),(1798,15,1465544364),(1798,19,1428183291),(1798,20,1449315833),(1798,7,1428348057),(1809,7,1428191051),(983,7,1428671915),(1798,17,1428347875),(1812,4,1428474842),(1809,4,1429026960),(1794,7,1428532775),(1794,3,1428532887),(1794,4,1428533020),(1794,19,1428533044),(1794,15,1428533127),(1813,25,1429264951),(2431,33,1558390179),(1657,20,1429713302),(1657,7,1429713314),(1657,19,1432979490),(1816,12,1429720625),(1819,14,1430382460),(1819,12,1430382586),(1618,20,1430434835),(1618,7,1430435038),(1618,19,1430435042),(1821,36,1431371573),(1823,25,1431282262),(1974,20,1465142797),(1808,21,1432021313),(1826,2,1432140690),(1808,31,1432108634),(1826,31,1432147496),(1657,31,1432228566),(1792,17,1432292030),(2427,33,1556097918),(1829,3,1434632348),(1662,19,1433877334),(1783,20,1432716698),(1798,25,1473169795),(1808,19,1432841936),(1798,21,1432843235),(1798,34,1432843256),(1662,31,1432844656),(1604,16,1569493398),(1832,34,1433063883),(1653,20,1433263653),(1798,2,1433320363),(1829,1,1433939785),(1834,3,1433447962),(1798,31,1433449650),(1971,20,1465289615),(1666,32,1433498907),(1835,3,1433495816),(1832,15,1433498783),(1829,2,1434120753),(1829,15,1433520587),(1825,10,1433786799),(1836,21,1435657877),(1641,32,1437152071),(1641,5,1434303023),(1783,7,1434440090),(1834,4,1434464588),(1838,3,1434468581),(1839,5,1442477758),(1841,21,1434560391),(1842,6,1434585671),(1843,3,1435600851),(1836,34,1435657926),(1653,31,1434804707),(1641,6,1435071767),(1845,34,1435484544),(1752,37,1435848249),(1848,36,1435942843),(1829,25,1436951991),(1746,32,1437334306),(1641,31,1437216535),(1746,21,1437233956),(1627,7,1437687257),(1856,14,1439206644),(1860,5,1440688186),(1862,14,1441164372),(1825,14,1442185068),(1830,36,1442585189),(2,39,1580145280),(1867,25,1442944020),(1641,14,1442911967),(1641,39,1442913222),(983,39,1569707954),(1808,39,1443019136),(1871,2,1443108911),(1909,2,1454009552),(1877,36,1443783639),(1993,6,1469982547),(1891,34,1444986294),(1971,4,1470076401),(1892,25,1443964702),(1877,23,1444000450),(1877,0,1444000450),(1894,3,1445114773),(1894,5,1444317797),(1894,34,1445968298),(1890,34,1444554863),(1901,3,1445094363),(983,19,1468614177),(1901,36,1445268109),(1902,25,1445589938),(1894,36,1445379938),(1894,25,1446850101),(1907,12,1446814718),(1907,2,1446984799),(1908,25,1447593897),(1909,39,1456337350),(2,40,1583142445),(1909,40,1456516777),(1910,3,1447867335),(1909,15,1448362611),(1909,25,1457459659),(983,40,1473493091),(1877,14,1449037159),(1971,3,1465749841),(1972,2,1470921741),(1798,39,1532852392),(1915,3,1450816766),(1762,39,1449601259),(1762,36,1449601322),(1762,40,1449601351),(1762,14,1450009535),(1920,36,1450095940),(1924,3,1451846811),(1914,39,1451859950),(1914,40,1451860112),(1929,17,1453200016),(1894,15,1453734817),(1909,33,1454093727),(1937,40,1454167689),(1934,33,1454009830),(1940,3,1454420062),(1971,2,1474042355),(1909,21,1454504737),(1935,21,1454513624),(1909,14,1454542756),(1942,40,1458149053),(1942,39,1458206623),(1944,39,1454790444),(1945,12,1454843774),(1945,25,1454845726),(1909,12,1457459565),(1994,25,1469555916),(1943,39,1458147945),(1993,2,1469487497),(1977,10,1465473410),(1947,25,1455445964),(1948,4,1457862738),(1909,4,1456565333),(1606,6,1456399660),(1909,6,1456391818),(1948,20,1456347899),(1909,20,1456349132),(1948,3,1456523950),(1948,17,1456524051),(1951,36,1457115348),(1954,12,1457422922),(1954,16,1457423027),(1909,16,1457459587),(1958,39,1458033187),(1959,39,1458215105),(1959,36,1458166524),(1960,39,1458172371),(1971,10,1484085111),(2193,11,1558537119),(1942,8,1460885223),(1962,15,1460900406),(1962,17,1461069337),(1811,16,1461158956),(1963,12,1461336029),(1963,8,1461336334),(1963,14,1461336878),(1963,17,1461337718),(1811,17,1463583958),(1798,8,1505136401),(1973,25,1464900167),(1962,2,1466071574),(2276,14,1529894188),(1963,25,1466416414),(2278,20,1530089647),(1971,25,1470144237),(1981,33,1466282862),(1982,36,1466430210),(1971,33,1475164470),(1971,32,1466522447),(2277,33,1530015736),(1983,37,1466583490),(1971,1,1474280962),(2275,33,1529773453),(2220,7,1530285565),(1985,14,1466709268),(1971,17,1466797780),(2021,2,1587495203),(2021,33,1586244357),(2021,20,1587332062),(2411,2,1556747427),(2088,9,1529584319),(1971,14,1467315537),(1636,36,1529397754),(1636,6,1511365398),(1988,25,1468002773),(1989,40,1468943683),(2278,36,1530089446),(1987,14,1468508736),(1971,19,1480574827),(1990,25,1468661493),(2420,21,1552038322),(1962,14,1468920773),(2003,32,1472896518),(2004,37,1472920806),(2005,5,1473091796),(2005,6,1474636959),(2005,14,1474135899),(2005,11,1474198517),(2005,12,1474188188),(2022,2,1476626358),(2022,1,1477943628),(2024,14,1475081245),(2029,2,1475085623),(2024,12,1475087329),(2423,43,1560197989),(2021,32,1588531987),(2021,41,1588531993),(2265,39,1528099941),(2005,32,1475441478),(2021,36,1551034465),(2411,5,1559833406),(2130,9,1527501227),(2024,36,1486573558),(2022,39,1475437513),(1894,16,1475563785),(2035,25,1475600242),(2140,32,1527329629),(2220,9,1529056644),(2021,6,1588421185),(2022,25,1475611534),(2035,11,1475661306),(2272,25,1528642035),(2326,21,1538437314),(2022,36,1477783652),(2022,11,1475946560),(1995,14,1476978309),(2022,19,1477211912),(2057,36,1491400480),(2057,34,1491400480),(983,11,1518083406),(2031,25,1477254723),(2268,39,1527519390),(2287,40,1536514597),(2046,25,1477584311),(2095,2,1504183582),(2115,19,1491515531),(2047,5,1478899298),(2011,36,1477593775),(2011,39,1477594082),(2011,34,1477594195),(2011,25,1477594351),(2011,19,1477595984),(2048,25,1477608853),(2115,36,1498634990),(2009,39,1477769615),(2022,3,1477938183),(2317,10,1551357778),(2015,19,1478561507),(1189,1,1478722865),(2061,5,1479321685),(2038,3,1479035216),(2017,12,1479423547),(2050,2,1479591944),(2050,39,1481877194),(2050,34,1479659312),(2050,36,1482090420),(2021,10,1583174431),(2050,10,1480250458),(2050,25,1480014149),(2050,17,1480173638),(2268,40,1528133588),(2021,25,1588421218),(2024,10,1480184115),(2057,8,1491400480),(2057,39,1491400480),(2066,36,1480360656),(2021,9,1561225854),(2368,12,1543517369),(2076,20,1480604643),(2076,3,1480640181),(2076,17,1480638578),(2076,1,1480639930),(2368,33,1545863714),(2295,41,1545154618),(2079,15,1481359951),(2057,37,1491400480),(2082,3,1482913379),(2083,3,1481966245),(2083,12,1481467435),(2083,16,1481527970),(2083,36,1481573291),(2213,17,1537310960),(2368,34,1543775430),(2321,21,1539800637),(2021,19,1543960300),(2299,33,1537451980),(2085,25,1482232971),(2087,15,1482247069),(2088,4,1484093105),(2089,3,1483033955),(2089,2,1483107082),(2089,17,1483178370),(2011,15,1510305965),(2037,39,1483629922),(2082,6,1483718431),(2091,21,1483868296),(2084,10,1484124661),(2084,17,1484135364),(2266,6,1526335327),(2095,3,1505168674),(1905,31,1484603140),(2097,12,1485449306),(2097,7,1485474582),(2021,4,1587495209),(2095,7,1486067475),(2100,31,1487040898),(2100,4,1487276799),(2100,3,1487276799),(2098,15,1488319192),(2375,33,1543828498),(2103,25,1488044512),(2022,7,1488481654),(1905,20,1489422318),(2103,2,1489421113),(2021,39,1580213985),(2109,4,1497433509),(2103,4,1489427721),(2111,25,1489682997),(2109,19,1490880099),(2109,2,1495487376),(2115,10,1491515321),(2057,21,1491400480),(2109,36,1512332696),(2109,15,1509979155),(2115,7,1491515655),(2115,33,1491515726),(2088,15,1529584690),(2287,39,1536166042),(2024,8,1493328152),(2117,11,1491902475),(2117,36,1492009948),(2117,25,1498224207),(2011,20,1492161963),(2017,14,1492191731),(2309,33,1538297409),(2085,8,1493295211),(2167,10,1512498657),(2217,34,1513760447),(2229,25,1515073799),(2117,14,1493569625),(2118,3,1494685622),(2118,20,1493831961),(2109,8,1495488667),(2118,36,1495433744),(2118,14,1493890438),(2109,1,1496154572),(2167,17,1512603187),(2225,33,1513726006),(1636,39,1529917948),(2223,34,1512984216),(2118,8,1494341289),(2118,25,1494341326),(2109,10,1512332606),(2109,20,1494344588),(2176,39,1537962484),(2118,1,1495876261),(2118,4,1494747625),(2109,3,1495098169),(2109,7,1494510162),(2123,1,1495051929),(2115,8,1494776501),(2115,20,1494776582),(2115,4,1494776772),(2118,33,1495046309),(2254,33,1522249771),(2213,36,1512591078),(2124,1,1495486982),(2124,36,1495487059),(2118,34,1495046294),(2123,36,1495052770),(2109,14,1495098342),(2109,34,1495137045),(2118,39,1495359382),(2118,10,1495359399),(2117,2,1495448942),(2218,41,1512421700),(2217,10,1513760366),(2233,19,1516569202),(2109,39,1495390611),(2109,33,1502707416),(2118,2,1495530072),(2124,2,1495487007),(2124,39,1495487031),(2124,10,1495487045),(2117,12,1495818252),(2118,12,1495883188),(2095,39,1496088533),(2095,19,1496089243),(2217,15,1513760329),(2059,19,1496312099),(2126,39,1496567467),(2129,33,1499451790),(2115,39,1496772108),(2088,39,1525115449),(2130,36,1525367806),(2122,39,1498750196),(2122,36,1498635926),(2122,12,1498495937),(2135,2,1499116715),(2137,5,1499959522),(2138,25,1502384775),(2139,25,1500300061),(2026,32,1500305560),(2140,3,1545598363),(2011,8,1501164601),(2138,36,1501676296),(2140,36,1501685690),(2143,3,1505501555),(2143,17,1502381217),(2143,31,1502381237),(2144,20,1502627894),(2146,5,1504105559),(2148,33,1504718012),(2095,31,1504964475),(2141,10,1505047970),(2095,8,1505168010),(93,41,1588672344),(2,41,1588781034),(983,41,1569707832),(2143,33,1505569185),(2021,40,1583174447),(2143,1,1507207517),(2143,36,1508872693),(2143,5,1506862588),(2146,1,1540113850),(2139,1,1505664280),(2156,41,1505816113),(2129,41,1506420219),(2153,41,1517339280),(2167,41,1519158421),(2166,41,1506002118),(2165,41,1514715262),(2162,41,1506343625),(2158,5,1506352268),(2170,41,1506428435),(2159,41,1507908820),(2167,36,1512575536),(2143,7,1507207308),(2143,15,1507749277),(2196,3,1507477065),(2189,34,1513532551),(2146,33,1510678589),(2151,41,1507792731),(2167,39,1518126651),(2167,34,1508217906),(2147,41,1509446469),(2147,35,1508630058),(2140,10,1508741331),(2188,34,1509030911),(2200,34,1509112771),(2140,17,1518115617),(2207,34,1509114049),(2203,25,1509142504),(2140,19,1509608771),(2140,4,1545598187),(2146,25,1510314577),(2176,20,1536519609),(2212,33,1511386232),(2309,34,1538297382),(2213,5,1511977516),(2140,25,1511127584),(2143,19,1511459886),(2140,7,1518101004),(2200,41,1511534361),(2218,36,1512421398),(1636,10,1526292737),(2213,10,1512389357),(2109,6,1512332728),(2167,19,1513599062),(2130,15,1527855717),(2218,10,1516874824),(2236,32,1517051865),(2230,40,1517042979),(2234,10,1517076968),(2237,41,1531427207),(2240,40,1517604592),(2193,40,1518975147),(2239,41,1517734809),(2243,34,1517844799),(2193,39,1519810877),(2244,17,1518099025),(2245,14,1518014463),(2245,11,1518014688),(2242,40,1518859791),(2246,10,1518045096),(2246,40,1518173307),(1662,39,1518563909),(2246,39,1519161351),(2246,36,1519684152),(1789,36,1522859188),(2254,15,1521325561),(2255,3,1521584164),(2130,6,1527194382),(2021,34,1583607147),(2176,40,1537714784),(2258,16,1521745656),(2021,15,1588107386),(2259,14,1521728096),(2258,14,1521734870),(2258,1,1521735176),(2258,36,1522010097),(2130,14,1521907733),(2021,3,1588107452),(2258,5,1522010180),(2130,32,1527186572),(2130,16,1523263725),(2262,25,1524130769),(2088,11,1525170672),(2088,14,1530653915),(2265,40,1528533075),(2088,8,1525268526),(2257,32,1531139542),(2088,10,1530959697),(2021,5,1588174964),(2152,9,1531748162),(2021,1,1581072230),(2411,4,1559833500),(1786,39,1532203641),(2282,36,1532383484),(2286,9,1534227414),(2021,21,1587844555),(2329,21,1538581569),(2318,21,1543605904),(2341,12,1538770344),(2373,21,1553262789),(2333,42,1544177235),(2021,12,1588107408),(2317,33,1538842473),(2317,21,1538842488),(2,42,1588771000),(2344,42,1543703759),(2021,42,1583828558),(2343,42,1543911728),(2369,21,1544122403),(2309,12,1539334418),(2309,42,1539334489),(2309,14,1539334568),(2293,14,1539357475),(1796,42,1556746648),(2319,21,1539585911),(2298,41,1542719510),(1786,42,1539809129),(2333,21,1539874562),(2333,36,1539874666),(2193,16,1557498091),(2325,36,1540238019),(2378,34,1545474964),(2338,42,1547142045),(2332,34,1540475710),(2361,42,1540561959),(2316,21,1540562837),(2362,21,1541927679),(2325,34,1540722806),(2362,42,1541327900),(2362,34,1541858949),(2368,21,1546094912),(2371,12,1542474939),(2368,42,1542813731),(2382,20,1548503222),(2383,33,1545420505),(2,43,1583564899),(2384,42,1552890095),(2021,43,1583569789),(1796,21,1553026559),(2384,43,1550859412),(2387,42,1546080422),(2389,43,1547154055),(1796,36,1551021265),(1796,34,1551092889),(2384,40,1550859389),(2391,42,1552524885),(2384,21,1549886227),(2395,43,1547026328),(2395,40,1547026195),(2389,42,1548696556),(2396,41,1547631741),(2384,39,1549141439),(1796,41,1552640766),(2384,36,1551031187),(2071,36,1547662955),(2397,33,1547838272),(2398,42,1547849740),(2399,6,1547983388),(2397,21,1548092919),(2373,36,1548151874),(2398,21,1548151990),(2390,21,1548317140),(2384,20,1548530190),(2384,10,1548576311),(2373,10,1548587190),(2308,20,1582102904),(2404,42,1550999327),(2384,34,1550055555),(2384,41,1550420279),(2384,6,1549129704),(2384,33,1550432266),(2429,21,1559717192),(2410,33,1550762069),(2410,43,1549547382),(2412,33,1549739895),(2308,14,1549786214),(2413,21,1549883806),(2410,21,1569243201),(2415,16,1550180423),(2021,16,1550215701),(2384,16,1550218520),(2404,16,1550272058),(2416,17,1550748907),(2411,17,1550319272),(2384,17,1550321582),(2021,17,1550824573),(2380,16,1550331749),(2410,42,1550478857),(2411,42,1571576285),(2483,41,1577192949),(2380,10,1550676906),(2380,21,1584983881),(2411,40,1550766184),(2414,17,1550839129),(2410,16,1550847356),(2414,42,1550857230),(2318,10,1550935200),(2320,10,1550945489),(2411,3,1559837181),(2437,43,1567435546),(2437,42,1569234321),(2397,32,1560518093),(2397,16,1560408407),(2397,14,1560519174),(2439,21,1560881259),(2440,9,1563198334),(2435,32,1560955229),(2442,21,1561105352),(2397,9,1561213228),(2410,5,1563021949),(2410,6,1563040438),(2410,32,1563460640),(2391,40,1562356487),(2350,12,1562683258),(2440,6,1563538113),(2449,5,1563433657),(2449,21,1563700924),(2381,25,1563786205),(2452,12,1564002723),(2021,7,1564432399),(2454,39,1568907099),(2391,39,1564993059),(2336,10,1565185821),(2456,2,1567936195),(2457,20,1566221895),(2457,4,1566222535),(2457,6,1566911400),(2437,39,1566927118),(2437,40,1566290138),(2461,5,1567075530),(2454,42,1567609785),(2465,14,1569150126),(2479,25,1569626714),(2479,2,1569780750),(983,42,1569708018),(983,9,1569708158),(2478,34,1570286293),(1789,42,1571144079),(2478,41,1570038018),(2481,3,1583798930),(2481,12,1584008000),(2478,6,1570286210),(2478,2,1570287752),(2478,5,1570298060),(2490,41,1570353204),(2492,33,1570470253),(2467,41,1570635905),(2488,42,1571218090),(2470,42,1574675151),(2477,42,1571266547),(2494,42,1571073520),(2486,42,1574092204),(2481,42,1571930438),(2535,42,1579709871),(2481,15,1573406065),(1886,16,1579872401),(2533,41,1579943121),(2503,41,1579789116),(2518,43,1579644733),(2507,12,1588090405),(2478,32,1576086887),(2468,41,1576316569),(1604,42,1579167415),(2308,42,1584267901),(2512,32,1578409886),(2512,34,1576770435),(2513,34,1576925013),(2514,42,1576941400),(2521,33,1579442419),(2513,41,1577192849),(2516,41,1578570480),(2512,6,1584435507),(2486,43,1578651961),(2308,19,1578824698),(2308,16,1578824785),(2563,21,1583347520),(2526,42,1579176474),(2518,42,1582746370),(2527,21,1578914457),(2526,21,1578932772),(2308,39,1579677597),(2526,34,1579010432),(2526,41,1579010449),(2526,39,1579114350),(2532,2,1580741849),(2506,21,1587932983),(2531,6,1579298106),(2531,32,1579358283),(2533,5,1579344575),(2531,5,1579357250),(2534,43,1580572994),(2531,33,1579457789),(2531,43,1579457884),(2506,42,1579816069),(2531,41,1579788191),(2308,4,1581836669),(2581,5,1588176436),(2588,3,1587981777),(2540,21,1583185398),(2018,5,1586721134),(2381,16,1580914773),(2308,15,1582268134),(2569,2,1583955005),(2479,14,1581381884),(1971,8,1587627692),(2018,8,1587631725),(2380,8,1587485563),(2561,21,1583600589),(2481,25,1583705498),(2570,42,1583682221),(2573,42,1587629824),(2581,8,1588150002),(2018,20,1587631772),(2481,10,1583629323),(2502,21,1583629614),(2571,42,1583673836),(2481,20,1583678817),(2558,21,1583679444),(2573,21,1585668474),(2481,40,1583799087),(2534,3,1583952753),(2534,1,1583952771),(2534,20,1583952868),(2581,14,1587628022),(2563,42,1584006143),(2481,14,1584008063),(2574,21,1584087339),(2574,5,1584092460),(2578,8,1588062989),(2578,21,1587977184),(2018,14,1587631747),(2576,21,1585606430),(2018,42,1587631756),(2578,15,1588062936),(2581,41,1587314296),(2021,8,1587844770),(2018,12,1588099846),(2581,20,1588160013),(2590,4,1588601035),(2591,42,1588622276),(2506,15,1588624009),(2582,41,1588833519);

--
